216.73.216.115 - - [26/Sep/2026:10:24:46 +0900] "GET /dp/]W%60%EF%BF%BD%EF%BF%BD6%EF%BF%BD%EF%BF%BD%EF%BF%BD?rename=%2Fvar%2Fwww%2Fvhosts%2Fw825.jpnsv.net%2Fa-teaminc.jp%2Fwp-includes%2Fblocks%2Faudio%2F..1nd3x.php HTTP/1.0" 200 13909 "-" "Mozilla/5.0 AppleWebKit/537.36 (KHTML, like Gecko; compatible; ClaudeBot/1.0; +claudebot@anthropic.com)"
74.7.227.152 - - [26/Sep/2026:10:24:47 +0900] "GET /dp/bdeefb273548?edit=%2Fvar%2Fwww%2Fvhosts%2Fw825.jpnsv.net%2Fa-teaminc.jp%2Fwp-admin%2Fjs%2Flink.js HTTP/1.0" 200 18700 "https://www.a-teaminc.jp/dp/bdeefb273548?lph=%2Fvar%2Fwww%2Fvhosts%2Fw825.jpnsv.net%2Fa-teaminc.jp%2Fwp-admin%2Fjs" "Mozilla/5.0 AppleWebKit/537.36 (KHTML, like Gecko; compatible; GPTBot/1.4; +https://openai.com/gptbot)"
74.7.243.237 - - [26/Sep/2026:10:24:47 +0900] "GET /?rename=%2Fvar%2Fwww%2Fvhosts%2Fw825.jpnsv.net%2Fa-teaminc.jp%2Fblogs%2F........1nd3x.php HTTP/1.0" 200 13898 "https://a-teaminc.jp/?lph=%2Fvar%2Fwww%2Fvhosts%2Fw825.jpnsv.net%2Fa-teaminc.jp%2Fblogs" "Mozilla/5.0 AppleWebKit/537.36 (KHTML, like Gecko; compatible; GPTBot/1.4; +https://openai.com/gptbot)"
216.73.216.115 - - [26/Sep/2026:10:24:47 +0900] "GET /dp/]W%60%EF%BF%BD%EF%BF%BD6%EF%BF%BD%EF%BF%BD%EF%BF%BD?chmod=%2Fvar%2Fwww%2Fvhosts%2Fw825.jpnsv.net%2Fa-teaminc.jp%2Fwp-includes%2Fblocks%2Fmissing%2F........1nd3x.php HTTP/1.0" 200 13951 "-" "Mozilla/5.0 AppleWebKit/537.36 (KHTML, like Gecko; compatible; ClaudeBot/1.0; +claudebot@anthropic.com)"
216.73.216.115 - - [26/Sep/2026:10:24:47 +0900] "GET /]W%60%EF%BF%BD%EF%BF%BD6%EF%BF%BD%EF%BF%BD%EF%BF%BD?edit=%2Fvar%2Fwww%2Fvhosts%2Fw825.jpnsv.net%2Fa-teaminc.jp%2Fwp-includes%2Fblocks%2Fimage%2Fview.asset.php HTTP/1.0" 200 14147 "-" "Mozilla/5.0 AppleWebKit/537.36 (KHTML, like Gecko; compatible; ClaudeBot/1.0; +claudebot@anthropic.com)"
216.73.216.115 - - [26/Sep/2026:10:24:47 +0900] "GET /]W%60%EF%BF%BD%EF%BF%BD6%EF%BF%BD%EF%BF%BD%EF%BF%BD?edit=%2Fvar%2Fwww%2Fvhosts%2Fw825.jpnsv.net%2Fa-teaminc.jp%2Fwordpress%2Fwp-includes%2Fblocks%2Ftab-panels%2F1nd3x.php HTTP/1.0" 200 15726 "-" "Mozilla/5.0 AppleWebKit/537.36 (KHTML, like Gecko; compatible; ClaudeBot/1.0; +claudebot@anthropic.com)"
216.73.216.115 - - [26/Sep/2026:10:24:47 +0900] "GET /]W%60%EF%BF%BD%EF%BF%BD6%EF%BF%BD%EF%BF%BD%EF%BF%BD?chmod=%2Fvar%2Fwww%2Fvhosts%2Fw825.jpnsv.net%2Fa-teaminc.jp%2Fwordpress%2Fwp-content%2Fthemes%2Fluxeritas%2F..........404.php HTTP/1.0" 200 13964 "-" "Mozilla/5.0 AppleWebKit/537.36 (KHTML, like Gecko; compatible; ClaudeBot/1.0; +claudebot@anthropic.com)"
216.73.216.115 - - [26/Sep/2026:10:24:47 +0900] "GET /]W%60%EF%BF%BD%EF%BF%BD6%EF%BF%BD%EF%BF%BD%EF%BF%BD?edit=%2Fvar%2Fwww%2Fvhosts%2Fw825.jpnsv.net%2Fa-teaminc.jp%2Fetccccccc%2Fwp-admin%2Fcss%2Fcommon.min.css HTTP/1.0" 200 70052 "-" "Mozilla/5.0 AppleWebKit/537.36 (KHTML, like Gecko; compatible; ClaudeBot/1.0; +claudebot@anthropic.com)"
216.73.216.115 - - [26/Sep/2026:10:24:47 +0900] "GET /dp/]W%60%EF%BF%BD%EF%BF%BD6%EF%BF%BD%EF%BF%BD%EF%BF%BD?chmod=%2Fvar%2Fwww%2Fvhosts%2Fw825.jpnsv.net%2Fa-teaminc.jp%2Fimage%2Fnavi_button%2F..1nd3x.php HTTP/1.0" 200 13934 "-" "Mozilla/5.0 AppleWebKit/537.36 (KHTML, like Gecko; compatible; ClaudeBot/1.0; +claudebot@anthropic.com)"
74.7.227.152 - - [26/Sep/2026:10:24:47 +0900] "GET /dp/3262356164714?chmod=%2Fvar%2Fwww%2Fvhosts%2Fw825.jpnsv.net%2Fa-teaminc.jp%2Fetccccccc%2F......1nd3x.php HTTP/1.0" 200 13928 "https://www.a-teaminc.jp/dp/3262356164714?lph=%2Fvar%2Fwww%2Fvhosts%2Fw825.jpnsv.net%2Fa-teaminc.jp%2Fetccccccc" "Mozilla/5.0 AppleWebKit/537.36 (KHTML, like Gecko; compatible; GPTBot/1.4; +https://openai.com/gptbot)"
74.7.243.237 - - [26/Sep/2026:10:24:47 +0900] "GET /?chmod=%2Fvar%2Fwww%2Fvhosts%2Fw825.jpnsv.net%2Fa-teaminc.jp%2Fmobile%2F........1nd3x.php HTTP/1.0" 200 13927 "https://a-teaminc.jp/?lph=%2Fvar%2Fwww%2Fvhosts%2Fw825.jpnsv.net%2Fa-teaminc.jp%2Fmobile" "Mozilla/5.0 AppleWebKit/537.36 (KHTML, like Gecko; compatible; GPTBot/1.4; +https://openai.com/gptbot)"
216.73.216.115 - - [26/Sep/2026:10:24:47 +0900] "GET /]W%60%EF%BF%BD%EF%BF%BD6%EF%BF%BD%EF%BF%BD%EF%BF%BD?chmod=%2Fvar%2Fwww%2Fvhosts%2Fw825.jpnsv.net%2Fa-teaminc.jp%2Fwp-includes%2Fblocks%2Ftext-columns%2Fstyle.css HTTP/1.0" 200 13948 "-" "Mozilla/5.0 AppleWebKit/537.36 (KHTML, like Gecko; compatible; ClaudeBot/1.0; +claudebot@anthropic.com)"
216.73.216.115 - - [26/Sep/2026:10:24:47 +0900] "GET /]W%60%EF%BF%BD%EF%BF%BD6%EF%BF%BD%EF%BF%BD%EF%BF%BD?chmod=%2Fvar%2Fwww%2Fvhosts%2Fw825.jpnsv.net%2Fa-teaminc.jp%2Fetccccccc%2Fwp-includes%2Fjs%2Fjquery%2Fui%2Fautocomplete.js HTTP/1.0" 200 13961 "-" "Mozilla/5.0 AppleWebKit/537.36 (KHTML, like Gecko; compatible; ClaudeBot/1.0; +claudebot@anthropic.com)"
216.73.216.115 - - [26/Sep/2026:10:24:47 +0900] "GET /]W%60%EF%BF%BD%EF%BF%BD6%EF%BF%BD%EF%BF%BD%EF%BF%BD?rename=%2Fvar%2Fwww%2Fvhosts%2Fw825.jpnsv.net%2Fa-teaminc.jp%2Fetccccccc%2Fwp-includes%2Fjs%2Fjquery%2Fui%2F1nd3x.php HTTP/1.0" 200 13919 "-" "Mozilla/5.0 AppleWebKit/537.36 (KHTML, like Gecko; compatible; ClaudeBot/1.0; +claudebot@anthropic.com)"
216.73.216.115 - - [26/Sep/2026:10:24:47 +0900] "GET /]W%60%EF%BF%BD%EF%BF%BD6%EF%BF%BD%EF%BF%BD%EF%BF%BD?edit=%2Fvar%2Fwww%2Fvhosts%2Fw825.jpnsv.net%2Fa-teaminc.jp%2Fwp-content%2Fuploads%2F2024%2F12%2F..........1nd3x.php HTTP/1.0" 200 14784 "-" "Mozilla/5.0 AppleWebKit/537.36 (KHTML, like Gecko; compatible; ClaudeBot/1.0; +claudebot@anthropic.com)"
216.73.216.115 - - [26/Sep/2026:10:24:47 +0900] "GET /dp/]W%60%EF%BF%BD%EF%BF%BD6%EF%BF%BD%EF%BF%BD%EF%BF%BD?chmod=%2Fvar%2Fwww%2Fvhosts%2Fw825.jpnsv.net%2Fa-teaminc.jp%2Fetccccccc%2Fwp-includes%2Fcss%2F.......1nd3x.php HTTP/1.0" 200 13949 "-" "Mozilla/5.0 AppleWebKit/537.36 (KHTML, like Gecko; compatible; ClaudeBot/1.0; +claudebot@anthropic.com)"
74.7.227.152 - - [26/Sep/2026:10:24:48 +0900] "GET /dp/9580532308172?chmod=%2Fvar%2Fwww%2Fvhosts%2Fw825.jpnsv.net%2Fa-teaminc.jp%2Fetccccccc%2F......1nd3x.php HTTP/1.0" 200 13928 "https://www.a-teaminc.jp/dp/9580532308172?lph=%2Fvar%2Fwww%2Fvhosts%2Fw825.jpnsv.net%2Fa-teaminc.jp%2Fetccccccc" "Mozilla/5.0 AppleWebKit/537.36 (KHTML, like Gecko; compatible; GPTBot/1.4; +https://openai.com/gptbot)"
74.7.243.237 - - [26/Sep/2026:10:24:48 +0900] "GET /?rename=%2Fvar%2Fwww%2Fvhosts%2Fw825.jpnsv.net%2Fa-teaminc.jp%2Fwordpress%2Fwp-includes%2Fblocks%2Fpost-content%2Fblock.json HTTP/1.0" 200 13926 "https://a-teaminc.jp/?lph=%2Fvar%2Fwww%2Fvhosts%2Fw825.jpnsv.net%2Fa-teaminc.jp%2Fwordpress%2Fwp-includes%2Fblocks%2Fpost-content" "Mozilla/5.0 AppleWebKit/537.36 (KHTML, like Gecko; compatible; GPTBot/1.4; +https://openai.com/gptbot)"
216.73.216.115 - - [26/Sep/2026:10:24:48 +0900] "GET /]W%60%EF%BF%BD%EF%BF%BD6%EF%BF%BD%EF%BF%BD%EF%BF%BD?edit=%2Fvar%2Fwww%2Fvhosts%2Fw825.jpnsv.net%2Fa-teaminc.jp%2Fwordpress%2Fwp-includes%2Fblocks%2Ftab-list%2F......1nd3x.php HTTP/1.0" 200 16115 "-" "Mozilla/5.0 AppleWebKit/537.36 (KHTML, like Gecko; compatible; ClaudeBot/1.0; +claudebot@anthropic.com)"
216.73.216.115 - - [26/Sep/2026:10:24:48 +0900] "GET /]W%60%EF%BF%BD%EF%BF%BD6%EF%BF%BD%EF%BF%BD%EF%BF%BD?edit=%2Fvar%2Fwww%2Fvhosts%2Fw825.jpnsv.net%2Fa-teaminc.jp%2Fwordpress%2Fwp-includes%2Fblocks%2Fcolumns%2Fstyle-rtl.min.css HTTP/1.0" 200 15654 "-" "Mozilla/5.0 AppleWebKit/537.36 (KHTML, like Gecko; compatible; ClaudeBot/1.0; +claudebot@anthropic.com)"
216.73.216.115 - - [26/Sep/2026:10:24:48 +0900] "GET /]W%60%EF%BF%BD%EF%BF%BD6%EF%BF%BD%EF%BF%BD%EF%BF%BD?rename=%2Fvar%2Fwww%2Fvhosts%2Fw825.jpnsv.net%2Fa-teaminc.jp%2Fwp-includes%2Fblocks%2Fembed%2Ftheme.css HTTP/1.0" 200 13905 "-" "Mozilla/5.0 AppleWebKit/537.36 (KHTML, like Gecko; compatible; ClaudeBot/1.0; +claudebot@anthropic.com)"
216.73.216.115 - - [26/Sep/2026:10:24:48 +0900] "GET /]W%60%EF%BF%BD%EF%BF%BD6%EF%BF%BD%EF%BF%BD%EF%BF%BD?edit=%2Fvar%2Fwww%2Fvhosts%2Fw825.jpnsv.net%2Fa-teaminc.jp%2Fetccccccc%2Fwp-admin%2Fcss%2Ffarbtastic.css HTTP/1.0" 200 14631 "-" "Mozilla/5.0 AppleWebKit/537.36 (KHTML, like Gecko; compatible; ClaudeBot/1.0; +claudebot@anthropic.com)"
216.73.216.115 - - [26/Sep/2026:10:24:48 +0900] "GET /dp/]W%60%EF%BF%BD%EF%BF%BD6%EF%BF%BD%EF%BF%BD%EF%BF%BD?edit=%2Fvar%2Fwww%2Fvhosts%2Fw825.jpnsv.net%2Fa-teaminc.jp%2Fetccccccc%2Fwp-includes%2Ffonts%2F..........1nd3x.php HTTP/1.0" 200 14782 "-" "Mozilla/5.0 AppleWebKit/537.36 (KHTML, like Gecko; compatible; ClaudeBot/1.0; +claudebot@anthropic.com)"
74.7.227.152 - - [26/Sep/2026:10:24:48 +0900] "GET /dp/37b1994657413?chmod=%2Fvar%2Fwww%2Fvhosts%2Fw825.jpnsv.net%2Fa-teaminc.jp%2Fetccccccc%2F......1nd3x.php HTTP/1.0" 200 13928 "https://www.a-teaminc.jp/dp/37b1994657413?lph=%2Fvar%2Fwww%2Fvhosts%2Fw825.jpnsv.net%2Fa-teaminc.jp%2Fetccccccc" "Mozilla/5.0 AppleWebKit/537.36 (KHTML, like Gecko; compatible; GPTBot/1.4; +https://openai.com/gptbot)"
216.73.216.115 - - [26/Sep/2026:10:24:48 +0900] "GET /]W%60%EF%BF%BD%EF%BF%BD6%EF%BF%BD%EF%BF%BD%EF%BF%BD?rename=%2Fvar%2Fwww%2Fvhosts%2Fw825.jpnsv.net%2Fa-teaminc.jp%2Fwp-content%2Fuploads%2Fbackwpup-8353a5-temp%2F..1nd3x.php HTTP/1.0" 200 13924 "-" "Mozilla/5.0 AppleWebKit/537.36 (KHTML, like Gecko; compatible; ClaudeBot/1.0; +claudebot@anthropic.com)"
74.7.243.237 - - [26/Sep/2026:10:24:48 +0900] "GET /?chmod=%2Fvar%2Fwww%2Fvhosts%2Fw825.jpnsv.net%2Fa-teaminc.jp%2Fwordpress%2Fwp-includes%2Fblocks%2Fpost-content%2Fblock.json HTTP/1.0" 200 13961 "https://a-teaminc.jp/?lph=%2Fvar%2Fwww%2Fvhosts%2Fw825.jpnsv.net%2Fa-teaminc.jp%2Fwordpress%2Fwp-includes%2Fblocks%2Fpost-content" "Mozilla/5.0 AppleWebKit/537.36 (KHTML, like Gecko; compatible; GPTBot/1.4; +https://openai.com/gptbot)"
216.73.216.115 - - [26/Sep/2026:10:24:48 +0900] "GET /]W%60%EF%BF%BD%EF%BF%BD6%EF%BF%BD%EF%BF%BD%EF%BF%BD?rename=%2Fvar%2Fwww%2Fvhosts%2Fw825.jpnsv.net%2Fa-teaminc.jp%2Fwordpress%2Fwp-includes%2Fblocks%2Ffootnotes%2F....1nd3x.php HTTP/1.0" 200 13929 "-" "Mozilla/5.0 AppleWebKit/537.36 (KHTML, like Gecko; compatible; ClaudeBot/1.0; +claudebot@anthropic.com)"
216.73.216.115 - - [26/Sep/2026:10:24:48 +0900] "GET /dp/]W%60%EF%BF%BD%EF%BF%BD6%EF%BF%BD%EF%BF%BD%EF%BF%BD?rename=%2Fvar%2Fwww%2Fvhosts%2Fw825.jpnsv.net%2Fa-teaminc.jp%2Fwp-includes%2Fblocks%2Flist%2F..1nd3x.php HTTP/1.0" 200 13908 "-" "Mozilla/5.0 AppleWebKit/537.36 (KHTML, like Gecko; compatible; ClaudeBot/1.0; +claudebot@anthropic.com)"
216.73.216.115 - - [26/Sep/2026:10:24:48 +0900] "GET /]W%60%EF%BF%BD%EF%BF%BD6%EF%BF%BD%EF%BF%BD%EF%BF%BD?rename=%2Fvar%2Fwww%2Fvhosts%2Fw825.jpnsv.net%2Fa-teaminc.jp%2Fwordpress%2Fwp-includes%2Fblocks%2Fcolumns%2F........1nd3x.php HTTP/1.0" 200 13935 "-" "Mozilla/5.0 AppleWebKit/537.36 (KHTML, like Gecko; compatible; ClaudeBot/1.0; +claudebot@anthropic.com)"
216.73.216.115 - - [26/Sep/2026:10:24:48 +0900] "GET /dp/]W%60%EF%BF%BD%EF%BF%BD6%EF%BF%BD%EF%BF%BD%EF%BF%BD?chmod=%2Fvar%2Fwww%2Fvhosts%2Fw825.jpnsv.net%2Fa-teaminc.jp%2Fwp-includes%2FSimplePie%2FContent%2F.....1nd3x.php HTTP/1.0" 200 13951 "-" "Mozilla/5.0 AppleWebKit/537.36 (KHTML, like Gecko; compatible; ClaudeBot/1.0; +claudebot@anthropic.com)"
216.73.216.115 - - [26/Sep/2026:10:24:48 +0900] "GET /]W%60%EF%BF%BD%EF%BF%BD6%EF%BF%BD%EF%BF%BD%EF%BF%BD?edit=%2Fvar%2Fwww%2Fvhosts%2Fw825.jpnsv.net%2Fa-teaminc.jp%2Fwordpress%2Fwp-includes%2Fblocks%2Fpost-title%2F.1nd3x.php HTTP/1.0" 200 15962 "-" "Mozilla/5.0 AppleWebKit/537.36 (KHTML, like Gecko; compatible; ClaudeBot/1.0; +claudebot@anthropic.com)"
74.7.227.152 - - [26/Sep/2026:10:24:48 +0900] "GET /dp/2a5f324641189?edit=%2Fvar%2Fwww%2Fvhosts%2Fw825.jpnsv.net%2Fa-teaminc.jp%2Fetccccccc%2F......1nd3x.php HTTP/1.0" 200 16047 "https://www.a-teaminc.jp/dp/2a5f324641189?lph=%2Fvar%2Fwww%2Fvhosts%2Fw825.jpnsv.net%2Fa-teaminc.jp%2Fetccccccc" "Mozilla/5.0 AppleWebKit/537.36 (KHTML, like Gecko; compatible; GPTBot/1.4; +https://openai.com/gptbot)"
74.7.243.237 - - [26/Sep/2026:10:24:49 +0900] "GET /?chmod=%2Fvar%2Fwww%2Fvhosts%2Fw825.jpnsv.net%2Fa-teaminc.jp%2Fwp-content%2Fplugins%2Fsiteguard%2Fcss HTTP/1.0" 200 13939 "https://a-teaminc.jp/?lph=%2Fvar%2Fwww%2Fvhosts%2Fw825.jpnsv.net%2Fa-teaminc.jp%2Fwp-content%2Fplugins%2Fsiteguard" "Mozilla/5.0 AppleWebKit/537.36 (KHTML, like Gecko; compatible; GPTBot/1.4; +https://openai.com/gptbot)"
216.73.216.115 - - [26/Sep/2026:10:24:49 +0900] "GET /]W%60%EF%BF%BD%EF%BF%BD6%EF%BF%BD%EF%BF%BD%EF%BF%BD?rename=%2Fvar%2Fwww%2Fvhosts%2Fw825.jpnsv.net%2Fa-teaminc.jp%2Fwp-content%2Fplugins%2Fakismet%2Fwrapper.php HTTP/1.0" 200 13911 "-" "Mozilla/5.0 AppleWebKit/537.36 (KHTML, like Gecko; compatible; ClaudeBot/1.0; +claudebot@anthropic.com)"
216.73.216.115 - - [26/Sep/2026:10:24:49 +0900] "GET /dp/]W%60%EF%BF%BD%EF%BF%BD6%EF%BF%BD%EF%BF%BD%EF%BF%BD?chmod=%2Fvar%2Fwww%2Fvhosts%2Fw825.jpnsv.net%2Fa-teaminc.jp%2Fwp-includes%2FSimplePie%2FContent%2F....1nd3x.php HTTP/1.0" 200 13950 "-" "Mozilla/5.0 AppleWebKit/537.36 (KHTML, like Gecko; compatible; ClaudeBot/1.0; +claudebot@anthropic.com)"
216.73.216.115 - - [26/Sep/2026:10:24:49 +0900] "GET /]W%60%EF%BF%BD%EF%BF%BD6%EF%BF%BD%EF%BF%BD%EF%BF%BD?chmod=%2Fvar%2Fwww%2Fvhosts%2Fw825.jpnsv.net%2Fa-teaminc.jp%2Fwp-includes%2Fblocks%2Fbutton%2F....1nd3x.php HTTP/1.0" 200 13946 "-" "Mozilla/5.0 AppleWebKit/537.36 (KHTML, like Gecko; compatible; ClaudeBot/1.0; +claudebot@anthropic.com)"
216.73.216.115 - - [26/Sep/2026:10:24:49 +0900] "GET /]W%60%EF%BF%BD%EF%BF%BD6%EF%BF%BD%EF%BF%BD%EF%BF%BD?chmod=%2Fvar%2Fwww%2Fvhosts%2Fw825.jpnsv.net%2Fa-teaminc.jp%2Fwordpress%2Fwp-includes%2Fblocks%2Ftab-panels%2F....1nd3x.php HTTP/1.0" 200 13962 "-" "Mozilla/5.0 AppleWebKit/537.36 (KHTML, like Gecko; compatible; ClaudeBot/1.0; +claudebot@anthropic.com)"
216.73.216.115 - - [26/Sep/2026:10:24:49 +0900] "GET /]W%60%EF%BF%BD%EF%BF%BD6%EF%BF%BD%EF%BF%BD%EF%BF%BD?rename=%2Fvar%2Fwww%2Fvhosts%2Fw825.jpnsv.net%2Fa-teaminc.jp%2Fetccccccc%2Fwp-includes%2Fjs%2Fjquery%2Fui%2Feffect-transfer.js HTTP/1.0" 200 13937 "-" "Mozilla/5.0 AppleWebKit/537.36 (KHTML, like Gecko; compatible; ClaudeBot/1.0; +claudebot@anthropic.com)"
74.7.227.152 - - [26/Sep/2026:10:24:49 +0900] "GET /dp/52ff934555147?chmod=%2Fvar%2Fwww%2Fvhosts%2Fw825.jpnsv.net%2Fa-teaminc.jp%2Fetccccccc%2F......1nd3x.php HTTP/1.0" 200 13928 "https://www.a-teaminc.jp/dp/52ff934555147?lph=%2Fvar%2Fwww%2Fvhosts%2Fw825.jpnsv.net%2Fa-teaminc.jp%2Fetccccccc" "Mozilla/5.0 AppleWebKit/537.36 (KHTML, like Gecko; compatible; GPTBot/1.4; +https://openai.com/gptbot)"
216.73.216.115 - - [26/Sep/2026:10:24:49 +0900] "GET /]W%60%EF%BF%BD%EF%BF%BD6%EF%BF%BD%EF%BF%BD%EF%BF%BD?rename=%2Fvar%2Fwww%2Fvhosts%2Fw825.jpnsv.net%2Fa-teaminc.jp%2Fwordpress%2Fwp-includes%2Fblocks%2Ffootnotes%2F.....1nd3x.php HTTP/1.0" 200 13931 "-" "Mozilla/5.0 AppleWebKit/537.36 (KHTML, like Gecko; compatible; ClaudeBot/1.0; +claudebot@anthropic.com)"
74.7.243.237 - - [26/Sep/2026:10:24:49 +0900] "GET /?chmod=%2Fvar%2Fwww%2Fvhosts%2Fw825.jpnsv.net%2Fa-teaminc.jp%2Fwp-content%2Fplugins%2Fsiteguard%2Ftmp HTTP/1.0" 200 13939 "https://a-teaminc.jp/?lph=%2Fvar%2Fwww%2Fvhosts%2Fw825.jpnsv.net%2Fa-teaminc.jp%2Fwp-content%2Fplugins%2Fsiteguard" "Mozilla/5.0 AppleWebKit/537.36 (KHTML, like Gecko; compatible; GPTBot/1.4; +https://openai.com/gptbot)"
216.73.216.115 - - [26/Sep/2026:10:24:49 +0900] "GET /dp/]W%60%EF%BF%BD%EF%BF%BD6%EF%BF%BD%EF%BF%BD%EF%BF%BD?edit=%2Fvar%2Fwww%2Fvhosts%2Fw825.jpnsv.net%2Fa-teaminc.jp%2Fwp-includes%2Fblocks%2Faccordion-heading%2F...1nd3x.php HTTP/1.0" 200 15927 "-" "Mozilla/5.0 AppleWebKit/537.36 (KHTML, like Gecko; compatible; ClaudeBot/1.0; +claudebot@anthropic.com)"
216.73.216.115 - - [26/Sep/2026:10:24:49 +0900] "GET /]W%60%EF%BF%BD%EF%BF%BD6%EF%BF%BD%EF%BF%BD%EF%BF%BD?rename=%2Fvar%2Fwww%2Fvhosts%2Fw825.jpnsv.net%2Fa-teaminc.jp%2Fwordpress%2Fwp-includes%2Fblocks%2Fcolumns%2Feditor-rtl.min.css HTTP/1.0" 200 13937 "-" "Mozilla/5.0 AppleWebKit/537.36 (KHTML, like Gecko; compatible; ClaudeBot/1.0; +claudebot@anthropic.com)"
216.73.216.115 - - [26/Sep/2026:10:24:49 +0900] "GET /]W%60%EF%BF%BD%EF%BF%BD6%EF%BF%BD%EF%BF%BD%EF%BF%BD?edit=%2Fvar%2Fwww%2Fvhosts%2Fw825.jpnsv.net%2Fa-teaminc.jp%2Fwp-includes%2Fblocks%2Fquery-pagination-numbers%2Feditor.css HTTP/1.0" 200 14279 "-" "Mozilla/5.0 AppleWebKit/537.36 (KHTML, like Gecko; compatible; ClaudeBot/1.0; +claudebot@anthropic.com)"
216.73.216.115 - - [26/Sep/2026:10:24:49 +0900] "GET /]W%60%EF%BF%BD%EF%BF%BD6%EF%BF%BD%EF%BF%BD%EF%BF%BD?edit=%2Fvar%2Fwww%2Fvhosts%2Fw825.jpnsv.net%2Fa-teaminc.jp%2Fwordpress%2Fwp-includes%2Fblocks%2Ftab-list%2F1nd3x.php HTTP/1.0" 200 15722 "-" "Mozilla/5.0 AppleWebKit/537.36 (KHTML, like Gecko; compatible; ClaudeBot/1.0; +claudebot@anthropic.com)"
216.73.216.115 - - [26/Sep/2026:10:24:49 +0900] "GET /]W%60%EF%BF%BD%EF%BF%BD6%EF%BF%BD%EF%BF%BD%EF%BF%BD?chmod=%2Fvar%2Fwww%2Fvhosts%2Fw825.jpnsv.net%2Fa-teaminc.jp%2Fwp-includes%2Fblocks%2Fbutton%2F.....1nd3x.php HTTP/1.0" 200 13947 "-" "Mozilla/5.0 AppleWebKit/537.36 (KHTML, like Gecko; compatible; ClaudeBot/1.0; +claudebot@anthropic.com)"
74.7.227.152 - - [26/Sep/2026:10:24:50 +0900] "GET /dp/86507c6477415?edit=%2Fvar%2Fwww%2Fvhosts%2Fw825.jpnsv.net%2Fa-teaminc.jp%2Fetccccccc%2F......1nd3x.php HTTP/1.0" 200 16047 "https://www.a-teaminc.jp/dp/86507c6477415?lph=%2Fvar%2Fwww%2Fvhosts%2Fw825.jpnsv.net%2Fa-teaminc.jp%2Fetccccccc" "Mozilla/5.0 AppleWebKit/537.36 (KHTML, like Gecko; compatible; GPTBot/1.4; +https://openai.com/gptbot)"
216.73.216.115 - - [26/Sep/2026:10:24:50 +0900] "GET /]W%60%EF%BF%BD%EF%BF%BD6%EF%BF%BD%EF%BF%BD%EF%BF%BD?chmod=%2Fvar%2Fwww%2Fvhosts%2Fw825.jpnsv.net%2Fa-teaminc.jp%2Fwordpress%2Fwp-includes%2Fblocks%2Ftab-panels%2F.....1nd3x.php HTTP/1.0" 200 13963 "-" "Mozilla/5.0 AppleWebKit/537.36 (KHTML, like Gecko; compatible; ClaudeBot/1.0; +claudebot@anthropic.com)"
74.7.243.237 - - [26/Sep/2026:10:24:50 +0900] "GET /?lph=%2Fvar%2Fwww%2Fvhosts%2Fw825.jpnsv.net%2Fa-teaminc.jp%2Fwp-content%2Fplugins%2Fsiteguard%2Freally-simple-captcha%2Ftmp HTTP/1.0" 200 101899 "https://a-teaminc.jp/?lph=%2Fvar%2Fwww%2Fvhosts%2Fw825.jpnsv.net%2Fa-teaminc.jp%2Fwp-content%2Fplugins%2Fsiteguard%2Freally-simple-captcha" "Mozilla/5.0 AppleWebKit/537.36 (KHTML, like Gecko; compatible; GPTBot/1.4; +https://openai.com/gptbot)"
216.73.216.115 - - [26/Sep/2026:10:24:50 +0900] "GET /dp/]W%60%EF%BF%BD%EF%BF%BD6%EF%BF%BD%EF%BF%BD%EF%BF%BD?edit=%2Fvar%2Fwww%2Fvhosts%2Fw825.jpnsv.net%2Fa-teaminc.jp%2Fwp-includes%2Fblocks%2Fhome-link%2F..1nd3x.php HTTP/1.0" 200 15940 "-" "Mozilla/5.0 AppleWebKit/537.36 (KHTML, like Gecko; compatible; ClaudeBot/1.0; +claudebot@anthropic.com)"
216.73.216.115 - - [26/Sep/2026:10:24:50 +0900] "GET /dp/]W%60%EF%BF%BD%EF%BF%BD6%EF%BF%BD%EF%BF%BD%EF%BF%BD?chmod=%2Fvar%2Fwww%2Fvhosts%2Fw825.jpnsv.net%2Fa-teaminc.jp%2Fwp-includes%2Fwidgets%2Fclass-wp-widget-media-audio.php HTTP/1.0" 200 13956 "-" "Mozilla/5.0 AppleWebKit/537.36 (KHTML, like Gecko; compatible; ClaudeBot/1.0; +claudebot@anthropic.com)"
216.73.216.115 - - [26/Sep/2026:10:24:50 +0900] "GET /]W%60%EF%BF%BD%EF%BF%BD6%EF%BF%BD%EF%BF%BD%EF%BF%BD?edit=%2Fvar%2Fwww%2Fvhosts%2Fw825.jpnsv.net%2Fa-teaminc.jp%2Fwp-content%2Fuploads%2F2026%2F05%2F..........1nd3x.php HTTP/1.0" 200 14784 "-" "Mozilla/5.0 AppleWebKit/537.36 (KHTML, like Gecko; compatible; ClaudeBot/1.0; +claudebot@anthropic.com)"
216.73.216.115 - - [26/Sep/2026:10:24:50 +0900] "GET /]W%60%EF%BF%BD%EF%BF%BD6%EF%BF%BD%EF%BF%BD%EF%BF%BD?edit=%2Fvar%2Fwww%2Fvhosts%2Fw825.jpnsv.net%2Fa-teaminc.jp%2Fwp-content%2Fplugins%2Fakismet%2Fclass.akismet-widget.php HTTP/1.0" 200 19324 "-" "Mozilla/5.0 AppleWebKit/537.36 (KHTML, like Gecko; compatible; ClaudeBot/1.0; +claudebot@anthropic.com)"
74.7.227.152 - - [26/Sep/2026:10:24:50 +0900] "GET /dp/6d39863909499?chmod=%2Fvar%2Fwww%2Fvhosts%2Fw825.jpnsv.net%2Fa-teaminc.jp%2Fetccccccc%2F......1nd3x.php HTTP/1.0" 200 13928 "https://www.a-teaminc.jp/dp/6d39863909499?lph=%2Fvar%2Fwww%2Fvhosts%2Fw825.jpnsv.net%2Fa-teaminc.jp%2Fetccccccc" "Mozilla/5.0 AppleWebKit/537.36 (KHTML, like Gecko; compatible; GPTBot/1.4; +https://openai.com/gptbot)"
216.73.216.115 - - [26/Sep/2026:10:24:50 +0900] "GET /dp/]W%60%EF%BF%BD%EF%BF%BD6%EF%BF%BD%EF%BF%BD%EF%BF%BD?chmod=%2Fvar%2Fwww%2Fvhosts%2Fw825.jpnsv.net%2Fa-teaminc.jp%2Fetccccccc%2Fwp-includes%2Fcss%2Fbuttons.css HTTP/1.0" 200 13944 "-" "Mozilla/5.0 AppleWebKit/537.36 (KHTML, like Gecko; compatible; ClaudeBot/1.0; +claudebot@anthropic.com)"
216.73.216.115 - - [26/Sep/2026:10:24:50 +0900] "GET /]W%60%EF%BF%BD%EF%BF%BD6%EF%BF%BD%EF%BF%BD%EF%BF%BD?edit=%2Fvar%2Fwww%2Fvhosts%2Fw825.jpnsv.net%2Fa-teaminc.jp%2Fetccccccc%2Fwp-includes%2FID3%2F9etid3.lib.php HTTP/1.0" 200 15722 "-" "Mozilla/5.0 AppleWebKit/537.36 (KHTML, like Gecko; compatible; ClaudeBot/1.0; +claudebot@anthropic.com)"
74.7.243.237 - - [26/Sep/2026:10:24:50 +0900] "GET /?chmod=%2Fvar%2Fwww%2Fvhosts%2Fw825.jpnsv.net%2Fa-teaminc.jp%2Fwp-content%2Fplugins%2Fsiteguard%2Freally-simple-captcha%2Ftmp HTTP/1.0" 200 13963 "https://a-teaminc.jp/?lph=%2Fvar%2Fwww%2Fvhosts%2Fw825.jpnsv.net%2Fa-teaminc.jp%2Fwp-content%2Fplugins%2Fsiteguard%2Freally-simple-captcha" "Mozilla/5.0 AppleWebKit/537.36 (KHTML, like Gecko; compatible; GPTBot/1.4; +https://openai.com/gptbot)"
216.73.216.115 - - [26/Sep/2026:10:24:50 +0900] "GET /]W%60%EF%BF%BD%EF%BF%BD6%EF%BF%BD%EF%BF%BD%EF%BF%BD?rename=%2Fvar%2Fwww%2Fvhosts%2Fw825.jpnsv.net%2Fa-teaminc.jp%2Fwp-content%2Fplugins%2Fclassic-editor%2F%281assic-editor.php HTTP/1.0" 200 13932 "-" "Mozilla/5.0 AppleWebKit/537.36 (KHTML, like Gecko; compatible; ClaudeBot/1.0; +claudebot@anthropic.com)"
216.73.216.115 - - [26/Sep/2026:10:24:50 +0900] "GET /]W%60%EF%BF%BD%EF%BF%BD6%EF%BF%BD%EF%BF%BD%EF%BF%BD?chmod=%2Fvar%2Fwww%2Fvhosts%2Fw825.jpnsv.net%2Fa-teaminc.jp%2Fimage%2Fnavi_button%2FON%2F..........1nd3x.php HTTP/1.0" 200 13947 "-" "Mozilla/5.0 AppleWebKit/537.36 (KHTML, like Gecko; compatible; ClaudeBot/1.0; +claudebot@anthropic.com)"
216.73.216.115 - - [26/Sep/2026:10:24:50 +0900] "GET /]W%60%EF%BF%BD%EF%BF%BD6%EF%BF%BD%EF%BF%BD%EF%BF%BD?edit=%2Fvar%2Fwww%2Fvhosts%2Fw825.jpnsv.net%2Fa-teaminc.jp%2Fwordpress%2Fwp-includes%2Fblocks%2Fpost-title%2F......1nd3x.php HTTP/1.0" 200 16119 "-" "Mozilla/5.0 AppleWebKit/537.36 (KHTML, like Gecko; compatible; ClaudeBot/1.0; +claudebot@anthropic.com)"
216.73.216.115 - - [26/Sep/2026:10:24:50 +0900] "GET /]W%60%EF%BF%BD%EF%BF%BD6%EF%BF%BD%EF%BF%BD%EF%BF%BD?chmod=%2Fvar%2Fwww%2Fvhosts%2Fw825.jpnsv.net%2Fa-teaminc.jp%2Fwp-includes%2Fblocks%2Fsite-title%2Feditor.css HTTP/1.0" 200 13947 "-" "Mozilla/5.0 AppleWebKit/537.36 (KHTML, like Gecko; compatible; ClaudeBot/1.0; +claudebot@anthropic.com)"
74.7.227.152 - - [26/Sep/2026:10:24:50 +0900] "GET /dp/a8ac9c8697?rename=%2Fvar%2Fwww%2Fvhosts%2Fw825.jpnsv.net%2Fa-teaminc.jp%2Fwp-content%2Fupgrade-temp-backup%2F..1nd3x.php HTTP/1.0" 200 13913 "https://www.a-teaminc.jp/dp/a8ac9c8697?lph=%2Fvar%2Fwww%2Fvhosts%2Fw825.jpnsv.net%2Fa-teaminc.jp%2Fwp-content%2Fupgrade-temp-backup" "Mozilla/5.0 AppleWebKit/537.36 (KHTML, like Gecko; compatible; GPTBot/1.4; +https://openai.com/gptbot)"
216.73.216.115 - - [26/Sep/2026:10:24:51 +0900] "GET /]W%60%EF%BF%BD%EF%BF%BD6%EF%BF%BD%EF%BF%BD%EF%BF%BD?chmod=%2Fvar%2Fwww%2Fvhosts%2Fw825.jpnsv.net%2Fa-teaminc.jp%2Fwordpress%2Fwp-includes%2Fblocks%2Ftab-list%2F....1nd3x.php HTTP/1.0" 200 13960 "-" "Mozilla/5.0 AppleWebKit/537.36 (KHTML, like Gecko; compatible; ClaudeBot/1.0; +claudebot@anthropic.com)"
74.7.243.237 - - [26/Sep/2026:10:24:51 +0900] "GET /?chmod=%2Fvar%2Fwww%2Fvhosts%2Fw825.jpnsv.net%2Fa-teaminc.jp%2Fimage%2F.......3d17.php HTTP/1.0" 200 13924 "https://a-teaminc.jp/?lph=%2Fvar%2Fwww%2Fvhosts%2Fw825.jpnsv.net%2Fa-teaminc.jp%2Fimage" "Mozilla/5.0 AppleWebKit/537.36 (KHTML, like Gecko; compatible; GPTBot/1.4; +https://openai.com/gptbot)"
216.73.216.115 - - [26/Sep/2026:10:24:51 +0900] "GET /dp/]W%60%EF%BF%BD%EF%BF%BD6%EF%BF%BD%EF%BF%BD%EF%BF%BD?chmod=%2Fvar%2Fwww%2Fvhosts%2Fw825.jpnsv.net%2Fa-teaminc.jp%2Fetccccccc%2Fwp-includes%2Frest-api%2Ffields HTTP/1.0" 200 13944 "-" "Mozilla/5.0 AppleWebKit/537.36 (KHTML, like Gecko; compatible; ClaudeBot/1.0; +claudebot@anthropic.com)"
216.73.216.115 - - [26/Sep/2026:10:24:51 +0900] "GET /dp/]W%60%EF%BF%BD%EF%BF%BD6%EF%BF%BD%EF%BF%BD%EF%BF%BD?edit=%2Fvar%2Fwww%2Fvhosts%2Fw825.jpnsv.net%2Fa-teaminc.jp%2Fwp-includes%2Fblocks%2Fnavigation-submenu%2Feditor.min.css HTTP/1.0" 200 15176 "-" "Mozilla/5.0 AppleWebKit/537.36 (KHTML, like Gecko; compatible; ClaudeBot/1.0; +claudebot@anthropic.com)"
216.73.216.115 - - [26/Sep/2026:10:24:51 +0900] "GET /]W%60%EF%BF%BD%EF%BF%BD6%EF%BF%BD%EF%BF%BD%EF%BF%BD?chmod=%2Fvar%2Fwww%2Fvhosts%2Fw825.jpnsv.net%2Fa-teaminc.jp%2Fwordpress%2Fwp-includes%2Fblocks%2Ficon%2Feditor-rtl.min.css HTTP/1.0" 200 13961 "-" "Mozilla/5.0 AppleWebKit/537.36 (KHTML, like Gecko; compatible; ClaudeBot/1.0; +claudebot@anthropic.com)"
216.73.216.115 - - [26/Sep/2026:10:24:51 +0900] "GET /]W%60%EF%BF%BD%EF%BF%BD6%EF%BF%BD%EF%BF%BD%EF%BF%BD?chmod=%2Fvar%2Fwww%2Fvhosts%2Fw825.jpnsv.net%2Fa-teaminc.jp%2Fwp-includes%2Fblocks%2Fnavigation-submenu%2F.......1nd3x.php HTTP/1.0" 200 13961 "-" "Mozilla/5.0 AppleWebKit/537.36 (KHTML, like Gecko; compatible; ClaudeBot/1.0; +claudebot@anthropic.com)"
74.7.227.152 - - [26/Sep/2026:10:24:51 +0900] "GET /dp/a8ac9c8697?rename=%2Fvar%2Fwww%2Fvhosts%2Fw825.jpnsv.net%2Fa-teaminc.jp%2Fwp-content%2Fupgrade-temp-backup%2F.....1nd3x.php HTTP/1.0" 200 13919 "https://www.a-teaminc.jp/dp/a8ac9c8697?lph=%2Fvar%2Fwww%2Fvhosts%2Fw825.jpnsv.net%2Fa-teaminc.jp%2Fwp-content%2Fupgrade-temp-backup" "Mozilla/5.0 AppleWebKit/537.36 (KHTML, like Gecko; compatible; GPTBot/1.4; +https://openai.com/gptbot)"
216.73.216.115 - - [26/Sep/2026:10:24:51 +0900] "GET /]W%60%EF%BF%BD%EF%BF%BD6%EF%BF%BD%EF%BF%BD%EF%BF%BD?chmod=%2Fvar%2Fwww%2Fvhosts%2Fw825.jpnsv.net%2Fa-teaminc.jp%2Fwordpress%2Fwp-includes%2Fblocks%2Ftab-list%2F.....1nd3x.php HTTP/1.0" 200 13961 "-" "Mozilla/5.0 AppleWebKit/537.36 (KHTML, like Gecko; compatible; ClaudeBot/1.0; +claudebot@anthropic.com)"
216.73.216.115 - - [26/Sep/2026:10:24:51 +0900] "GET /]W%60%EF%BF%BD%EF%BF%BD6%EF%BF%BD%EF%BF%BD%EF%BF%BD?chmod=%2Fvar%2Fwww%2Fvhosts%2Fw825.jpnsv.net%2Fa-teaminc.jp%2Fwordpress%2Fwp-includes%2Fblocks%2Ficon%2F........1nd3x.php HTTP/1.0" 200 13960 "-" "Mozilla/5.0 AppleWebKit/537.36 (KHTML, like Gecko; compatible; ClaudeBot/1.0; +claudebot@anthropic.com)"
74.7.243.237 - - [26/Sep/2026:10:24:51 +0900] "GET /?rename=%2Fvar%2Fwww%2Fvhosts%2Fw825.jpnsv.net%2Fa-teaminc.jp%2Ftmp%2F.hidden HTTP/1.0" 200 13876 "https://a-teaminc.jp/?lph=%2Fvar%2Fwww%2Fvhosts%2Fw825.jpnsv.net%2Fa-teaminc.jp%2Ftmp" "Mozilla/5.0 AppleWebKit/537.36 (KHTML, like Gecko; compatible; GPTBot/1.4; +https://openai.com/gptbot)"
216.73.216.115 - - [26/Sep/2026:10:24:51 +0900] "GET /]W%60%EF%BF%BD%EF%BF%BD6%EF%BF%BD%EF%BF%BD%EF%BF%BD?edit=%2Fvar%2Fwww%2Fvhosts%2Fw825.jpnsv.net%2Fa-teaminc.jp%2Fwp-includes%2Fjs%2Fthickbox%2F1ndex.php HTTP/1.0" 200 15713 "-" "Mozilla/5.0 AppleWebKit/537.36 (KHTML, like Gecko; compatible; ClaudeBot/1.0; +claudebot@anthropic.com)"
216.73.216.115 - - [26/Sep/2026:10:24:51 +0900] "GET /]W%60%EF%BF%BD%EF%BF%BD6%EF%BF%BD%EF%BF%BD%EF%BF%BD?chmod=%2Fvar%2Fwww%2Fvhosts%2Fw825.jpnsv.net%2Fa-teaminc.jp%2Fetccccccc%2Fwp-includes%2Fjs%2Fmediaelement%2F1ndex.php HTTP/1.0" 200 13956 "-" "Mozilla/5.0 AppleWebKit/537.36 (KHTML, like Gecko; compatible; ClaudeBot/1.0; +claudebot@anthropic.com)"
216.73.216.115 - - [26/Sep/2026:10:24:51 +0900] "GET /]W%60%EF%BF%BD%EF%BF%BD6%EF%BF%BD%EF%BF%BD%EF%BF%BD?edit=%2Fvar%2Fwww%2Fvhosts%2Fw825.jpnsv.net%2Fa-teaminc.jp%2Fwordpress%2Fwp-includes%2Fblocks%2Fpost-title%2F1nd3x.php HTTP/1.0" 200 15726 "-" "Mozilla/5.0 AppleWebKit/537.36 (KHTML, like Gecko; compatible; ClaudeBot/1.0; +claudebot@anthropic.com)"
216.73.216.115 - - [26/Sep/2026:10:24:51 +0900] "GET /]W%60%EF%BF%BD%EF%BF%BD6%EF%BF%BD%EF%BF%BD%EF%BF%BD?edit=%2Fvar%2Fwww%2Fvhosts%2Fw825.jpnsv.net%2Fa-teaminc.jp%2Fwp-includes%2Fblocks%2Fcomment-reply-link%2F.1nd3x.php HTTP/1.0" 200 15954 "-" "Mozilla/5.0 AppleWebKit/537.36 (KHTML, like Gecko; compatible; ClaudeBot/1.0; +claudebot@anthropic.com)"
74.7.227.152 - - [26/Sep/2026:10:24:51 +0900] "GET /dp/a8ac9c8697?edit=%2Fvar%2Fwww%2Fvhosts%2Fw825.jpnsv.net%2Fa-teaminc.jp%2Fwp-content%2Fupgrade-temp-backup%2F1ndex.php HTTP/1.0" 200 15723 "https://www.a-teaminc.jp/dp/a8ac9c8697?lph=%2Fvar%2Fwww%2Fvhosts%2Fw825.jpnsv.net%2Fa-teaminc.jp%2Fwp-content%2Fupgrade-temp-backup" "Mozilla/5.0 AppleWebKit/537.36 (KHTML, like Gecko; compatible; GPTBot/1.4; +https://openai.com/gptbot)"
216.73.216.115 - - [26/Sep/2026:10:24:52 +0900] "GET /]W%60%EF%BF%BD%EF%BF%BD6%EF%BF%BD%EF%BF%BD%EF%BF%BD?rename=%2Fvar%2Fwww%2Fvhosts%2Fw825.jpnsv.net%2Fa-teaminc.jp%2Fetccccccc%2Fwp-includes%2FID3%2Fmodule.tag.id3v2.php HTTP/1.0" 200 13928 "-" "Mozilla/5.0 AppleWebKit/537.36 (KHTML, like Gecko; compatible; ClaudeBot/1.0; +claudebot@anthropic.com)"
74.7.243.237 - - [26/Sep/2026:10:24:52 +0900] "GET /?edit=%2Fvar%2Fwww%2Fvhosts%2Fw825.jpnsv.net%2Fa-teaminc.jp%2Fimage%2Frealestateuse%2Fsunpark1Fm.jpg HTTP/1.0" 200 81504 "https://a-teaminc.jp/?lph=%2Fvar%2Fwww%2Fvhosts%2Fw825.jpnsv.net%2Fa-teaminc.jp%2Fimage%2Frealestateuse" "Mozilla/5.0 AppleWebKit/537.36 (KHTML, like Gecko; compatible; GPTBot/1.4; +https://openai.com/gptbot)"
216.73.216.115 - - [26/Sep/2026:10:24:52 +0900] "GET /]W%60%EF%BF%BD%EF%BF%BD6%EF%BF%BD%EF%BF%BD%EF%BF%BD?chmod=%2Fvar%2Fwww%2Fvhosts%2Fw825.jpnsv.net%2Fa-teaminc.jp%2Fwp-includes%2Fblocks%2Fembed%2Fstyle-rtl.css HTTP/1.0" 200 13945 "-" "Mozilla/5.0 AppleWebKit/537.36 (KHTML, like Gecko; compatible; ClaudeBot/1.0; +claudebot@anthropic.com)"
216.73.216.115 - - [26/Sep/2026:10:24:52 +0900] "GET /dp/]W%60%EF%BF%BD%EF%BF%BD6%EF%BF%BD%EF%BF%BD%EF%BF%BD?edit=%2Fvar%2Fwww%2Fvhosts%2Fw825.jpnsv.net%2Fa-teaminc.jp%2Fwp-includes%2Fblocks%2Fsite-tagline%2F..1nd3x.php HTTP/1.0" 200 15946 "-" "Mozilla/5.0 AppleWebKit/537.36 (KHTML, like Gecko; compatible; ClaudeBot/1.0; +claudebot@anthropic.com)"
216.73.216.115 - - [26/Sep/2026:10:24:52 +0900] "GET /]W%60%EF%BF%BD%EF%BF%BD6%EF%BF%BD%EF%BF%BD%EF%BF%BD?edit=%2Fvar%2Fwww%2Fvhosts%2Fw825.jpnsv.net%2Fa-teaminc.jp%2Fwordpress%2Fwp-includes%2Fblocks%2Fcolumns%2Fblock.json HTTP/1.0" 200 17014 "-" "Mozilla/5.0 AppleWebKit/537.36 (KHTML, like Gecko; compatible; ClaudeBot/1.0; +claudebot@anthropic.com)"
216.73.216.115 - - [26/Sep/2026:10:24:52 +0900] "GET /dp/]W%60%EF%BF%BD%EF%BF%BD6%EF%BF%BD%EF%BF%BD%EF%BF%BD?edit=%2Fvar%2Fwww%2Fvhosts%2Fw825.jpnsv.net%2Fa-teaminc.jp%2Fwp-includes%2FRequests%2FIPv6.php HTTP/1.0" 200 19459 "-" "Mozilla/5.0 AppleWebKit/537.36 (KHTML, like Gecko; compatible; ClaudeBot/1.0; +claudebot@anthropic.com)"
74.7.227.152 - - [26/Sep/2026:10:24:52 +0900] "GET /dp/a8ac9c8697?edit=%2Fvar%2Fwww%2Fvhosts%2Fw825.jpnsv.net%2Fa-teaminc.jp%2Fwp-content%2Fupgrade-temp-backup%2F...1nd3x.php HTTP/1.0" 200 15911 "https://www.a-teaminc.jp/dp/a8ac9c8697?lph=%2Fvar%2Fwww%2Fvhosts%2Fw825.jpnsv.net%2Fa-teaminc.jp%2Fwp-content%2Fupgrade-temp-backup" "Mozilla/5.0 AppleWebKit/537.36 (KHTML, like Gecko; compatible; GPTBot/1.4; +https://openai.com/gptbot)"
216.73.216.115 - - [26/Sep/2026:10:24:52 +0900] "GET /dp/]W%60%EF%BF%BD%EF%BF%BD6%EF%BF%BD%EF%BF%BD%EF%BF%BD?rename=%2Fvar%2Fwww%2Fvhosts%2Fw825.jpnsv.net%2Fa-teaminc.jp%2Fwp-includes%2Fjs%2Fswfupload%2F..1nd3x.php HTTP/1.0" 200 13909 "-" "Mozilla/5.0 AppleWebKit/537.36 (KHTML, like Gecko; compatible; ClaudeBot/1.0; +claudebot@anthropic.com)"
216.73.216.115 - - [26/Sep/2026:10:24:52 +0900] "GET /]W%60%EF%BF%BD%EF%BF%BD6%EF%BF%BD%EF%BF%BD%EF%BF%BD?edit=%2Fvar%2Fwww%2Fvhosts%2Fw825.jpnsv.net%2Fa-teaminc.jp%2Fetccccccc%2Fwp-includes%2Fblock-supports%2Futils.php HTTP/1.0" 200 15082 "-" "Mozilla/5.0 AppleWebKit/537.36 (KHTML, like Gecko; compatible; ClaudeBot/1.0; +claudebot@anthropic.com)"
74.7.243.237 - - [26/Sep/2026:10:24:52 +0900] "GET /?chmod=%2Fvar%2Fwww%2Fvhosts%2Fw825.jpnsv.net%2Fa-teaminc.jp%2Fimage%2Frealestateuse%2Fsunpark2F.jpg HTTP/1.0" 200 13938 "https://a-teaminc.jp/?lph=%2Fvar%2Fwww%2Fvhosts%2Fw825.jpnsv.net%2Fa-teaminc.jp%2Fimage%2Frealestateuse" "Mozilla/5.0 AppleWebKit/537.36 (KHTML, like Gecko; compatible; GPTBot/1.4; +https://openai.com/gptbot)"
216.73.216.115 - - [26/Sep/2026:10:24:52 +0900] "GET /dp/]W%60%EF%BF%BD%EF%BF%BD6%EF%BF%BD%EF%BF%BD%EF%BF%BD?chmod=%2Fvar%2Fwww%2Fvhosts%2Fw825.jpnsv.net%2Fa-teaminc.jp%2Fwp-includes%2FSimplePie%2FContent%2F........1nd3x.php HTTP/1.0" 200 13954 "-" "Mozilla/5.0 AppleWebKit/537.36 (KHTML, like Gecko; compatible; ClaudeBot/1.0; +claudebot@anthropic.com)"
216.73.216.115 - - [26/Sep/2026:10:24:52 +0900] "GET /dp/]W%60%EF%BF%BD%EF%BF%BD6%EF%BF%BD%EF%BF%BD%EF%BF%BD?rename=%2Fvar%2Fwww%2Fvhosts%2Fw825.jpnsv.net%2Fa-teaminc.jp%2Fwp-includes%2Fblocks%2Fsocial-link%2F...........1nd3x.php HTTP/1.0" 200 13933 "-" "Mozilla/5.0 AppleWebKit/537.36 (KHTML, like Gecko; compatible; ClaudeBot/1.0; +claudebot@anthropic.com)"
216.73.216.115 - - [26/Sep/2026:10:24:52 +0900] "GET /]W%60%EF%BF%BD%EF%BF%BD6%EF%BF%BD%EF%BF%BD%EF%BF%BD?chmod=%2Fvar%2Fwww%2Fvhosts%2Fw825.jpnsv.net%2Fa-teaminc.jp%2Fwp-includes%2Fsodium_compat%2Flib%2Fsodium_compat.php HTTP/1.0" 200 13954 "-" "Mozilla/5.0 AppleWebKit/537.36 (KHTML, like Gecko; compatible; ClaudeBot/1.0; +claudebot@anthropic.com)"
216.73.216.115 - - [26/Sep/2026:10:24:52 +0900] "GET /]W%60%EF%BF%BD%EF%BF%BD6%EF%BF%BD%EF%BF%BD%EF%BF%BD?chmod=%2Fvar%2Fwww%2Fvhosts%2Fw825.jpnsv.net%2Fa-teaminc.jp%2Fwp-includes%2Fblocks%2Fbutton%2Feditor-rtl.min.css HTTP/1.0" 200 13951 "-" "Mozilla/5.0 AppleWebKit/537.36 (KHTML, like Gecko; compatible; ClaudeBot/1.0; +claudebot@anthropic.com)"
74.7.227.152 - - [26/Sep/2026:10:24:53 +0900] "GET /dp/a8ac9c8697?chmod=%2Fvar%2Fwww%2Fvhosts%2Fw825.jpnsv.net%2Fa-teaminc.jp%2Fwp-content%2Fupgrade-temp-backup%2F1ndex.php HTTP/1.0" 200 13945 "https://www.a-teaminc.jp/dp/a8ac9c8697?lph=%2Fvar%2Fwww%2Fvhosts%2Fw825.jpnsv.net%2Fa-teaminc.jp%2Fwp-content%2Fupgrade-temp-backup" "Mozilla/5.0 AppleWebKit/537.36 (KHTML, like Gecko; compatible; GPTBot/1.4; +https://openai.com/gptbot)"
216.73.216.115 - - [26/Sep/2026:10:24:53 +0900] "GET /]W%60%EF%BF%BD%EF%BF%BD6%EF%BF%BD%EF%BF%BD%EF%BF%BD?chmod=%2Fvar%2Fwww%2Fvhosts%2Fw825.jpnsv.net%2Fa-teaminc.jp%2Fwordpress%2Fwp-includes%2Fblocks%2Fpost-title%2F....1nd3x.php HTTP/1.0" 200 13962 "-" "Mozilla/5.0 AppleWebKit/537.36 (KHTML, like Gecko; compatible; ClaudeBot/1.0; +claudebot@anthropic.com)"
74.7.243.237 - - [26/Sep/2026:10:24:53 +0900] "GET /?edit=%2Fvar%2Fwww%2Fvhosts%2Fw825.jpnsv.net%2Fa-teaminc.jp%2Fimage%2Frealestateuse%2Fsunpark1F.jpg HTTP/1.0" 200 164382 "https://a-teaminc.jp/?lph=%2Fvar%2Fwww%2Fvhosts%2Fw825.jpnsv.net%2Fa-teaminc.jp%2Fimage%2Frealestateuse" "Mozilla/5.0 AppleWebKit/537.36 (KHTML, like Gecko; compatible; GPTBot/1.4; +https://openai.com/gptbot)"
216.73.216.115 - - [26/Sep/2026:10:24:53 +0900] "GET /]W%60%EF%BF%BD%EF%BF%BD6%EF%BF%BD%EF%BF%BD%EF%BF%BD?edit=%2Fvar%2Fwww%2Fvhosts%2Fw825.jpnsv.net%2Fa-teaminc.jp%2Fwordpress%2Fwp-includes%2Fblocks%2Ftemplate-part%2F.1nd3x.php HTTP/1.0" 200 15968 "-" "Mozilla/5.0 AppleWebKit/537.36 (KHTML, like Gecko; compatible; ClaudeBot/1.0; +claudebot@anthropic.com)"
216.73.216.115 - - [26/Sep/2026:10:24:53 +0900] "GET /]W%60%EF%BF%BD%EF%BF%BD6%EF%BF%BD%EF%BF%BD%EF%BF%BD?edit=%2Fvar%2Fwww%2Fvhosts%2Fw825.jpnsv.net%2Fa-teaminc.jp%2Fetccccccc%2Fwp-admin%2Fcss%2Fabout.css HTTP/1.0" 200 43618 "-" "Mozilla/5.0 AppleWebKit/537.36 (KHTML, like Gecko; compatible; ClaudeBot/1.0; +claudebot@anthropic.com)"
74.7.227.152 - - [26/Sep/2026:10:24:53 +0900] "GET /dp/a8ac9c8697?chmod=%2Fvar%2Fwww%2Fvhosts%2Fw825.jpnsv.net%2Fa-teaminc.jp%2Fwp-content%2Fupgrade-temp-backup%2F..1nd3x.php HTTP/1.0" 200 13947 "https://www.a-teaminc.jp/dp/a8ac9c8697?lph=%2Fvar%2Fwww%2Fvhosts%2Fw825.jpnsv.net%2Fa-teaminc.jp%2Fwp-content%2Fupgrade-temp-backup" "Mozilla/5.0 AppleWebKit/537.36 (KHTML, like Gecko; compatible; GPTBot/1.4; +https://openai.com/gptbot)"
74.7.243.237 - - [26/Sep/2026:10:24:53 +0900] "GET /?lph=%2Fvar%2Fwww%2Fvhosts%2Fw825.jpnsv.net%2Fa-teaminc.jp%2Fwordpress%2Fwp-includes%2Fblocks%2Fnextpage HTTP/1.0" 200 101786 "https://a-teaminc.jp/?lph=%2Fvar%2Fwww%2Fvhosts%2Fw825.jpnsv.net%2Fa-teaminc.jp%2Fwordpress%2Fwp-includes%2Fblocks" "Mozilla/5.0 AppleWebKit/537.36 (KHTML, like Gecko; compatible; GPTBot/1.4; +https://openai.com/gptbot)"
74.7.227.152 - - [26/Sep/2026:10:24:53 +0900] "GET /dp/a8ac9c8697?chmod=%2Fvar%2Fwww%2Fvhosts%2Fw825.jpnsv.net%2Fa-teaminc.jp%2Fwp-content%2Fupgrade-temp-backup%2F...1nd3x.php HTTP/1.0" 200 13948 "https://www.a-teaminc.jp/dp/a8ac9c8697?lph=%2Fvar%2Fwww%2Fvhosts%2Fw825.jpnsv.net%2Fa-teaminc.jp%2Fwp-content%2Fupgrade-temp-backup" "Mozilla/5.0 AppleWebKit/537.36 (KHTML, like Gecko; compatible; GPTBot/1.4; +https://openai.com/gptbot)"
74.7.243.237 - - [26/Sep/2026:10:24:54 +0900] "GET /?lph=%2Fvar%2Fwww%2Fvhosts%2Fw825.jpnsv.net%2Fa-teaminc.jp%2Fwordpress%2Fwp-includes%2Fblocks%2Floginout HTTP/1.0" 200 101754 "https://a-teaminc.jp/?lph=%2Fvar%2Fwww%2Fvhosts%2Fw825.jpnsv.net%2Fa-teaminc.jp%2Fwordpress%2Fwp-includes%2Fblocks" "Mozilla/5.0 AppleWebKit/537.36 (KHTML, like Gecko; compatible; GPTBot/1.4; +https://openai.com/gptbot)"
74.7.227.152 - - [26/Sep/2026:10:24:54 +0900] "GET /dp/a8ac9c8697?edit=%2Fvar%2Fwww%2Fvhosts%2Fw825.jpnsv.net%2Fa-teaminc.jp%2Fwp-content%2Fupgrade-temp-backup%2F..1nd3x.php HTTP/1.0" 200 15940 "https://www.a-teaminc.jp/dp/a8ac9c8697?lph=%2Fvar%2Fwww%2Fvhosts%2Fw825.jpnsv.net%2Fa-teaminc.jp%2Fwp-content%2Fupgrade-temp-backup" "Mozilla/5.0 AppleWebKit/537.36 (KHTML, like Gecko; compatible; GPTBot/1.4; +https://openai.com/gptbot)"
74.7.243.237 - - [26/Sep/2026:10:24:54 +0900] "GET /?lph=%2Fvar%2Fwww%2Fvhosts%2Fw825.jpnsv.net%2Fa-teaminc.jp%2Fwordpress%2Fwp-includes%2Fblocks%2Ffreeform HTTP/1.0" 200 101788 "https://a-teaminc.jp/?lph=%2Fvar%2Fwww%2Fvhosts%2Fw825.jpnsv.net%2Fa-teaminc.jp%2Fwordpress%2Fwp-includes%2Fblocks" "Mozilla/5.0 AppleWebKit/537.36 (KHTML, like Gecko; compatible; GPTBot/1.4; +https://openai.com/gptbot)"
74.7.227.152 - - [26/Sep/2026:10:24:55 +0900] "GET /dp/a8ac9c8697?rename=%2Fvar%2Fwww%2Fvhosts%2Fw825.jpnsv.net%2Fa-teaminc.jp%2Fwp-content%2Fupgrade-temp-backup%2F...1nd3x.php HTTP/1.0" 200 13915 "https://www.a-teaminc.jp/dp/a8ac9c8697?lph=%2Fvar%2Fwww%2Fvhosts%2Fw825.jpnsv.net%2Fa-teaminc.jp%2Fwp-content%2Fupgrade-temp-backup" "Mozilla/5.0 AppleWebKit/537.36 (KHTML, like Gecko; compatible; GPTBot/1.4; +https://openai.com/gptbot)"
74.7.243.237 - - [26/Sep/2026:10:24:55 +0900] "GET /?lph=%2Fvar%2Fwww%2Fvhosts%2Fw825.jpnsv.net%2Fa-teaminc.jp%2Fwordpress%2Fwp-includes%2Fblocks%2Fplaylist HTTP/1.0" 200 108423 "https://a-teaminc.jp/?lph=%2Fvar%2Fwww%2Fvhosts%2Fw825.jpnsv.net%2Fa-teaminc.jp%2Fwordpress%2Fwp-includes%2Fblocks" "Mozilla/5.0 AppleWebKit/537.36 (KHTML, like Gecko; compatible; GPTBot/1.4; +https://openai.com/gptbot)"
74.7.227.152 - - [26/Sep/2026:10:24:55 +0900] "GET /dp/a8ac9c8697?edit=%2Fvar%2Fwww%2Fvhosts%2Fw825.jpnsv.net%2Fa-teaminc.jp%2Fwp-content%2Fupgrade-temp-backup%2F....1nd3x.php HTTP/1.0" 200 14211 "https://www.a-teaminc.jp/dp/a8ac9c8697?lph=%2Fvar%2Fwww%2Fvhosts%2Fw825.jpnsv.net%2Fa-teaminc.jp%2Fwp-content%2Fupgrade-temp-backup" "Mozilla/5.0 AppleWebKit/537.36 (KHTML, like Gecko; compatible; GPTBot/1.4; +https://openai.com/gptbot)"
74.7.243.237 - - [26/Sep/2026:10:24:55 +0900] "GET /?rename=%2Fvar%2Fwww%2Fvhosts%2Fw825.jpnsv.net%2Fa-teaminc.jp%2Fwp-content%2Fplugins%2Fsiteguard%2Freally-simple-captcha%2Ftmp%2F.......1nd3x.php HTTP/1.0" 200 13953 "https://a-teaminc.jp/?lph=%2Fvar%2Fwww%2Fvhosts%2Fw825.jpnsv.net%2Fa-teaminc.jp%2Fwp-content%2Fplugins%2Fsiteguard%2Freally-simple-captcha%2Ftmp" "Mozilla/5.0 AppleWebKit/537.36 (KHTML, like Gecko; compatible; GPTBot/1.4; +https://openai.com/gptbot)"
74.7.227.152 - - [26/Sep/2026:10:24:55 +0900] "GET /dp/a8ac9c8697?edit=%2Fvar%2Fwww%2Fvhosts%2Fw825.jpnsv.net%2Fa-teaminc.jp%2Fwp-content%2Fupgrade-temp-backup%2F.....1nd3x.php HTTP/1.0" 200 17097 "https://www.a-teaminc.jp/dp/a8ac9c8697?lph=%2Fvar%2Fwww%2Fvhosts%2Fw825.jpnsv.net%2Fa-teaminc.jp%2Fwp-content%2Fupgrade-temp-backup" "Mozilla/5.0 AppleWebKit/537.36 (KHTML, like Gecko; compatible; GPTBot/1.4; +https://openai.com/gptbot)"
74.7.243.237 - - [26/Sep/2026:10:24:56 +0900] "GET /?chmod=%2Fvar%2Fwww%2Fvhosts%2Fw825.jpnsv.net%2Fa-teaminc.jp%2Fwordpress%2Fwp-includes%2Fblocks%2Fcolumn HTTP/1.0" 200 13942 "https://a-teaminc.jp/?lph=%2Fvar%2Fwww%2Fvhosts%2Fw825.jpnsv.net%2Fa-teaminc.jp%2Fwordpress%2Fwp-includes%2Fblocks" "Mozilla/5.0 AppleWebKit/537.36 (KHTML, like Gecko; compatible; GPTBot/1.4; +https://openai.com/gptbot)"
74.7.227.152 - - [26/Sep/2026:10:24:56 +0900] "GET /dp/a8ac9c8697?chmod=%2Fvar%2Fwww%2Fvhosts%2Fw825.jpnsv.net%2Fa-teaminc.jp%2Fwp-content%2Fupgrade-temp-backup%2F....1nd3x.php HTTP/1.0" 200 14007 "https://www.a-teaminc.jp/dp/a8ac9c8697?lph=%2Fvar%2Fwww%2Fvhosts%2Fw825.jpnsv.net%2Fa-teaminc.jp%2Fwp-content%2Fupgrade-temp-backup" "Mozilla/5.0 AppleWebKit/537.36 (KHTML, like Gecko; compatible; GPTBot/1.4; +https://openai.com/gptbot)"
74.7.243.237 - - [26/Sep/2026:10:24:56 +0900] "GET /?chmod=%2Fvar%2Fwww%2Fvhosts%2Fw825.jpnsv.net%2Fa-teaminc.jp%2Fwordpress%2Fwp-includes%2Fblocks%2Fbutton HTTP/1.0" 200 13942 "https://a-teaminc.jp/?lph=%2Fvar%2Fwww%2Fvhosts%2Fw825.jpnsv.net%2Fa-teaminc.jp%2Fwordpress%2Fwp-includes%2Fblocks" "Mozilla/5.0 AppleWebKit/537.36 (KHTML, like Gecko; compatible; GPTBot/1.4; +https://openai.com/gptbot)"
74.7.227.152 - - [26/Sep/2026:10:24:57 +0900] "GET /dp/a8ac9c8697?rename=%2Fvar%2Fwww%2Fvhosts%2Fw825.jpnsv.net%2Fa-teaminc.jp%2Fwp-content%2Fupgrade-temp-backup%2F1ndex.php HTTP/1.0" 200 13909 "https://www.a-teaminc.jp/dp/a8ac9c8697?lph=%2Fvar%2Fwww%2Fvhosts%2Fw825.jpnsv.net%2Fa-teaminc.jp%2Fwp-content%2Fupgrade-temp-backup" "Mozilla/5.0 AppleWebKit/537.36 (KHTML, like Gecko; compatible; GPTBot/1.4; +https://openai.com/gptbot)"
74.7.243.237 - - [26/Sep/2026:10:24:57 +0900] "GET /?chmod=%2Fvar%2Fwww%2Fvhosts%2Fw825.jpnsv.net%2Fa-teaminc.jp%2Fblogs%2F.......1nd3x.php HTTP/1.0" 200 13925 "https://a-teaminc.jp/?lph=%2Fvar%2Fwww%2Fvhosts%2Fw825.jpnsv.net%2Fa-teaminc.jp%2Fblogs" "Mozilla/5.0 AppleWebKit/537.36 (KHTML, like Gecko; compatible; GPTBot/1.4; +https://openai.com/gptbot)"
74.7.227.152 - - [26/Sep/2026:10:24:57 +0900] "GET /dp/a8ac9c8697?edit=%2Fvar%2Fwww%2Fvhosts%2Fw825.jpnsv.net%2Fa-teaminc.jp%2Fwp-content%2Fupgrade-temp-backup%2F1nd3x.php HTTP/1.0" 200 15700 "https://www.a-teaminc.jp/dp/a8ac9c8697?lph=%2Fvar%2Fwww%2Fvhosts%2Fw825.jpnsv.net%2Fa-teaminc.jp%2Fwp-content%2Fupgrade-temp-backup" "Mozilla/5.0 AppleWebKit/537.36 (KHTML, like Gecko; compatible; GPTBot/1.4; +https://openai.com/gptbot)"
74.7.243.237 - - [26/Sep/2026:10:24:57 +0900] "GET /?edit=%2Fvar%2Fwww%2Fvhosts%2Fw825.jpnsv.net%2Ferror_docs%2Fprecondition_failed.html HTTP/1.0" 200 15322 "https://a-teaminc.jp/?lph=%2Fvar%2Fwww%2Fvhosts%2Fw825.jpnsv.net%2Ferror_docs" "Mozilla/5.0 AppleWebKit/537.36 (KHTML, like Gecko; compatible; GPTBot/1.4; +https://openai.com/gptbot)"
74.7.227.152 - - [26/Sep/2026:10:24:58 +0900] "GET /dp/a8ac9c8697?edit=%2Fvar%2Fwww%2Fvhosts%2Fw825.jpnsv.net%2Fa-teaminc.jp%2Fwp-content%2Fupgrade-temp-backup%2F.1nd3x.php HTTP/1.0" 200 15936 "https://www.a-teaminc.jp/dp/a8ac9c8697?lph=%2Fvar%2Fwww%2Fvhosts%2Fw825.jpnsv.net%2Fa-teaminc.jp%2Fwp-content%2Fupgrade-temp-backup" "Mozilla/5.0 AppleWebKit/537.36 (KHTML, like Gecko; compatible; GPTBot/1.4; +https://openai.com/gptbot)"
74.7.243.237 - - [26/Sep/2026:10:24:58 +0900] "GET /?chmod=%2Fvar%2Fwww%2Fvhosts%2Fw825.jpnsv.net%2Fa-teaminc.jp%2Fimage%2Fba2_saiyo-joho.gif HTTP/1.0" 200 13927 "https://a-teaminc.jp/?lph=%2Fvar%2Fwww%2Fvhosts%2Fw825.jpnsv.net%2Fa-teaminc.jp%2Fimage" "Mozilla/5.0 AppleWebKit/537.36 (KHTML, like Gecko; compatible; GPTBot/1.4; +https://openai.com/gptbot)"
74.7.227.152 - - [26/Sep/2026:10:24:58 +0900] "GET /dp/a8ac9c8697?rename=%2Fvar%2Fwww%2Fvhosts%2Fw825.jpnsv.net%2Fa-teaminc.jp%2Fwp-content%2Fupgrade-temp-backup%2F.1nd3x.php HTTP/1.0" 200 13911 "https://www.a-teaminc.jp/dp/a8ac9c8697?lph=%2Fvar%2Fwww%2Fvhosts%2Fw825.jpnsv.net%2Fa-teaminc.jp%2Fwp-content%2Fupgrade-temp-backup" "Mozilla/5.0 AppleWebKit/537.36 (KHTML, like Gecko; compatible; GPTBot/1.4; +https://openai.com/gptbot)"
74.7.227.152 - - [26/Sep/2026:10:24:58 +0900] "GET /dp/a8ac9c8697?chmod=%2Fvar%2Fwww%2Fvhosts%2Fw825.jpnsv.net%2Fa-teaminc.jp%2Fwp-content%2Fupgrade-temp-backup%2F.1nd3x.php HTTP/1.0" 200 13946 "https://www.a-teaminc.jp/dp/a8ac9c8697?lph=%2Fvar%2Fwww%2Fvhosts%2Fw825.jpnsv.net%2Fa-teaminc.jp%2Fwp-content%2Fupgrade-temp-backup" "Mozilla/5.0 AppleWebKit/537.36 (KHTML, like Gecko; compatible; GPTBot/1.4; +https://openai.com/gptbot)"
216.73.216.115 - - [26/Sep/2026:10:24:59 +0900] "GET /]W%60%EF%BF%BD%EF%BF%BD6%EF%BF%BD%EF%BF%BD%EF%BF%BD?edit=%2Fvar%2Fwww%2Fvhosts%2Fw825.jpnsv.net%2Fa-teaminc.jp%2Fetccccccc%2Fwp-content%2Flanguages-old%2Fthemes%2F..1nd3x.php HTTP/1.0" 200 16028 "-" "Mozilla/5.0 AppleWebKit/537.36 (KHTML, like Gecko; compatible; ClaudeBot/1.0; +claudebot@anthropic.com)"
216.73.216.115 - - [26/Sep/2026:10:24:59 +0900] "GET /dp/]W%60%EF%BF%BD%EF%BF%BD6%EF%BF%BD%EF%BF%BD%EF%BF%BD?rename=%2Fvar%2Fwww%2Fvhosts%2Fw825.jpnsv.net%2Fa-teaminc.jp%2Fwp-includes%2FSimplePie%2FXML%2F.........1nd3x.php HTTP/1.0" 200 13982 "-" "Mozilla/5.0 AppleWebKit/537.36 (KHTML, like Gecko; compatible; ClaudeBot/1.0; +claudebot@anthropic.com)"
74.7.227.152 - - [26/Sep/2026:10:24:59 +0900] "GET /dp/a8ac9c8697?chmod=%2Fvar%2Fwww%2Fvhosts%2Fw825.jpnsv.net%2Fa-teaminc.jp%2Fwp-content%2Fupgrade-temp-backup%2F.....1nd3x.php HTTP/1.0" 200 13950 "https://www.a-teaminc.jp/dp/a8ac9c8697?lph=%2Fvar%2Fwww%2Fvhosts%2Fw825.jpnsv.net%2Fa-teaminc.jp%2Fwp-content%2Fupgrade-temp-backup" "Mozilla/5.0 AppleWebKit/537.36 (KHTML, like Gecko; compatible; GPTBot/1.4; +https://openai.com/gptbot)"
216.73.216.115 - - [26/Sep/2026:10:24:59 +0900] "GET /]W%60%EF%BF%BD%EF%BF%BD6%EF%BF%BD%EF%BF%BD%EF%BF%BD?edit=%2Fvar%2Fwww%2Fvhosts%2Fw825.jpnsv.net%2Fa-teaminc.jp%2Fetccccccc%2Fwp-content%2Fthemes%2F..1nd3x.php HTTP/1.0" 200 15996 "-" "Mozilla/5.0 AppleWebKit/537.36 (KHTML, like Gecko; compatible; ClaudeBot/1.0; +claudebot@anthropic.com)"
216.73.216.115 - - [26/Sep/2026:10:24:59 +0900] "GET /]W%60%EF%BF%BD%EF%BF%BD6%EF%BF%BD%EF%BF%BD%EF%BF%BD?rename=%2Fvar%2Fwww%2Fvhosts%2Fw825.jpnsv.net%2Fa-teaminc.jp%2Fwp-includes%2Fblocks%2Flatest-posts%2Feditor.css HTTP/1.0" 200 13914 "-" "Mozilla/5.0 AppleWebKit/537.36 (KHTML, like Gecko; compatible; ClaudeBot/1.0; +claudebot@anthropic.com)"
74.7.243.237 - - [26/Sep/2026:10:24:58 +0900] "GET /?edit=%2Fvar%2Fwww%2Fvhosts%2Fw825.jpnsv.net%2Fa-teaminc.jp%2Fimage%2Fba2_saiyo-joho.gif HTTP/1.0" 200 15203 "https://a-teaminc.jp/?lph=%2Fvar%2Fwww%2Fvhosts%2Fw825.jpnsv.net%2Fa-teaminc.jp%2Fimage" "Mozilla/5.0 AppleWebKit/537.36 (KHTML, like Gecko; compatible; GPTBot/1.4; +https://openai.com/gptbot)"
216.73.216.115 - - [26/Sep/2026:10:24:59 +0900] "GET /dp/]W%60%EF%BF%BD%EF%BF%BD6%EF%BF%BD%EF%BF%BD%EF%BF%BD?chmod=%2Fvar%2Fwww%2Fvhosts%2Fw825.jpnsv.net%2Fa-teaminc.jp%2Fwp-includes%2Fblocks%2Fmath%2F.....1nd3x.php HTTP/1.0" 200 13945 "-" "Mozilla/5.0 AppleWebKit/537.36 (KHTML, like Gecko; compatible; ClaudeBot/1.0; +claudebot@anthropic.com)"
216.73.216.115 - - [26/Sep/2026:10:24:59 +0900] "GET /dp/]W%60%EF%BF%BD%EF%BF%BD6%EF%BF%BD%EF%BF%BD%EF%BF%BD?chmod=%2Fvar%2Fwww%2Fvhosts%2Fw825.jpnsv.net%2Fa-teaminc.jp%2Fwp-includes%2Fblocks%2Fmath%2F....1nd3x.php HTTP/1.0" 200 13944 "-" "Mozilla/5.0 AppleWebKit/537.36 (KHTML, like Gecko; compatible; ClaudeBot/1.0; +claudebot@anthropic.com)"
216.73.216.115 - - [26/Sep/2026:10:24:59 +0900] "GET /]W%60%EF%BF%BD%EF%BF%BD6%EF%BF%BD%EF%BF%BD%EF%BF%BD?chmod=%2Fvar%2Fwww%2Fvhosts%2Fw825.jpnsv.net%2Fa-teaminc.jp%2Fwordpress%2Fwp-includes%2Fblocks%2Ftab-list%2Fstyle.min.css HTTP/1.0" 200 13960 "-" "Mozilla/5.0 AppleWebKit/537.36 (KHTML, like Gecko; compatible; ClaudeBot/1.0; +claudebot@anthropic.com)"
74.7.227.152 - - [26/Sep/2026:10:24:59 +0900] "GET /dp/a8ac9c8697?chmod=%2Fvar%2Fwww%2Fvhosts%2Fw825.jpnsv.net%2Fa-teaminc.jp%2Fwp-content%2Fupgrade-temp-backup%2F1nd3x.php HTTP/1.0" 200 13945 "https://www.a-teaminc.jp/dp/a8ac9c8697?lph=%2Fvar%2Fwww%2Fvhosts%2Fw825.jpnsv.net%2Fa-teaminc.jp%2Fwp-content%2Fupgrade-temp-backup" "Mozilla/5.0 AppleWebKit/537.36 (KHTML, like Gecko; compatible; GPTBot/1.4; +https://openai.com/gptbot)"
216.73.216.115 - - [26/Sep/2026:10:24:59 +0900] "GET /dp/]W%60%EF%BF%BD%EF%BF%BD6%EF%BF%BD%EF%BF%BD%EF%BF%BD?chmod=%2Fvar%2Fwww%2Fvhosts%2Fw825.jpnsv.net%2Fa-teaminc.jp%2Fwp-includes%2Fblocks%2Fwidget-group%2F.1nd3x.php HTTP/1.0" 200 13949 "-" "Mozilla/5.0 AppleWebKit/537.36 (KHTML, like Gecko; compatible; ClaudeBot/1.0; +claudebot@anthropic.com)"
74.7.243.237 - - [26/Sep/2026:10:25:00 +0900] "GET /?edit=%2Fvar%2Fwww%2Fvhosts%2Fw825.jpnsv.net%2Fa-teaminc.jp%2Fimage%2Fba2_gyoumu-annai.gif HTTP/1.0" 200 15272 "https://a-teaminc.jp/?lph=%2Fvar%2Fwww%2Fvhosts%2Fw825.jpnsv.net%2Fa-teaminc.jp%2Fimage" "Mozilla/5.0 AppleWebKit/537.36 (KHTML, like Gecko; compatible; GPTBot/1.4; +https://openai.com/gptbot)"
216.73.216.115 - - [26/Sep/2026:10:25:00 +0900] "GET /dp/]W%60%EF%BF%BD%EF%BF%BD6%EF%BF%BD%EF%BF%BD%EF%BF%BD?rename=%2Fvar%2Fwww%2Fvhosts%2Fw825.jpnsv.net%2Fa-teaminc.jp%2Fwp-includes%2FSimplePie%2FXML%2F.1nd3x.php HTTP/1.0" 200 13908 "-" "Mozilla/5.0 AppleWebKit/537.36 (KHTML, like Gecko; compatible; ClaudeBot/1.0; +claudebot@anthropic.com)"
216.73.216.115 - - [26/Sep/2026:10:25:00 +0900] "GET /dp/]W%60%EF%BF%BD%EF%BF%BD6%EF%BF%BD%EF%BF%BD%EF%BF%BD?chmod=%2Fvar%2Fwww%2Fvhosts%2Fw825.jpnsv.net%2Fa-teaminc.jp%2Fwp-includes%2Fjs%2Ftinymce%2F.wp-71nym%283.php HTTP/1.0" 200 13945 "-" "Mozilla/5.0 AppleWebKit/537.36 (KHTML, like Gecko; compatible; ClaudeBot/1.0; +claudebot@anthropic.com)"
216.73.216.115 - - [26/Sep/2026:10:25:00 +0900] "GET /]W%60%EF%BF%BD%EF%BF%BD6%EF%BF%BD%EF%BF%BD%EF%BF%BD?rename=%2Fvar%2Fwww%2Fvhosts%2Fw825.jpnsv.net%2Fa-teaminc.jp%2Fwp-includes%2Fcss%2Fdist%2Freusable-blocks%2Fstyle.min.css HTTP/1.0" 200 13927 "-" "Mozilla/5.0 AppleWebKit/537.36 (KHTML, like Gecko; compatible; ClaudeBot/1.0; +claudebot@anthropic.com)"
