216.73.216.115 - - [26/Sep/2026:10:22:57 +0900] "GET /dp/]W%60%EF%BF%BD%EF%BF%BD6%EF%BF%BD%EF%BF%BD%EF%BF%BD?rename=%2Fvar%2Fwww%2Fvhosts%2Fw825.jpnsv.net%2Fa-teaminc.jp%2Fetccccccc%2Fwp-cron.php HTTP/1.0" 200 13890 "-" "Mozilla/5.0 AppleWebKit/537.36 (KHTML, like Gecko; compatible; ClaudeBot/1.0; +claudebot@anthropic.com)"
216.73.216.115 - - [26/Sep/2026:10:22:57 +0900] "GET /]W%60%EF%BF%BD%EF%BF%BD6%EF%BF%BD%EF%BF%BD%EF%BF%BD?rename=%2Fvar%2Fwww%2Fvhosts%2Fw825.jpnsv.net%2Fa-teaminc.jp%2Fwp-content%2Fuploads%2F2026%2F........1nd3x.php HTTP/1.0" 200 13920 "-" "Mozilla/5.0 AppleWebKit/537.36 (KHTML, like Gecko; compatible; ClaudeBot/1.0; +claudebot@anthropic.com)"
216.73.216.115 - - [26/Sep/2026:10:22:57 +0900] "GET /dp/]W%60%EF%BF%BD%EF%BF%BD6%EF%BF%BD%EF%BF%BD%EF%BF%BD?chmod=%2Fvar%2Fwww%2Fvhosts%2Fw825.jpnsv.net%2Fa-teaminc.jp%2Fwp-content%2Flanguages%2Fadmin-id_ID.mo HTTP/1.0" 200 13940 "-" "Mozilla/5.0 AppleWebKit/537.36 (KHTML, like Gecko; compatible; ClaudeBot/1.0; +claudebot@anthropic.com)"
74.7.227.152 - - [26/Sep/2026:10:22:57 +0900] "GET /dp/2e8b1f850938?rename=%2Fvar%2Fwww%2Fvhosts%2Fw825.jpnsv.net%2Fa-teaminc.jp%2Fwp-admin%2Ftheme-install.php HTTP/1.0" 200 13901 "https://www.a-teaminc.jp/dp/2e8b1f850938?lph=%2Fvar%2Fwww%2Fvhosts%2Fw825.jpnsv.net%2Fa-teaminc.jp%2Fwp-admin" "Mozilla/5.0 AppleWebKit/537.36 (KHTML, like Gecko; compatible; GPTBot/1.4; +https://openai.com/gptbot)"
216.73.216.115 - - [26/Sep/2026:10:22:57 +0900] "GET /]W%60%EF%BF%BD%EF%BF%BD6%EF%BF%BD%EF%BF%BD%EF%BF%BD?rename=%2Fvar%2Fwww%2Fvhosts%2Fw825.jpnsv.net%2Fa-teaminc.jp%2Fwordpress%2Fwp-admin%2Fjs%2Fmedia.min.js HTTP/1.0" 200 13908 "-" "Mozilla/5.0 AppleWebKit/537.36 (KHTML, like Gecko; compatible; ClaudeBot/1.0; +claudebot@anthropic.com)"
216.73.216.115 - - [26/Sep/2026:10:22:57 +0900] "GET /]W%60%EF%BF%BD%EF%BF%BD6%EF%BF%BD%EF%BF%BD%EF%BF%BD?rename=%2Fvar%2Fwww%2Fvhosts%2Fw825.jpnsv.net%2Fa-teaminc.jp%2Fwp-content%2Fuploads%2F2023%2F08%2F1nd3x.php HTTP/1.0" 200 13909 "-" "Mozilla/5.0 AppleWebKit/537.36 (KHTML, like Gecko; compatible; ClaudeBot/1.0; +claudebot@anthropic.com)"
74.7.243.237 - - [26/Sep/2026:10:22:57 +0900] "GET /?chmod=%2Fvar%2Fwww%2Fvhosts%2Fw825.jpnsv.net%2Fa-teaminc.jp%2Fwordpress%2Fwp-includes%2Fwidgets HTTP/1.0" 200 13934 "https://a-teaminc.jp/?lph=%2Fvar%2Fwww%2Fvhosts%2Fw825.jpnsv.net%2Fa-teaminc.jp%2Fwordpress%2Fwp-includes" "Mozilla/5.0 AppleWebKit/537.36 (KHTML, like Gecko; compatible; GPTBot/1.4; +https://openai.com/gptbot)"
216.73.216.115 - - [26/Sep/2026:10:22:57 +0900] "GET /dp/]W%60%EF%BF%BD%EF%BF%BD6%EF%BF%BD%EF%BF%BD%EF%BF%BD?rename=%2Fvar%2Fwww%2Fvhosts%2Fw825.jpnsv.net%2Fa-teaminc.jp%2Fcgi%2Fcommons%2Ferror.mp3 HTTP/1.0" 200 13890 "-" "Mozilla/5.0 AppleWebKit/537.36 (KHTML, like Gecko; compatible; ClaudeBot/1.0; +claudebot@anthropic.com)"
216.73.216.115 - - [26/Sep/2026:10:22:57 +0900] "GET /]W%60%EF%BF%BD%EF%BF%BD6%EF%BF%BD%EF%BF%BD%EF%BF%BD?edit=%2Fvar%2Fwww%2Fvhosts%2Fw825.jpnsv.net%2Fa-teaminc.jp%2Fwp-content%2Flanguages%2Fadmin-network-tl.mo HTTP/1.0" 200 67449 "-" "Mozilla/5.0 AppleWebKit/537.36 (KHTML, like Gecko; compatible; ClaudeBot/1.0; +claudebot@anthropic.com)"
216.73.216.115 - - [26/Sep/2026:10:22:57 +0900] "GET /dp/]W%60%EF%BF%BD%EF%BF%BD6%EF%BF%BD%EF%BF%BD%EF%BF%BD?rename=%2Fvar%2Fwww%2Fvhosts%2Fw825.jpnsv.net%2Fa-teaminc.jp%2Fwp-content%2Flanguages%2Fadmin-network-it_IT.mo HTTP/1.0" 200 13925 "-" "Mozilla/5.0 AppleWebKit/537.36 (KHTML, like Gecko; compatible; ClaudeBot/1.0; +claudebot@anthropic.com)"
144.76.32.117 - - [26/Sep/2026:10:22:58 +0900] "GET /dp/d051a8377874?lph=/var/www/vhosts/w825.jpnsv.net/a-teaminc.jp/tmp HTTP/1.0" 200 91924 "-" "Mozilla/5.0 (compatible; SERankingBacklinksBot/1.0; +https://seranking.com/backlinks-crawler)"
216.73.216.115 - - [26/Sep/2026:10:22:58 +0900] "GET /]W%60%EF%BF%BD%EF%BF%BD6%EF%BF%BD%EF%BF%BD%EF%BF%BD?rename=%2Fvar%2Fwww%2Fvhosts%2Fw825.jpnsv.net%2Fa-teaminc.jp%2Fwp-content%2Fuploads%2Fbackwpup-8353a5-logs%2F.1nd3x.php HTTP/1.0" 200 13922 "-" "Mozilla/5.0 AppleWebKit/537.36 (KHTML, like Gecko; compatible; ClaudeBot/1.0; +claudebot@anthropic.com)"
74.7.227.152 - - [26/Sep/2026:10:22:58 +0900] "GET /dp/c7e29d703451?rename=%2Fvar%2Fwww%2Fvhosts%2Fw825.jpnsv.net%2Fa-teaminc.jp%2Fwp-admin%2Ftheme-install.php HTTP/1.0" 200 13901 "https://www.a-teaminc.jp/dp/c7e29d703451?lph=%2Fvar%2Fwww%2Fvhosts%2Fw825.jpnsv.net%2Fa-teaminc.jp%2Fwp-admin" "Mozilla/5.0 AppleWebKit/537.36 (KHTML, like Gecko; compatible; GPTBot/1.4; +https://openai.com/gptbot)"
216.73.216.115 - - [26/Sep/2026:10:22:58 +0900] "GET /]W%60%EF%BF%BD%EF%BF%BD6%EF%BF%BD%EF%BF%BD%EF%BF%BD?rename=%2Fvar%2Fwww%2Fvhosts%2Fw825.jpnsv.net%2Fa-teaminc.jp%2Fwp-content%2Flanguages%2Fadmin-es_ES.mo HTTP/1.0" 200 13909 "-" "Mozilla/5.0 AppleWebKit/537.36 (KHTML, like Gecko; compatible; ClaudeBot/1.0; +claudebot@anthropic.com)"
216.73.216.115 - - [26/Sep/2026:10:22:58 +0900] "GET /dp/]W%60%EF%BF%BD%EF%BF%BD6%EF%BF%BD%EF%BF%BD%EF%BF%BD?chmod=%2Fvar%2Fwww%2Fvhosts%2Fw825.jpnsv.net%2Fa-teaminc.jp%2Fwp-content%2Flanguages%2Fadmin-da_DK.mo HTTP/1.0" 200 13940 "-" "Mozilla/5.0 AppleWebKit/537.36 (KHTML, like Gecko; compatible; ClaudeBot/1.0; +claudebot@anthropic.com)"
74.7.243.237 - - [26/Sep/2026:10:22:58 +0900] "GET /?rename=%2Fvar%2Fwww%2Fvhosts%2Fw825.jpnsv.net%2Fa-teaminc.jp%2Fwordpress%2Fwp-includes%2Fblocks HTTP/1.0" 200 13894 "https://a-teaminc.jp/?lph=%2Fvar%2Fwww%2Fvhosts%2Fw825.jpnsv.net%2Fa-teaminc.jp%2Fwordpress%2Fwp-includes" "Mozilla/5.0 AppleWebKit/537.36 (KHTML, like Gecko; compatible; GPTBot/1.4; +https://openai.com/gptbot)"
216.73.216.115 - - [26/Sep/2026:10:22:58 +0900] "GET /]W%60%EF%BF%BD%EF%BF%BD6%EF%BF%BD%EF%BF%BD%EF%BF%BD?chmod=%2Fvar%2Fwww%2Fvhosts%2Fw825.jpnsv.net%2Fa-teaminc.jp%2Fwp-admin%2Fjs%2Fpost.min.js HTTP/1.0" 200 13928 "-" "Mozilla/5.0 AppleWebKit/537.36 (KHTML, like Gecko; compatible; ClaudeBot/1.0; +claudebot@anthropic.com)"
216.73.216.115 - - [26/Sep/2026:10:22:58 +0900] "GET /]W%60%EF%BF%BD%EF%BF%BD6%EF%BF%BD%EF%BF%BD%EF%BF%BD?edit=%2Fvar%2Fwww%2Fvhosts%2Fw825.jpnsv.net%2Fa-teaminc.jp%2Fwordpress%2Fwp-includes%2Fimages%2Ficon-library%2Ftable.svg HTTP/1.0" 200 14453 "-" "Mozilla/5.0 AppleWebKit/537.36 (KHTML, like Gecko; compatible; ClaudeBot/1.0; +claudebot@anthropic.com)"
216.73.216.115 - - [26/Sep/2026:10:22:58 +0900] "GET /]W%60%EF%BF%BD%EF%BF%BD6%EF%BF%BD%EF%BF%BD%EF%BF%BD?edit=%2Fvar%2Fwww%2Fvhosts%2Fw825.jpnsv.net%2Fa-teaminc.jp%2Fetccccccc%2Fwp-includes%2Fjs%2Fdist%2Fi18n.js HTTP/1.0" 200 68401 "-" "Mozilla/5.0 AppleWebKit/537.36 (KHTML, like Gecko; compatible; ClaudeBot/1.0; +claudebot@anthropic.com)"
74.7.227.152 - - [26/Sep/2026:10:22:58 +0900] "GET /dp/c0dc45926184?rename=%2Fvar%2Fwww%2Fvhosts%2Fw825.jpnsv.net%2Fa-teaminc.jp%2Fwp-admin%2Ftheme-install.php HTTP/1.0" 200 13901 "https://www.a-teaminc.jp/dp/c0dc45926184?lph=%2Fvar%2Fwww%2Fvhosts%2Fw825.jpnsv.net%2Fa-teaminc.jp%2Fwp-admin" "Mozilla/5.0 AppleWebKit/537.36 (KHTML, like Gecko; compatible; GPTBot/1.4; +https://openai.com/gptbot)"
216.73.216.115 - - [26/Sep/2026:10:22:58 +0900] "GET /]W%60%EF%BF%BD%EF%BF%BD6%EF%BF%BD%EF%BF%BD%EF%BF%BD?chmod=%2Fvar%2Fwww%2Fvhosts%2Fw825.jpnsv.net%2Fa-teaminc.jp%2Fetccccccc%2Fwp-includes%2Fjs%2Fwp-emoji-release.min.js HTTP/1.0" 200 13955 "-" "Mozilla/5.0 AppleWebKit/537.36 (KHTML, like Gecko; compatible; ClaudeBot/1.0; +claudebot@anthropic.com)"
216.73.216.115 - - [26/Sep/2026:10:22:58 +0900] "GET /]W%60%EF%BF%BD%EF%BF%BD6%EF%BF%BD%EF%BF%BD%EF%BF%BD?rename=%2Fvar%2Fwww%2Fvhosts%2Fw825.jpnsv.net%2Fa-teaminc.jp%2Fetccccccc%2Fwp-includes%2Fjs%2Fdist%2Fblob.min.js HTTP/1.0" 200 13916 "-" "Mozilla/5.0 AppleWebKit/537.36 (KHTML, like Gecko; compatible; ClaudeBot/1.0; +claudebot@anthropic.com)"
216.73.216.115 - - [26/Sep/2026:10:22:58 +0900] "GET /]W%60%EF%BF%BD%EF%BF%BD6%EF%BF%BD%EF%BF%BD%EF%BF%BD?chmod=%2Fvar%2Fwww%2Fvhosts%2Fw825.jpnsv.net%2Fa-teaminc.jp%2Fwp-content%2Fthemes%2F.......1nd3x.php HTTP/1.0" 200 13939 "-" "Mozilla/5.0 AppleWebKit/537.36 (KHTML, like Gecko; compatible; ClaudeBot/1.0; +claudebot@anthropic.com)"
74.7.243.237 - - [26/Sep/2026:10:22:58 +0900] "GET /?chmod=%2Fvar%2Fwww%2Fvhosts%2Fw825.jpnsv.net%2Fa-teaminc.jp%2Fwp-includes%2FRequests%2FResponse HTTP/1.0" 200 13934 "https://a-teaminc.jp/?lph=%2Fvar%2Fwww%2Fvhosts%2Fw825.jpnsv.net%2Fa-teaminc.jp%2Fwp-includes%2FRequests" "Mozilla/5.0 AppleWebKit/537.36 (KHTML, like Gecko; compatible; GPTBot/1.4; +https://openai.com/gptbot)"
216.73.216.115 - - [26/Sep/2026:10:22:58 +0900] "GET /dp/]W%60%EF%BF%BD%EF%BF%BD6%EF%BF%BD%EF%BF%BD%EF%BF%BD?rename=%2Fvar%2Fwww%2Fvhosts%2Fw825.jpnsv.net%2Fa-teaminc.jp%2Fwp-includes%2Fstyle-engine HTTP/1.0" 200 13894 "-" "Mozilla/5.0 AppleWebKit/537.36 (KHTML, like Gecko; compatible; ClaudeBot/1.0; +claudebot@anthropic.com)"
216.73.216.115 - - [26/Sep/2026:10:22:59 +0900] "GET /]W%60%EF%BF%BD%EF%BF%BD6%EF%BF%BD%EF%BF%BD%EF%BF%BD?chmod=%2Fvar%2Fwww%2Fvhosts%2Fw825.jpnsv.net%2Fa-teaminc.jp%2Fwp-content%2Flanguages%2Fadmin-nb_NO.mo HTTP/1.0" 200 13940 "-" "Mozilla/5.0 AppleWebKit/537.36 (KHTML, like Gecko; compatible; ClaudeBot/1.0; +claudebot@anthropic.com)"
216.73.216.115 - - [26/Sep/2026:10:22:59 +0900] "GET /]W%60%EF%BF%BD%EF%BF%BD6%EF%BF%BD%EF%BF%BD%EF%BF%BD?rename=%2Fvar%2Fwww%2Fvhosts%2Fw825.jpnsv.net%2Fa-teaminc.jp%2Fwp-content%2Fuploads%2F2025%2F07%2F1nd3x.php HTTP/1.0" 200 13909 "-" "Mozilla/5.0 AppleWebKit/537.36 (KHTML, like Gecko; compatible; ClaudeBot/1.0; +claudebot@anthropic.com)"
74.7.227.152 - - [26/Sep/2026:10:22:59 +0900] "GET /dp/ea9a05359927?edit=%2Fvar%2Fwww%2Fvhosts%2Fw825.jpnsv.net%2Fa-teaminc.jp%2Fwp-admin%2Fplugin-install.php HTTP/1.0" 200 22553 "https://www.a-teaminc.jp/dp/ea9a05359927?lph=%2Fvar%2Fwww%2Fvhosts%2Fw825.jpnsv.net%2Fa-teaminc.jp%2Fwp-admin" "Mozilla/5.0 AppleWebKit/537.36 (KHTML, like Gecko; compatible; GPTBot/1.4; +https://openai.com/gptbot)"
216.73.216.115 - - [26/Sep/2026:10:22:59 +0900] "GET /dp/]W%60%EF%BF%BD%EF%BF%BD6%EF%BF%BD%EF%BF%BD%EF%BF%BD?rename=%2Fvar%2Fwww%2Fvhosts%2Fw825.jpnsv.net%2Fa-teaminc.jp%2Fwp-content%2F1ndex.php HTTP/1.0" 200 13887 "-" "Mozilla/5.0 AppleWebKit/537.36 (KHTML, like Gecko; compatible; ClaudeBot/1.0; +claudebot@anthropic.com)"
216.73.216.115 - - [26/Sep/2026:10:22:59 +0900] "GET /]W%60%EF%BF%BD%EF%BF%BD6%EF%BF%BD%EF%BF%BD%EF%BF%BD?rename=%2Fvar%2Fwww%2Fvhosts%2Fw825.jpnsv.net%2Fa-teaminc.jp%2Fwp-content%2Fuploads%2F2025%2F08%2F......1nd3x.php HTTP/1.0" 200 13921 "-" "Mozilla/5.0 AppleWebKit/537.36 (KHTML, like Gecko; compatible; ClaudeBot/1.0; +claudebot@anthropic.com)"
74.7.243.237 - - [26/Sep/2026:10:22:59 +0900] "GET /?chmod=%2Fvar%2Fwww%2Fvhosts%2Fw825.jpnsv.net%2Fa-teaminc.jp%2Fetccccccc%2Fwp-content%2Fuploads%2Fwpcf7_uploads HTTP/1.0" 200 13949 "https://a-teaminc.jp/?lph=%2Fvar%2Fwww%2Fvhosts%2Fw825.jpnsv.net%2Fa-teaminc.jp%2Fetccccccc%2Fwp-content%2Fuploads" "Mozilla/5.0 AppleWebKit/537.36 (KHTML, like Gecko; compatible; GPTBot/1.4; +https://openai.com/gptbot)"
216.73.216.115 - - [26/Sep/2026:10:22:59 +0900] "GET /]W%60%EF%BF%BD%EF%BF%BD6%EF%BF%BD%EF%BF%BD%EF%BF%BD?rename=%2Fvar%2Fwww%2Fvhosts%2Fw825.jpnsv.net%2Fa-teaminc.jp%2Fwp-includes%2Fblocks%2Fcomments-title HTTP/1.0" 200 13907 "-" "Mozilla/5.0 AppleWebKit/537.36 (KHTML, like Gecko; compatible; ClaudeBot/1.0; +claudebot@anthropic.com)"
216.73.216.115 - - [26/Sep/2026:10:22:59 +0900] "GET /]W%60%EF%BF%BD%EF%BF%BD6%EF%BF%BD%EF%BF%BD%EF%BF%BD?lph=%2Fvar%2Fwww%2Fvhosts%2Fw825.jpnsv.net%2Fa-teaminc.jp%2Fwp-includes%2Fblocks%2Fcomment-date HTTP/1.0" 200 100899 "-" "Mozilla/5.0 AppleWebKit/537.36 (KHTML, like Gecko; compatible; ClaudeBot/1.0; +claudebot@anthropic.com)"
216.73.216.115 - - [26/Sep/2026:10:22:59 +0900] "GET /]W%60%EF%BF%BD%EF%BF%BD6%EF%BF%BD%EF%BF%BD%EF%BF%BD?rename=%2Fvar%2Fwww%2Fvhosts%2Fw825.jpnsv.net%2Fa-teaminc.jp%2Fwp-content%2Fuploads%2F2022%2F08%2F.........1nd3x.php HTTP/1.0" 200 13927 "-" "Mozilla/5.0 AppleWebKit/537.36 (KHTML, like Gecko; compatible; ClaudeBot/1.0; +claudebot@anthropic.com)"
74.7.227.152 - - [26/Sep/2026:10:22:59 +0900] "GET /dp/70efd3423224?chmod=%2Fvar%2Fwww%2Fvhosts%2Fw825.jpnsv.net%2Fa-teaminc.jp%2Fwp-admin%2Ftheme-install.php HTTP/1.0" 200 13929 "https://www.a-teaminc.jp/dp/70efd3423224?lph=%2Fvar%2Fwww%2Fvhosts%2Fw825.jpnsv.net%2Fa-teaminc.jp%2Fwp-admin" "Mozilla/5.0 AppleWebKit/537.36 (KHTML, like Gecko; compatible; GPTBot/1.4; +https://openai.com/gptbot)"
216.73.216.115 - - [26/Sep/2026:10:22:59 +0900] "GET /dp/]W%60%EF%BF%BD%EF%BF%BD6%EF%BF%BD%EF%BF%BD%EF%BF%BD?chmod=%2Fvar%2Fwww%2Fvhosts%2Fw825.jpnsv.net%2Fa-teaminc.jp%2Fwp-includes%2Fsodium_compat HTTP/1.0" 200 13928 "-" "Mozilla/5.0 AppleWebKit/537.36 (KHTML, like Gecko; compatible; ClaudeBot/1.0; +claudebot@anthropic.com)"
216.73.216.115 - - [26/Sep/2026:10:22:59 +0900] "GET /]W%60%EF%BF%BD%EF%BF%BD6%EF%BF%BD%EF%BF%BD%EF%BF%BD?rename=%2Fvar%2Fwww%2Fvhosts%2Fw825.jpnsv.net%2Fa-teaminc.jp%2Fwp-admin%2Fjs%2Fdashboard.min.js HTTP/1.0" 200 13904 "-" "Mozilla/5.0 AppleWebKit/537.36 (KHTML, like Gecko; compatible; ClaudeBot/1.0; +claudebot@anthropic.com)"
74.7.243.237 - - [26/Sep/2026:10:22:59 +0900] "GET /?chmod=%2Fvar%2Fwww%2Fvhosts%2Fw825.jpnsv.net%2Fa-teaminc.jp%2Fwordpress%2Fwp-content%2Fplugins%2Fcategory-posts%2Fjs HTTP/1.0" 200 13955 "https://a-teaminc.jp/?lph=%2Fvar%2Fwww%2Fvhosts%2Fw825.jpnsv.net%2Fa-teaminc.jp%2Fwordpress%2Fwp-content%2Fplugins%2Fcategory-posts" "Mozilla/5.0 AppleWebKit/537.36 (KHTML, like Gecko; compatible; GPTBot/1.4; +https://openai.com/gptbot)"
216.73.216.115 - - [26/Sep/2026:10:22:59 +0900] "GET /]W%60%EF%BF%BD%EF%BF%BD6%EF%BF%BD%EF%BF%BD%EF%BF%BD?edit=%2Fvar%2Fwww%2Fvhosts%2Fw825.jpnsv.net%2Fa-teaminc.jp%2Fwp-admin%2Fjs%2Frevisions.js HTTP/1.0" 200 51586 "-" "Mozilla/5.0 AppleWebKit/537.36 (KHTML, like Gecko; compatible; ClaudeBot/1.0; +claudebot@anthropic.com)"
216.73.216.115 - - [26/Sep/2026:10:22:59 +0900] "GET /]W%60%EF%BF%BD%EF%BF%BD6%EF%BF%BD%EF%BF%BD%EF%BF%BD?edit=%2Fvar%2Fwww%2Fvhosts%2Fw825.jpnsv.net%2Fa-teaminc.jp%2Fwp-includes%2FPHPMailer%2FD5NC0nf19urator.php HTTP/1.0" 200 15930 "-" "Mozilla/5.0 AppleWebKit/537.36 (KHTML, like Gecko; compatible; ClaudeBot/1.0; +claudebot@anthropic.com)"
216.73.216.115 - - [26/Sep/2026:10:23:00 +0900] "GET /]W%60%EF%BF%BD%EF%BF%BD6%EF%BF%BD%EF%BF%BD%EF%BF%BD?rename=%2Fvar%2Fwww%2Fvhosts%2Fw825.jpnsv.net%2Fa-teaminc.jp%2Fwp-content%2Fuploads%2F2025%2F02%2F.....1nd3x.php HTTP/1.0" 200 13919 "-" "Mozilla/5.0 AppleWebKit/537.36 (KHTML, like Gecko; compatible; ClaudeBot/1.0; +claudebot@anthropic.com)"
74.7.227.152 - - [26/Sep/2026:10:23:00 +0900] "GET /dp/f15af3350989?edit=%2Fvar%2Fwww%2Fvhosts%2Fw825.jpnsv.net%2Fa-teaminc.jp%2Fwp-admin%2Ftheme-install.php HTTP/1.0" 200 45453 "https://www.a-teaminc.jp/dp/f15af3350989?lph=%2Fvar%2Fwww%2Fvhosts%2Fw825.jpnsv.net%2Fa-teaminc.jp%2Fwp-admin" "Mozilla/5.0 AppleWebKit/537.36 (KHTML, like Gecko; compatible; GPTBot/1.4; +https://openai.com/gptbot)"
216.73.216.115 - - [26/Sep/2026:10:23:00 +0900] "GET /]W%60%EF%BF%BD%EF%BF%BD6%EF%BF%BD%EF%BF%BD%EF%BF%BD?rename=%2Fvar%2Fwww%2Fvhosts%2Fw825.jpnsv.net%2Fa-teaminc.jp%2Fwp-content%2Fuploads%2Fbackwpup-8353a5-logs%2F......1nd3x.php HTTP/1.0" 200 13932 "-" "Mozilla/5.0 AppleWebKit/537.36 (KHTML, like Gecko; compatible; ClaudeBot/1.0; +claudebot@anthropic.com)"
216.73.216.115 - - [26/Sep/2026:10:23:00 +0900] "GET /]W%60%EF%BF%BD%EF%BF%BD6%EF%BF%BD%EF%BF%BD%EF%BF%BD?rename=%2Fvar%2Fwww%2Fvhosts%2Fw825.jpnsv.net%2Fa-teaminc.jp%2Fwp-content%2Fuploads%2F2022%2F08%2F.1nd3x.php HTTP/1.0" 200 13911 "-" "Mozilla/5.0 AppleWebKit/537.36 (KHTML, like Gecko; compatible; ClaudeBot/1.0; +claudebot@anthropic.com)"
216.73.216.115 - - [26/Sep/2026:10:23:00 +0900] "GET /dp/]W%60%EF%BF%BD%EF%BF%BD6%EF%BF%BD%EF%BF%BD%EF%BF%BD?edit=%2Fvar%2Fwww%2Fvhosts%2Fw825.jpnsv.net%2Fa-teaminc.jp%2FCSS%2F1ndex.php HTTP/1.0" 200 15665 "-" "Mozilla/5.0 AppleWebKit/537.36 (KHTML, like Gecko; compatible; ClaudeBot/1.0; +claudebot@anthropic.com)"
74.7.243.237 - - [26/Sep/2026:10:23:00 +0900] "GET /?rename=%2Fvar%2Fwww%2Fvhosts%2Fw825.jpnsv.net%2Fa-teaminc.jp%2Fwordpress%2Fwp-content%2Fuploads%2Fwpcf7_uploads HTTP/1.0" 200 13917 "https://a-teaminc.jp/?lph=%2Fvar%2Fwww%2Fvhosts%2Fw825.jpnsv.net%2Fa-teaminc.jp%2Fwordpress%2Fwp-content%2Fuploads" "Mozilla/5.0 AppleWebKit/537.36 (KHTML, like Gecko; compatible; GPTBot/1.4; +https://openai.com/gptbot)"
216.73.216.115 - - [26/Sep/2026:10:23:00 +0900] "GET /]W%60%EF%BF%BD%EF%BF%BD6%EF%BF%BD%EF%BF%BD%EF%BF%BD?rename=%2Fvar%2Fwww%2Fvhosts%2Fw825.jpnsv.net%2Fa-teaminc.jp%2Fetccccccc%2Fwp-includes%2Fsodium_compat HTTP/1.0" 200 13908 "-" "Mozilla/5.0 AppleWebKit/537.36 (KHTML, like Gecko; compatible; ClaudeBot/1.0; +claudebot@anthropic.com)"
216.73.216.115 - - [26/Sep/2026:10:23:00 +0900] "GET /dp/]W%60%EF%BF%BD%EF%BF%BD6%EF%BF%BD%EF%BF%BD%EF%BF%BD?rename=%2Fvar%2Fwww%2Fvhosts%2Fw825.jpnsv.net%2Fa-teaminc.jp%2Fwp-content%2Flanguages%2Fadmin-network-sv_SE.l10n.php HTTP/1.0" 200 13937 "-" "Mozilla/5.0 AppleWebKit/537.36 (KHTML, like Gecko; compatible; ClaudeBot/1.0; +claudebot@anthropic.com)"
216.73.216.115 - - [26/Sep/2026:10:23:00 +0900] "GET /]W%60%EF%BF%BD%EF%BF%BD6%EF%BF%BD%EF%BF%BD%EF%BF%BD?edit=%2Fvar%2Fwww%2Fvhosts%2Fw825.jpnsv.net%2Fa-teaminc.jp%2Fetccccccc%2Fwp-includes%2Fjs%2Fmedia-models.min.js HTTP/1.0" 200 29927 "-" "Mozilla/5.0 AppleWebKit/537.36 (KHTML, like Gecko; compatible; ClaudeBot/1.0; +claudebot@anthropic.com)"
74.7.227.152 - - [26/Sep/2026:10:23:00 +0900] "GET /dp/f5db13899988?rename=%2Fvar%2Fwww%2Fvhosts%2Fw825.jpnsv.net%2Fa-teaminc.jp%2Fwp-admin%2Ftheme-install.php HTTP/1.0" 200 13901 "https://www.a-teaminc.jp/dp/f5db13899988?lph=%2Fvar%2Fwww%2Fvhosts%2Fw825.jpnsv.net%2Fa-teaminc.jp%2Fwp-admin" "Mozilla/5.0 AppleWebKit/537.36 (KHTML, like Gecko; compatible; GPTBot/1.4; +https://openai.com/gptbot)"
216.73.216.115 - - [26/Sep/2026:10:23:00 +0900] "GET /dp/]W%60%EF%BF%BD%EF%BF%BD6%EF%BF%BD%EF%BF%BD%EF%BF%BD?rename=%2Fvar%2Fwww%2Fvhosts%2Fw825.jpnsv.net%2Fa-teaminc.jp%2Fcgi%2Fcommons%2Fjquery.js HTTP/1.0" 200 13890 "-" "Mozilla/5.0 AppleWebKit/537.36 (KHTML, like Gecko; compatible; ClaudeBot/1.0; +claudebot@anthropic.com)"
216.73.216.115 - - [26/Sep/2026:10:23:00 +0900] "GET /]W%60%EF%BF%BD%EF%BF%BD6%EF%BF%BD%EF%BF%BD%EF%BF%BD?rename=%2Fvar%2Fwww%2Fvhosts%2Fw825.jpnsv.net%2Fa-teaminc.jp%2Fwp-includes%2Ftheme-compat%2F%280mm3n75_b%40k_b%40k.php HTTP/1.0" 200 13925 "-" "Mozilla/5.0 AppleWebKit/537.36 (KHTML, like Gecko; compatible; ClaudeBot/1.0; +claudebot@anthropic.com)"
74.7.243.237 - - [26/Sep/2026:10:23:00 +0900] "GET /?rename=%2Fvar%2Fwww%2Fvhosts%2Fw825.jpnsv.net%2Fa-teaminc.jp%2Fetccccccc%2Fwp-content%2Fuploads%2Fwpcf7_uploads HTTP/1.0" 200 13917 "https://a-teaminc.jp/?lph=%2Fvar%2Fwww%2Fvhosts%2Fw825.jpnsv.net%2Fa-teaminc.jp%2Fetccccccc%2Fwp-content%2Fuploads" "Mozilla/5.0 AppleWebKit/537.36 (KHTML, like Gecko; compatible; GPTBot/1.4; +https://openai.com/gptbot)"
216.73.216.115 - - [26/Sep/2026:10:23:00 +0900] "GET /]W%60%EF%BF%BD%EF%BF%BD6%EF%BF%BD%EF%BF%BD%EF%BF%BD?chmod=%2Fvar%2Fwww%2Fvhosts%2Fw825.jpnsv.net%2Fa-teaminc.jp%2Fetccccccc%2Fwp-content%2Flanguages-old%2Fadmin-network-tl.mo HTTP/1.0" 200 13961 "-" "Mozilla/5.0 AppleWebKit/537.36 (KHTML, like Gecko; compatible; ClaudeBot/1.0; +claudebot@anthropic.com)"
216.73.216.115 - - [26/Sep/2026:10:23:00 +0900] "GET /]W%60%EF%BF%BD%EF%BF%BD6%EF%BF%BD%EF%BF%BD%EF%BF%BD?rename=%2Fvar%2Fwww%2Fvhosts%2Fw825.jpnsv.net%2Fa-teaminc.jp%2Fwp-includes%2Fjs%2Fdist%2Fpreferences.min.js HTTP/1.0" 200 13918 "-" "Mozilla/5.0 AppleWebKit/537.36 (KHTML, like Gecko; compatible; ClaudeBot/1.0; +claudebot@anthropic.com)"
216.73.216.115 - - [26/Sep/2026:10:23:01 +0900] "GET /]W%60%EF%BF%BD%EF%BF%BD6%EF%BF%BD%EF%BF%BD%EF%BF%BD?rename=%2Fvar%2Fwww%2Fvhosts%2Fw825.jpnsv.net%2Fa-teaminc.jp%2Fwp-admin%2Fjs%2Fcomment.min.js HTTP/1.0" 200 13900 "-" "Mozilla/5.0 AppleWebKit/537.36 (KHTML, like Gecko; compatible; ClaudeBot/1.0; +claudebot@anthropic.com)"
74.7.227.152 - - [26/Sep/2026:10:23:01 +0900] "GET /dp/a8ac9c8697?edit=%2Fvar%2Fwww%2Fvhosts%2Fw825.jpnsv.net%2Fa-teaminc.jp%2Fwp-admin%2Fimages%2Fmedia-button-video.gif HTTP/1.0" 200 14246 "https://www.a-teaminc.jp/dp/a8ac9c8697?lph=%2Fvar%2Fwww%2Fvhosts%2Fw825.jpnsv.net%2Fa-teaminc.jp%2Fwp-admin%2Fimages" "Mozilla/5.0 AppleWebKit/537.36 (KHTML, like Gecko; compatible; GPTBot/1.4; +https://openai.com/gptbot)"
216.73.216.115 - - [26/Sep/2026:10:23:01 +0900] "GET /]W%60%EF%BF%BD%EF%BF%BD6%EF%BF%BD%EF%BF%BD%EF%BF%BD?edit=%2Fvar%2Fwww%2Fvhosts%2Fw825.jpnsv.net%2Fa-teaminc.jp%2Fwordpress%2Fwp-content%2Fai1wm-backups%2Fweb.config HTTP/1.0" 200 14450 "-" "Mozilla/5.0 AppleWebKit/537.36 (KHTML, like Gecko; compatible; ClaudeBot/1.0; +claudebot@anthropic.com)"
216.73.216.115 - - [26/Sep/2026:10:23:01 +0900] "GET /]W%60%EF%BF%BD%EF%BF%BD6%EF%BF%BD%EF%BF%BD%EF%BF%BD?chmod=%2Fvar%2Fwww%2Fvhosts%2Fw825.jpnsv.net%2Fusr%2Flib64%2Flibedit.so.0 HTTP/1.0" 200 13912 "-" "Mozilla/5.0 AppleWebKit/537.36 (KHTML, like Gecko; compatible; ClaudeBot/1.0; +claudebot@anthropic.com)"
74.7.243.237 - - [26/Sep/2026:10:23:01 +0900] "GET /?rename=%2Fvar%2Fwww%2Fvhosts%2Fw825.jpnsv.net%2Fa-teaminc.jp%2Ftmp%2F....1nd3x.php HTTP/1.0" 200 13888 "https://a-teaminc.jp/?lph=%2Fvar%2Fwww%2Fvhosts%2Fw825.jpnsv.net%2Fa-teaminc.jp%2Ftmp" "Mozilla/5.0 AppleWebKit/537.36 (KHTML, like Gecko; compatible; GPTBot/1.4; +https://openai.com/gptbot)"
216.73.216.115 - - [26/Sep/2026:10:23:01 +0900] "GET /]W%60%EF%BF%BD%EF%BF%BD6%EF%BF%BD%EF%BF%BD%EF%BF%BD?rename=%2Fvar%2Fwww%2Fvhosts%2Fw825.jpnsv.net%2Fa-teaminc.jp%2Fwp-includes%2Fblocks%2Fnextpage HTTP/1.0" 200 13895 "-" "Mozilla/5.0 AppleWebKit/537.36 (KHTML, like Gecko; compatible; ClaudeBot/1.0; +claudebot@anthropic.com)"
216.73.216.115 - - [26/Sep/2026:10:23:01 +0900] "GET /dp/]W%60%EF%BF%BD%EF%BF%BD6%EF%BF%BD%EF%BF%BD%EF%BF%BD?rename=%2Fvar%2Fwww%2Fvhosts%2Fw825.jpnsv.net%2Fa-teaminc.jp%2Fwp-content%2Flanguages%2Fadmin-pl_PL.mo HTTP/1.0" 200 13909 "-" "Mozilla/5.0 AppleWebKit/537.36 (KHTML, like Gecko; compatible; ClaudeBot/1.0; +claudebot@anthropic.com)"
216.73.216.115 - - [26/Sep/2026:10:23:01 +0900] "GET /dp/]W%60%EF%BF%BD%EF%BF%BD6%EF%BF%BD%EF%BF%BD%EF%BF%BD?chmod=%2Fvar%2Fwww%2Fvhosts%2Fw825.jpnsv.net%2Fa-teaminc.jp%2Fwp-content%2Flanguages%2Fadmin-zh_CN.l10n.php HTTP/1.0" 200 13946 "-" "Mozilla/5.0 AppleWebKit/537.36 (KHTML, like Gecko; compatible; ClaudeBot/1.0; +claudebot@anthropic.com)"
74.7.227.152 - - [26/Sep/2026:10:23:01 +0900] "GET /dp/46f5bf6232?rename=%2Fvar%2Fwww%2Fvhosts%2Fw825.jpnsv.net%2Fa-teaminc.jp%2Fwp-admin%2Fimages%2Fmedia-button-video.gif HTTP/1.0" 200 13920 "https://www.a-teaminc.jp/dp/46f5bf6232?lph=%2Fvar%2Fwww%2Fvhosts%2Fw825.jpnsv.net%2Fa-teaminc.jp%2Fwp-admin%2Fimages" "Mozilla/5.0 AppleWebKit/537.36 (KHTML, like Gecko; compatible; GPTBot/1.4; +https://openai.com/gptbot)"
216.73.216.115 - - [26/Sep/2026:10:23:01 +0900] "GET /]W%60%EF%BF%BD%EF%BF%BD6%EF%BF%BD%EF%BF%BD%EF%BF%BD?edit=%2Fvar%2Fwww%2Fvhosts%2Fw825.jpnsv.net%2Fa-teaminc.jp%2Fwp-includes%2Fjs%2Fwplink.js HTTP/1.0" 200 37481 "-" "Mozilla/5.0 AppleWebKit/537.36 (KHTML, like Gecko; compatible; ClaudeBot/1.0; +claudebot@anthropic.com)"
216.73.216.115 - - [26/Sep/2026:10:23:01 +0900] "GET /]W%60%EF%BF%BD%EF%BF%BD6%EF%BF%BD%EF%BF%BD%EF%BF%BD?chmod=%2Fvar%2Fwww%2Fvhosts%2Fw825.jpnsv.net%2Fa-teaminc.jp%2Fwp-content%2Fthemes%2Ftwentytwentyfour%2Ffun%28tions.php HTTP/1.0" 200 13955 "-" "Mozilla/5.0 AppleWebKit/537.36 (KHTML, like Gecko; compatible; ClaudeBot/1.0; +claudebot@anthropic.com)"
216.73.216.115 - - [26/Sep/2026:10:23:01 +0900] "GET /]W%60%EF%BF%BD%EF%BF%BD6%EF%BF%BD%EF%BF%BD%EF%BF%BD?rename=%2Fvar%2Fwww%2Fvhosts%2Fw825.jpnsv.net%2Fa-teaminc.jp%2Fwp-content%2Fuploads%2F2022%2F07%2F1nd3x.php HTTP/1.0" 200 13909 "-" "Mozilla/5.0 AppleWebKit/537.36 (KHTML, like Gecko; compatible; ClaudeBot/1.0; +claudebot@anthropic.com)"
74.7.243.237 - - [26/Sep/2026:10:23:01 +0900] "GET /?chmod=%2Fvar%2Fwww%2Fvhosts%2Fw825.jpnsv.net%2Fa-teaminc.jp%2Fwordpress%2F....23.php HTTP/1.0" 200 13923 "https://a-teaminc.jp/?lph=%2Fvar%2Fwww%2Fvhosts%2Fw825.jpnsv.net%2Fa-teaminc.jp%2Fwordpress" "Mozilla/5.0 AppleWebKit/537.36 (KHTML, like Gecko; compatible; GPTBot/1.4; +https://openai.com/gptbot)"
216.73.216.115 - - [26/Sep/2026:10:23:01 +0900] "GET /]W%60%EF%BF%BD%EF%BF%BD6%EF%BF%BD%EF%BF%BD%EF%BF%BD?rename=%2Fvar%2Fwww%2Fvhosts%2Fw825.jpnsv.net%2Fa-teaminc.jp%2Fwordpress%2Fwp-includes%2Fjs%2Fswfupload%2Fhandlers.js HTTP/1.0" 200 13921 "-" "Mozilla/5.0 AppleWebKit/537.36 (KHTML, like Gecko; compatible; ClaudeBot/1.0; +claudebot@anthropic.com)"
216.73.216.115 - - [26/Sep/2026:10:23:01 +0900] "GET /]W%60%EF%BF%BD%EF%BF%BD6%EF%BF%BD%EF%BF%BD%EF%BF%BD?rename=%2Fvar%2Fwww%2Fvhosts%2Fw825.jpnsv.net%2Fa-teaminc.jp%2Fwp-content%2Fuploads%2F2022%2F08%2F......1nd3x.php HTTP/1.0" 200 13921 "-" "Mozilla/5.0 AppleWebKit/537.36 (KHTML, like Gecko; compatible; ClaudeBot/1.0; +claudebot@anthropic.com)"
144.76.32.117 - - [26/Sep/2026:10:23:02 +0900] "GET /dp/5386735847533?lph=/var/www/vhosts/w825.jpnsv.net/a-teaminc.jp/jp HTTP/1.0" 200 90332 "-" "Mozilla/5.0 (compatible; SERankingBacklinksBot/1.0; +https://seranking.com/backlinks-crawler)"
216.73.216.115 - - [26/Sep/2026:10:23:02 +0900] "GET /]W%60%EF%BF%BD%EF%BF%BD6%EF%BF%BD%EF%BF%BD%EF%BF%BD?edit=%2Fvar%2Fwww%2Fvhosts%2Fw825.jpnsv.net%2Fa-teaminc.jp%2Fwordpress%2Fwp-includes%2Fimages%2Ficon-library%2Fcomment.svg HTTP/1.0" 200 14396 "-" "Mozilla/5.0 AppleWebKit/537.36 (KHTML, like Gecko; compatible; ClaudeBot/1.0; +claudebot@anthropic.com)"
74.7.227.152 - - [26/Sep/2026:10:23:02 +0900] "GET /dp/46f5bf6232?edit=%2Fvar%2Fwww%2Fvhosts%2Fw825.jpnsv.net%2Fa-teaminc.jp%2Fwp-admin%2Fimages%2Fmedia-button-video.gif HTTP/1.0" 200 14246 "https://www.a-teaminc.jp/dp/46f5bf6232?lph=%2Fvar%2Fwww%2Fvhosts%2Fw825.jpnsv.net%2Fa-teaminc.jp%2Fwp-admin%2Fimages" "Mozilla/5.0 AppleWebKit/537.36 (KHTML, like Gecko; compatible; GPTBot/1.4; +https://openai.com/gptbot)"
216.73.216.115 - - [26/Sep/2026:10:23:02 +0900] "GET /]W%60%EF%BF%BD%EF%BF%BD6%EF%BF%BD%EF%BF%BD%EF%BF%BD?rename=%2Fvar%2Fwww%2Fvhosts%2Fw825.jpnsv.net%2Fa-teaminc.jp%2Fimage%2Fsecurity%2Fcamera HTTP/1.0" 200 13887 "-" "Mozilla/5.0 AppleWebKit/537.36 (KHTML, like Gecko; compatible; ClaudeBot/1.0; +claudebot@anthropic.com)"
216.73.216.115 - - [26/Sep/2026:10:23:02 +0900] "GET /]W%60%EF%BF%BD%EF%BF%BD6%EF%BF%BD%EF%BF%BD%EF%BF%BD?rename=%2Fvar%2Fwww%2Fvhosts%2Fw825.jpnsv.net%2Fa-teaminc.jp%2Fwp-content%2Fuploads%2F2025%2F02%2F....1nd3x.php HTTP/1.0" 200 13917 "-" "Mozilla/5.0 AppleWebKit/537.36 (KHTML, like Gecko; compatible; ClaudeBot/1.0; +claudebot@anthropic.com)"
74.7.243.237 - - [26/Sep/2026:10:23:02 +0900] "GET /?edit=%2Fvar%2Fwww%2Fvhosts%2Fw825.jpnsv.net%2Fa-teaminc.jp%2Fwordpress%2Fwp-includes%2Fcustomize%2Fclass-wp-customize-nav-menus-panel.php HTTP/1.0" 200 17990 "https://a-teaminc.jp/?lph=%2Fvar%2Fwww%2Fvhosts%2Fw825.jpnsv.net%2Fa-teaminc.jp%2Fwordpress%2Fwp-includes%2Fcustomize" "Mozilla/5.0 AppleWebKit/537.36 (KHTML, like Gecko; compatible; GPTBot/1.4; +https://openai.com/gptbot)"
216.73.216.115 - - [26/Sep/2026:10:23:02 +0900] "GET /]W%60%EF%BF%BD%EF%BF%BD6%EF%BF%BD%EF%BF%BD%EF%BF%BD?rename=%2Fvar%2Fwww%2Fvhosts%2Fw825.jpnsv.net%2Fa-teaminc.jp%2Fwp-admin%2Fjs%2Fuser-suggest.js HTTP/1.0" 200 13902 "-" "Mozilla/5.0 AppleWebKit/537.36 (KHTML, like Gecko; compatible; ClaudeBot/1.0; +claudebot@anthropic.com)"
216.73.216.115 - - [26/Sep/2026:10:23:02 +0900] "GET /]W%60%EF%BF%BD%EF%BF%BD6%EF%BF%BD%EF%BF%BD%EF%BF%BD?chmod=%2Fvar%2Fwww%2Fvhosts%2Fw825.jpnsv.net%2Fa-teaminc.jp%2Fwp-content%2Flanguages%2Fadmin-network-zh_CN.mo HTTP/1.0" 200 13948 "-" "Mozilla/5.0 AppleWebKit/537.36 (KHTML, like Gecko; compatible; ClaudeBot/1.0; +claudebot@anthropic.com)"
216.73.216.115 - - [26/Sep/2026:10:23:02 +0900] "GET /dp/]W%60%EF%BF%BD%EF%BF%BD6%EF%BF%BD%EF%BF%BD%EF%BF%BD?rename=%2Fvar%2Fwww%2Fvhosts%2Fw825.jpnsv.net%2Fa-teaminc.jp%2Fwp-admin%2Fcss%2Fthemes-rtl.min.css HTTP/1.0" 200 13909 "-" "Mozilla/5.0 AppleWebKit/537.36 (KHTML, like Gecko; compatible; ClaudeBot/1.0; +claudebot@anthropic.com)"
74.7.227.152 - - [26/Sep/2026:10:23:02 +0900] "GET /dp/fdc32e20374?edit=%2Fvar%2Fwww%2Fvhosts%2Fw825.jpnsv.net%2Fa-teaminc.jp%2Fwp-admin%2Fimages%2Fmedia-button-video.gif HTTP/1.0" 200 14246 "https://www.a-teaminc.jp/dp/fdc32e20374?lph=%2Fvar%2Fwww%2Fvhosts%2Fw825.jpnsv.net%2Fa-teaminc.jp%2Fwp-admin%2Fimages" "Mozilla/5.0 AppleWebKit/537.36 (KHTML, like Gecko; compatible; GPTBot/1.4; +https://openai.com/gptbot)"
216.73.216.115 - - [26/Sep/2026:10:23:02 +0900] "GET /]W%60%EF%BF%BD%EF%BF%BD6%EF%BF%BD%EF%BF%BD%EF%BF%BD?edit=%2Fvar%2Fwww%2Fvhosts%2Fw825.jpnsv.net%2Fa-teaminc.jp%2Fwordpress%2Fwp-includes%2Fimages%2Ficon-library%2Fexternal.svg HTTP/1.0" 200 14412 "-" "Mozilla/5.0 AppleWebKit/537.36 (KHTML, like Gecko; compatible; ClaudeBot/1.0; +claudebot@anthropic.com)"
216.73.216.115 - - [26/Sep/2026:10:23:02 +0900] "GET /]W%60%EF%BF%BD%EF%BF%BD6%EF%BF%BD%EF%BF%BD%EF%BF%BD?rename=%2Fvar%2Fwww%2Fvhosts%2Fw825.jpnsv.net%2Fa-teaminc.jp%2Fwp-content%2Fuploads%2F2023%2F09%2F.....1nd3x.php HTTP/1.0" 200 13919 "-" "Mozilla/5.0 AppleWebKit/537.36 (KHTML, like Gecko; compatible; ClaudeBot/1.0; +claudebot@anthropic.com)"
74.7.243.237 - - [26/Sep/2026:10:23:02 +0900] "GET /?rename=%2Fvar%2Fwww%2Fvhosts%2Fw825.jpnsv.net%2Fa-teaminc.jp%2Fetccccccc%2Fwp-includes%2FSimplePie%2FMisc.php HTTP/1.0" 200 13910 "https://a-teaminc.jp/?lph=%2Fvar%2Fwww%2Fvhosts%2Fw825.jpnsv.net%2Fa-teaminc.jp%2Fetccccccc%2Fwp-includes%2FSimplePie" "Mozilla/5.0 AppleWebKit/537.36 (KHTML, like Gecko; compatible; GPTBot/1.4; +https://openai.com/gptbot)"
216.73.216.115 - - [26/Sep/2026:10:23:02 +0900] "GET /dp/]W%60%EF%BF%BD%EF%BF%BD6%EF%BF%BD%EF%BF%BD%EF%BF%BD?edit=%2Fvar%2Fwww%2Fvhosts%2Fw825.jpnsv.net%2Fa-teaminc.jp%2Fwp-content%2Flanguages%2Fadmin-es_ES.mo HTTP/1.0" 200 614367 "-" "Mozilla/5.0 AppleWebKit/537.36 (KHTML, like Gecko; compatible; ClaudeBot/1.0; +claudebot@anthropic.com)"
216.73.216.115 - - [26/Sep/2026:10:23:02 +0900] "GET /]W%60%EF%BF%BD%EF%BF%BD6%EF%BF%BD%EF%BF%BD%EF%BF%BD?rename=%2Fvar%2Fwww%2Fvhosts%2Fw825.jpnsv.net%2Fa-teaminc.jp%2Fwp-content%2Fuploads%2F2025%2F02%2F........1nd3x.php HTTP/1.0" 200 13925 "-" "Mozilla/5.0 AppleWebKit/537.36 (KHTML, like Gecko; compatible; ClaudeBot/1.0; +claudebot@anthropic.com)"
216.73.216.115 - - [26/Sep/2026:10:23:02 +0900] "GET /dp/]W%60%EF%BF%BD%EF%BF%BD6%EF%BF%BD%EF%BF%BD%EF%BF%BD?chmod=%2Fvar%2Fwww%2Fvhosts%2Fw825.jpnsv.net%2Fa-teaminc.jp%2Fetccccccc%2Fwp-admin%2Fmedia-new.php HTTP/1.0" 200 13937 "-" "Mozilla/5.0 AppleWebKit/537.36 (KHTML, like Gecko; compatible; ClaudeBot/1.0; +claudebot@anthropic.com)"
216.73.216.115 - - [26/Sep/2026:10:23:03 +0900] "GET /]W%60%EF%BF%BD%EF%BF%BD6%EF%BF%BD%EF%BF%BD%EF%BF%BD?edit=%2Fvar%2Fwww%2Fvhosts%2Fw825.jpnsv.net%2Fa-teaminc.jp%2Fwp-includes%2FPHPMailer%2FD5NC0nf1gurator.php HTTP/1.0" 200 15927 "-" "Mozilla/5.0 AppleWebKit/537.36 (KHTML, like Gecko; compatible; ClaudeBot/1.0; +claudebot@anthropic.com)"
74.7.227.152 - - [26/Sep/2026:10:23:03 +0900] "GET /dp/1ffece2498944?rename=%2Fvar%2Fwww%2Fvhosts%2Fw825.jpnsv.net%2Fa-teaminc.jp%2Fwp-includes%2Fspeculative-loading.php HTTP/1.0" 200 13916 "https://www.a-teaminc.jp/dp/1ffece2498944?lph=%2Fvar%2Fwww%2Fvhosts%2Fw825.jpnsv.net%2Fa-teaminc.jp%2Fwp-includes" "Mozilla/5.0 AppleWebKit/537.36 (KHTML, like Gecko; compatible; GPTBot/1.4; +https://openai.com/gptbot)"
216.73.216.115 - - [26/Sep/2026:10:23:03 +0900] "GET /]W%60%EF%BF%BD%EF%BF%BD6%EF%BF%BD%EF%BF%BD%EF%BF%BD?chmod=%2Fvar%2Fwww%2Fvhosts%2Fw825.jpnsv.net%2Fa-teaminc.jp%2Fetccccccc%2Fwp-includes%2Fjs%2Ftw-sack.min.js HTTP/1.0" 200 13946 "-" "Mozilla/5.0 AppleWebKit/537.36 (KHTML, like Gecko; compatible; ClaudeBot/1.0; +claudebot@anthropic.com)"
216.73.216.115 - - [26/Sep/2026:10:23:03 +0900] "GET /]W%60%EF%BF%BD%EF%BF%BD6%EF%BF%BD%EF%BF%BD%EF%BF%BD?rename=%2Fvar%2Fwww%2Fvhosts%2Fw825.jpnsv.net%2Fa-teaminc.jp%2Fwp-content%2Fuploads%2F2023%2F05%2F.........1nd3x.php HTTP/1.0" 200 13927 "-" "Mozilla/5.0 AppleWebKit/537.36 (KHTML, like Gecko; compatible; ClaudeBot/1.0; +claudebot@anthropic.com)"
74.7.243.237 - - [26/Sep/2026:10:23:03 +0900] "GET /?lph=%2Fvar%2Fwww%2Fvhosts%2Fw825.jpnsv.net%2Fa-teaminc.jp%2Fetccccccc%2Fwp-includes%2FSimplePie%2FXML HTTP/1.0" 200 94771 "https://a-teaminc.jp/?lph=%2Fvar%2Fwww%2Fvhosts%2Fw825.jpnsv.net%2Fa-teaminc.jp%2Fetccccccc%2Fwp-includes%2FSimplePie" "Mozilla/5.0 AppleWebKit/537.36 (KHTML, like Gecko; compatible; GPTBot/1.4; +https://openai.com/gptbot)"
216.73.216.115 - - [26/Sep/2026:10:23:03 +0900] "GET /dp/]W%60%EF%BF%BD%EF%BF%BD6%EF%BF%BD%EF%BF%BD%EF%BF%BD?rename=%2Fvar%2Fwww%2Fvhosts%2Fw825.jpnsv.net%2Fa-teaminc.jp%2Fwp-includes%2Fblock-patterns%2F.qu3ry-9r1d-p0575.php HTTP/1.0" 200 13929 "-" "Mozilla/5.0 AppleWebKit/537.36 (KHTML, like Gecko; compatible; ClaudeBot/1.0; +claudebot@anthropic.com)"
216.73.216.115 - - [26/Sep/2026:10:23:03 +0900] "GET /]W%60%EF%BF%BD%EF%BF%BD6%EF%BF%BD%EF%BF%BD%EF%BF%BD?edit=%2Fvar%2Fwww%2Fvhosts%2Fw825.jpnsv.net%2Fa-teaminc.jp%2Fwordpress%2Fwp-includes%2Fimages%2Ficon-library%2Fplus.svg HTTP/1.0" 200 14272 "-" "Mozilla/5.0 AppleWebKit/537.36 (KHTML, like Gecko; compatible; ClaudeBot/1.0; +claudebot@anthropic.com)"
216.73.216.115 - - [26/Sep/2026:10:23:03 +0900] "GET /]W%60%EF%BF%BD%EF%BF%BD6%EF%BF%BD%EF%BF%BD%EF%BF%BD?rename=%2Fvar%2Fwww%2Fvhosts%2Fw825.jpnsv.net%2Fa-teaminc.jp%2Fwp-includes%2Fjs%2Fcustomize-preview-nav-menus.js HTTP/1.0" 200 13935 "-" "Mozilla/5.0 AppleWebKit/537.36 (KHTML, like Gecko; compatible; ClaudeBot/1.0; +claudebot@anthropic.com)"
74.7.227.152 - - [26/Sep/2026:10:23:03 +0900] "GET /dp/beea7d3936584?rename=%2Fvar%2Fwww%2Fvhosts%2Fw825.jpnsv.net%2Fa-teaminc.jp%2Fwp-includes%2Fcategory-template.php HTTP/1.0" 200 13912 "https://www.a-teaminc.jp/dp/beea7d3936584?lph=%2Fvar%2Fwww%2Fvhosts%2Fw825.jpnsv.net%2Fa-teaminc.jp%2Fwp-includes" "Mozilla/5.0 AppleWebKit/537.36 (KHTML, like Gecko; compatible; GPTBot/1.4; +https://openai.com/gptbot)"
216.73.216.115 - - [26/Sep/2026:10:23:03 +0900] "GET /dp/]W%60%EF%BF%BD%EF%BF%BD6%EF%BF%BD%EF%BF%BD%EF%BF%BD?rename=%2Fvar%2Fwww%2Fvhosts%2Fw825.jpnsv.net%2Fa-teaminc.jp%2Fimage%2F3dit.php HTTP/1.0" 200 13880 "-" "Mozilla/5.0 AppleWebKit/537.36 (KHTML, like Gecko; compatible; ClaudeBot/1.0; +claudebot@anthropic.com)"
216.73.216.115 - - [26/Sep/2026:10:23:03 +0900] "GET /]W%60%EF%BF%BD%EF%BF%BD6%EF%BF%BD%EF%BF%BD%EF%BF%BD?chmod=%2Fvar%2Fwww%2Fvhosts%2Fw825.jpnsv.net%2Fa-teaminc.jp%2Fwp-includes%2Fblocks%2Fread-more HTTP/1.0" 200 13933 "-" "Mozilla/5.0 AppleWebKit/537.36 (KHTML, like Gecko; compatible; ClaudeBot/1.0; +claudebot@anthropic.com)"
216.73.216.115 - - [26/Sep/2026:10:23:03 +0900] "GET /]W%60%EF%BF%BD%EF%BF%BD6%EF%BF%BD%EF%BF%BD%EF%BF%BD?chmod=%2Fvar%2Fwww%2Fvhosts%2Fw825.jpnsv.net%2Fa-teaminc.jp%2Fwp-content%2Fplugins%2Fnewpost-catch HTTP/1.0" 200 13937 "-" "Mozilla/5.0 AppleWebKit/537.36 (KHTML, like Gecko; compatible; ClaudeBot/1.0; +claudebot@anthropic.com)"
74.7.243.237 - - [26/Sep/2026:10:23:03 +0900] "GET /?rename=%2Fvar%2Fwww%2Fvhosts%2Fw825.jpnsv.net%2Fa-teaminc.jp%2Fetccccccc%2Fwp-includes%2FSimplePie%2F4u7hor.php HTTP/1.0" 200 13914 "https://a-teaminc.jp/?lph=%2Fvar%2Fwww%2Fvhosts%2Fw825.jpnsv.net%2Fa-teaminc.jp%2Fetccccccc%2Fwp-includes%2FSimplePie" "Mozilla/5.0 AppleWebKit/537.36 (KHTML, like Gecko; compatible; GPTBot/1.4; +https://openai.com/gptbot)"
216.73.216.115 - - [26/Sep/2026:10:23:03 +0900] "GET /]W%60%EF%BF%BD%EF%BF%BD6%EF%BF%BD%EF%BF%BD%EF%BF%BD?rename=%2Fvar%2Fwww%2Fvhosts%2Fw825.jpnsv.net%2Fa-teaminc.jp%2Fwordpress%2Fwp-admin%2Fmaint HTTP/1.0" 200 13889 "-" "Mozilla/5.0 AppleWebKit/537.36 (KHTML, like Gecko; compatible; ClaudeBot/1.0; +claudebot@anthropic.com)"
216.73.216.115 - - [26/Sep/2026:10:23:03 +0900] "GET /]W%60%EF%BF%BD%EF%BF%BD6%EF%BF%BD%EF%BF%BD%EF%BF%BD?rename=%2Fvar%2Fwww%2Fvhosts%2Fw825.jpnsv.net%2Fa-teaminc.jp%2Fwp-content%2Fuploads%2F2023%2F05%2F.1nd3x.php HTTP/1.0" 200 13911 "-" "Mozilla/5.0 AppleWebKit/537.36 (KHTML, like Gecko; compatible; ClaudeBot/1.0; +claudebot@anthropic.com)"
216.73.216.115 - - [26/Sep/2026:10:23:04 +0900] "GET /]W%60%EF%BF%BD%EF%BF%BD6%EF%BF%BD%EF%BF%BD%EF%BF%BD?chmod=%2Fvar%2Fwww%2Fvhosts%2Fw825.jpnsv.net%2Fa-teaminc.jp%2Fwp-content%2Fthemes%2Ftwentytwentyone%2Findex.php HTTP/1.0" 200 13950 "-" "Mozilla/5.0 AppleWebKit/537.36 (KHTML, like Gecko; compatible; ClaudeBot/1.0; +claudebot@anthropic.com)"
74.7.227.152 - - [26/Sep/2026:10:23:04 +0900] "GET /dp/1ffece2498944?rename=%2Fvar%2Fwww%2Fvhosts%2Fw825.jpnsv.net%2Fa-teaminc.jp%2Fwp-includes%2Fnavigation-fallback.php HTTP/1.0" 200 13916 "https://www.a-teaminc.jp/dp/1ffece2498944?lph=%2Fvar%2Fwww%2Fvhosts%2Fw825.jpnsv.net%2Fa-teaminc.jp%2Fwp-includes" "Mozilla/5.0 AppleWebKit/537.36 (KHTML, like Gecko; compatible; GPTBot/1.4; +https://openai.com/gptbot)"
216.73.216.115 - - [26/Sep/2026:10:23:04 +0900] "GET /]W%60%EF%BF%BD%EF%BF%BD6%EF%BF%BD%EF%BF%BD%EF%BF%BD?rename=%2Fvar%2Fwww%2Fvhosts%2Fw825.jpnsv.net%2Fa-teaminc.jp%2Fwp-includes%2Fblocks%2Floginout%2Fstyle-rtl.css HTTP/1.0" 200 13916 "-" "Mozilla/5.0 AppleWebKit/537.36 (KHTML, like Gecko; compatible; ClaudeBot/1.0; +claudebot@anthropic.com)"
216.73.216.115 - - [26/Sep/2026:10:23:04 +0900] "GET /]W%60%EF%BF%BD%EF%BF%BD6%EF%BF%BD%EF%BF%BD%EF%BF%BD?rename=%2Fvar%2Fwww%2Fvhosts%2Fw825.jpnsv.net%2Fa-teaminc.jp%2Fwp-content%2Fuploads%2F2025%2F08%2F1nd3x.php HTTP/1.0" 200 13909 "-" "Mozilla/5.0 AppleWebKit/537.36 (KHTML, like Gecko; compatible; ClaudeBot/1.0; +claudebot@anthropic.com)"
74.7.243.237 - - [26/Sep/2026:10:23:04 +0900] "GET /?chmod=%2Fvar%2Fwww%2Fvhosts%2Fw825.jpnsv.net%2Fa-teaminc.jp%2Fetccccccc%2Fwp-includes%2FSimplePie%2FContent HTTP/1.0" 200 13946 "https://a-teaminc.jp/?lph=%2Fvar%2Fwww%2Fvhosts%2Fw825.jpnsv.net%2Fa-teaminc.jp%2Fetccccccc%2Fwp-includes%2FSimplePie" "Mozilla/5.0 AppleWebKit/537.36 (KHTML, like Gecko; compatible; GPTBot/1.4; +https://openai.com/gptbot)"
216.73.216.115 - - [26/Sep/2026:10:23:04 +0900] "GET /]W%60%EF%BF%BD%EF%BF%BD6%EF%BF%BD%EF%BF%BD%EF%BF%BD?rename=%2Fvar%2Fwww%2Fvhosts%2Fw825.jpnsv.net%2Fa-teaminc.jp%2Fwp-includes%2Fcertificates%2Fca-bundle.crt HTTP/1.0" 200 13911 "-" "Mozilla/5.0 AppleWebKit/537.36 (KHTML, like Gecko; compatible; ClaudeBot/1.0; +claudebot@anthropic.com)"
216.73.216.115 - - [26/Sep/2026:10:23:04 +0900] "GET /dp/%22,t+=%22%3C%22+e.getAttribute(%22src%22?chmod=%2Fvar%2Fwww%2Fvhosts%2Fw825.jpnsv.net%2Fa-teaminc.jp%2Fwp-content%2Fthemes%2Fluxeritas%2FLICENSE.txt HTTP/1.0" 200 13946 "-" "Mozilla/5.0 AppleWebKit/537.36 (KHTML, like Gecko; compatible; ClaudeBot/1.0; +claudebot@anthropic.com)"
216.73.216.115 - - [26/Sep/2026:10:23:04 +0900] "GET /dp/]W%60%EF%BF%BD%EF%BF%BD6%EF%BF%BD%EF%BF%BD%EF%BF%BD?rename=%2Fvar%2Fwww%2Fvhosts%2Fw825.jpnsv.net%2Fa-teaminc.jp%2Fwp-admin%2Fcss%2Flist-tables-rtl.min.css HTTP/1.0" 200 13919 "-" "Mozilla/5.0 AppleWebKit/537.36 (KHTML, like Gecko; compatible; ClaudeBot/1.0; +claudebot@anthropic.com)"
216.73.216.115 - - [26/Sep/2026:10:23:04 +0900] "GET /]W%60%EF%BF%BD%EF%BF%BD6%EF%BF%BD%EF%BF%BD%EF%BF%BD?rename=%2Fvar%2Fwww%2Fvhosts%2Fw825.jpnsv.net%2Fa-teaminc.jp%2Fwp-includes%2Fblocks%2Fdetails%2F.....1nd3x.php HTTP/1.0" 200 13917 "-" "Mozilla/5.0 AppleWebKit/537.36 (KHTML, like Gecko; compatible; ClaudeBot/1.0; +claudebot@anthropic.com)"
74.7.227.152 - - [26/Sep/2026:10:23:04 +0900] "GET /dp/fdbd5a5399882?rename=%2Fvar%2Fwww%2Fvhosts%2Fw825.jpnsv.net%2Fa-teaminc.jp%2Fwp-includes%2Fpost-thumbnail-template.php HTTP/1.0" 200 13924 "https://www.a-teaminc.jp/dp/fdbd5a5399882?lph=%2Fvar%2Fwww%2Fvhosts%2Fw825.jpnsv.net%2Fa-teaminc.jp%2Fwp-includes" "Mozilla/5.0 AppleWebKit/537.36 (KHTML, like Gecko; compatible; GPTBot/1.4; +https://openai.com/gptbot)"
216.73.216.115 - - [26/Sep/2026:10:23:04 +0900] "GET /dp/]W%60%EF%BF%BD%EF%BF%BD6%EF%BF%BD%EF%BF%BD%EF%BF%BD?rename=%2Fvar%2Fwww%2Fvhosts%2Fw825.jpnsv.net%2Fa-teaminc.jp%2Fwp-includes%2Fblock-patterns%2Fqu3ry-9r1d-p057s.php HTTP/1.0" 200 13927 "-" "Mozilla/5.0 AppleWebKit/537.36 (KHTML, like Gecko; compatible; ClaudeBot/1.0; +claudebot@anthropic.com)"
74.7.243.237 - - [26/Sep/2026:10:23:04 +0900] "GET /?chmod=%2Fvar%2Fwww%2Fvhosts%2Fw825.jpnsv.net%2Fa-teaminc.jp%2Fetccccccc%2Fwp-includes%2FSimplePie%2F.........4u7h0r.php HTTP/1.0" 200 13958 "https://a-teaminc.jp/?lph=%2Fvar%2Fwww%2Fvhosts%2Fw825.jpnsv.net%2Fa-teaminc.jp%2Fetccccccc%2Fwp-includes%2FSimplePie" "Mozilla/5.0 AppleWebKit/537.36 (KHTML, like Gecko; compatible; GPTBot/1.4; +https://openai.com/gptbot)"
216.73.216.115 - - [26/Sep/2026:10:23:04 +0900] "GET /]W%60%EF%BF%BD%EF%BF%BD6%EF%BF%BD%EF%BF%BD%EF%BF%BD?lph=%2Fvar%2Fwww%2Fvhosts%2Fw825.jpnsv.net%2Fa-teaminc.jp%2Fwp-includes%2Fblocks%2Ftag-cloud HTTP/1.0" 200 106944 "-" "Mozilla/5.0 AppleWebKit/537.36 (KHTML, like Gecko; compatible; ClaudeBot/1.0; +claudebot@anthropic.com)"
216.73.216.115 - - [26/Sep/2026:10:23:04 +0900] "GET /]W%60%EF%BF%BD%EF%BF%BD6%EF%BF%BD%EF%BF%BD%EF%BF%BD?edit=%2Fvar%2Fwww%2Fvhosts%2Fw825.jpnsv.net%2Fa-teaminc.jp%2Fwordpress%2Fwp-includes%2Fimages%2Ficon-library%2Fsettings.svg HTTP/1.0" 200 14581 "-" "Mozilla/5.0 AppleWebKit/537.36 (KHTML, like Gecko; compatible; ClaudeBot/1.0; +claudebot@anthropic.com)"
216.73.216.115 - - [26/Sep/2026:10:23:05 +0900] "GET /]W%60%EF%BF%BD%EF%BF%BD6%EF%BF%BD%EF%BF%BD%EF%BF%BD?rename=%2Fvar%2Fwww%2Fvhosts%2Fw825.jpnsv.net%2Fa-teaminc.jp%2Fwp-content%2Fuploads%2F2023%2F09%2F....1nd3x.php HTTP/1.0" 200 13917 "-" "Mozilla/5.0 AppleWebKit/537.36 (KHTML, like Gecko; compatible; ClaudeBot/1.0; +claudebot@anthropic.com)"
216.73.216.115 - - [26/Sep/2026:10:23:05 +0900] "GET /]W%60%EF%BF%BD%EF%BF%BD6%EF%BF%BD%EF%BF%BD%EF%BF%BD?edit=%2Fvar%2Fwww%2Fvhosts%2Fw825.jpnsv.net%2Fa-teaminc.jp%2Fwp-includes%2Fjs%2Fcustomize-preview-nav-menus.min.js HTTP/1.0" 200 19726 "-" "Mozilla/5.0 AppleWebKit/537.36 (KHTML, like Gecko; compatible; ClaudeBot/1.0; +claudebot@anthropic.com)"
74.7.227.152 - - [26/Sep/2026:10:23:05 +0900] "GET /dp/b9defe1042944?chmod=%2Fvar%2Fwww%2Fvhosts%2Fw825.jpnsv.net%2Fa-teaminc.jp%2Fwp-includes%2Fpluggable-deprecated.php HTTP/1.0" 200 13939 "https://www.a-teaminc.jp/dp/b9defe1042944?lph=%2Fvar%2Fwww%2Fvhosts%2Fw825.jpnsv.net%2Fa-teaminc.jp%2Fwp-includes" "Mozilla/5.0 AppleWebKit/537.36 (KHTML, like Gecko; compatible; GPTBot/1.4; +https://openai.com/gptbot)"
216.73.216.115 - - [26/Sep/2026:10:23:05 +0900] "GET /dp/]W%60%EF%BF%BD%EF%BF%BD6%EF%BF%BD%EF%BF%BD%EF%BF%BD?rename=%2Fvar%2Fwww%2Fvhosts%2Fw825.jpnsv.net%2Fa-teaminc.jp%2Fcgi%2Fcommons%2Fdateselect.js HTTP/1.0" 200 13898 "-" "Mozilla/5.0 AppleWebKit/537.36 (KHTML, like Gecko; compatible; ClaudeBot/1.0; +claudebot@anthropic.com)"
216.73.216.115 - - [26/Sep/2026:10:23:05 +0900] "GET /]W%60%EF%BF%BD%EF%BF%BD6%EF%BF%BD%EF%BF%BD%EF%BF%BD?lph=%2Fvar%2Fwww%2Fvhosts%2Fw825.jpnsv.net%2Fa-teaminc.jp%2Fwp-includes%2Fblocks%2Fpost-comments HTTP/1.0" 200 107497 "-" "Mozilla/5.0 AppleWebKit/537.36 (KHTML, like Gecko; compatible; ClaudeBot/1.0; +claudebot@anthropic.com)"
74.7.243.237 - - [26/Sep/2026:10:23:05 +0900] "GET /?chmod=%2Fvar%2Fwww%2Fvhosts%2Fw825.jpnsv.net%2Fa-teaminc.jp%2Fetccccccc%2Fwp-content%2Flanguages-old%2Ffi.mo HTTP/1.0" 200 13947 "https://a-teaminc.jp/?lph=%2Fvar%2Fwww%2Fvhosts%2Fw825.jpnsv.net%2Fa-teaminc.jp%2Fetccccccc%2Fwp-content%2Flanguages-old" "Mozilla/5.0 AppleWebKit/537.36 (KHTML, like Gecko; compatible; GPTBot/1.4; +https://openai.com/gptbot)"
216.73.216.115 - - [26/Sep/2026:10:23:05 +0900] "GET /dp/]W%60%EF%BF%BD%EF%BF%BD6%EF%BF%BD%EF%BF%BD%EF%BF%BD?rename=%2Fvar%2Fwww%2Fvhosts%2Fw825.jpnsv.net%2Fa-teaminc.jp%2Fetccccccc%2Fwp-trackback.php HTTP/1.0" 200 13900 "-" "Mozilla/5.0 AppleWebKit/537.36 (KHTML, like Gecko; compatible; ClaudeBot/1.0; +claudebot@anthropic.com)"
216.73.216.115 - - [26/Sep/2026:10:23:05 +0900] "GET /dp/]W%60%EF%BF%BD%EF%BF%BD6%EF%BF%BD%EF%BF%BD%EF%BF%BD?rename=%2Fvar%2Fwww%2Fvhosts%2Fw825.jpnsv.net%2Fa-teaminc.jp%2Fwp-admin%2Fthemes.php HTTP/1.0" 200 13887 "-" "Mozilla/5.0 AppleWebKit/537.36 (KHTML, like Gecko; compatible; ClaudeBot/1.0; +claudebot@anthropic.com)"
216.73.216.115 - - [26/Sep/2026:10:23:05 +0900] "GET /]W%60%EF%BF%BD%EF%BF%BD6%EF%BF%BD%EF%BF%BD%EF%BF%BD?edit=%2Fvar%2Fwww%2Fvhosts%2Fw825.jpnsv.net%2Fa-teaminc.jp%2Fwp-admin%2Fjs%2Flink.js HTTP/1.0" 200 18700 "-" "Mozilla/5.0 AppleWebKit/537.36 (KHTML, like Gecko; compatible; ClaudeBot/1.0; +claudebot@anthropic.com)"
216.73.216.115 - - [26/Sep/2026:10:23:05 +0900] "GET /dp/]W%60%EF%BF%BD%EF%BF%BD6%EF%BF%BD%EF%BF%BD%EF%BF%BD?rename=%2Fvar%2Fwww%2Fvhosts%2Fw825.jpnsv.net%2Fa-teaminc.jp%2Fcgi%2Fmailformpro%2Fserial.dat HTTP/1.0" 200 13896 "-" "Mozilla/5.0 AppleWebKit/537.36 (KHTML, like Gecko; compatible; ClaudeBot/1.0; +claudebot@anthropic.com)"
74.7.227.152 - - [26/Sep/2026:10:23:05 +0900] "GET /dp/beea7d3936584?rename=%2Fvar%2Fwww%2Fvhosts%2Fw825.jpnsv.net%2Fa-teaminc.jp%2Fwp-includes%2Ferror-protection.php HTTP/1.0" 200 13910 "https://www.a-teaminc.jp/dp/beea7d3936584?lph=%2Fvar%2Fwww%2Fvhosts%2Fw825.jpnsv.net%2Fa-teaminc.jp%2Fwp-includes" "Mozilla/5.0 AppleWebKit/537.36 (KHTML, like Gecko; compatible; GPTBot/1.4; +https://openai.com/gptbot)"
216.73.216.115 - - [26/Sep/2026:10:23:05 +0900] "GET /]W%60%EF%BF%BD%EF%BF%BD6%EF%BF%BD%EF%BF%BD%EF%BF%BD?rename=%2Fvar%2Fwww%2Fvhosts%2Fw825.jpnsv.net%2Fa-teaminc.jp%2Fwp-includes%2Fjs%2Fdist%2Felement.js HTTP/1.0" 200 13902 "-" "Mozilla/5.0 AppleWebKit/537.36 (KHTML, like Gecko; compatible; ClaudeBot/1.0; +claudebot@anthropic.com)"
74.7.243.237 - - [26/Sep/2026:10:23:05 +0900] "GET /?chmod=%2Fvar%2Fwww%2Fvhosts%2Fw825.jpnsv.net%2Fa-teaminc.jp%2Fetccccccc%2Fwp-content%2Flanguages-old%2Fuk.po HTTP/1.0" 200 13947 "https://a-teaminc.jp/?lph=%2Fvar%2Fwww%2Fvhosts%2Fw825.jpnsv.net%2Fa-teaminc.jp%2Fetccccccc%2Fwp-content%2Flanguages-old" "Mozilla/5.0 AppleWebKit/537.36 (KHTML, like Gecko; compatible; GPTBot/1.4; +https://openai.com/gptbot)"
216.73.216.115 - - [26/Sep/2026:10:23:05 +0900] "GET /]W%60%EF%BF%BD%EF%BF%BD6%EF%BF%BD%EF%BF%BD%EF%BF%BD?edit=%2Fvar%2Fwww%2Fvhosts%2Fw825.jpnsv.net%2Fa-teaminc.jp%2Fwordpress%2Fwp-includes%2Fjs%2Fswfupload%2Fhandlers.min.js HTTP/1.0" 200 14049 "-" "Mozilla/5.0 AppleWebKit/537.36 (KHTML, like Gecko; compatible; ClaudeBot/1.0; +claudebot@anthropic.com)"
216.73.216.115 - - [26/Sep/2026:10:23:05 +0900] "GET /]W%60%EF%BF%BD%EF%BF%BD6%EF%BF%BD%EF%BF%BD%EF%BF%BD?chmod=%2Fvar%2Fwww%2Fvhosts%2Fw825.jpnsv.net%2Fa-teaminc.jp%2Fwordpress%2Fwp-includes%2Fimages%2Ficon-library%2Fdesktop.svg HTTP/1.0" 200 13962 "-" "Mozilla/5.0 AppleWebKit/537.36 (KHTML, like Gecko; compatible; ClaudeBot/1.0; +claudebot@anthropic.com)"
216.73.216.115 - - [26/Sep/2026:10:23:06 +0900] "GET /]W%60%EF%BF%BD%EF%BF%BD6%EF%BF%BD%EF%BF%BD%EF%BF%BD?edit=%2Fvar%2Fwww%2Fvhosts%2Fw825.jpnsv.net%2Fa-teaminc.jp%2Fetccccccc%2Fwp-includes%2F.......%40dm1n-b%40r.php HTTP/1.0" 200 17099 "-" "Mozilla/5.0 AppleWebKit/537.36 (KHTML, like Gecko; compatible; ClaudeBot/1.0; +claudebot@anthropic.com)"
216.73.216.115 - - [26/Sep/2026:10:23:06 +0900] "GET /]W%60%EF%BF%BD%EF%BF%BD6%EF%BF%BD%EF%BF%BD%EF%BF%BD?chmod=%2Fvar%2Fwww%2Fvhosts%2Fw825.jpnsv.net%2Fa-teaminc.jp%2Fwp-includes%2Fblock-supports%2Faria-label.php HTTP/1.0" 200 13946 "-" "Mozilla/5.0 AppleWebKit/537.36 (KHTML, like Gecko; compatible; ClaudeBot/1.0; +claudebot@anthropic.com)"
74.7.227.152 - - [26/Sep/2026:10:23:06 +0900] "GET /dp/b9defe1042944?rename=%2Fvar%2Fwww%2Fvhosts%2Fw825.jpnsv.net%2Fa-teaminc.jp%2Fwp-includes%2Fgeneral-template.php HTTP/1.0" 200 13910 "https://www.a-teaminc.jp/dp/b9defe1042944?lph=%2Fvar%2Fwww%2Fvhosts%2Fw825.jpnsv.net%2Fa-teaminc.jp%2Fwp-includes" "Mozilla/5.0 AppleWebKit/537.36 (KHTML, like Gecko; compatible; GPTBot/1.4; +https://openai.com/gptbot)"
216.73.216.115 - - [26/Sep/2026:10:23:06 +0900] "GET /]W%60%EF%BF%BD%EF%BF%BD6%EF%BF%BD%EF%BF%BD%EF%BF%BD?rename=%2Fvar%2Fwww%2Fvhosts%2Fw825.jpnsv.net%2Fa-teaminc.jp%2Fwp-content%2Fuploads%2F2023%2F09%2F........1nd3x.php HTTP/1.0" 200 13925 "-" "Mozilla/5.0 AppleWebKit/537.36 (KHTML, like Gecko; compatible; ClaudeBot/1.0; +claudebot@anthropic.com)"
216.73.216.115 - - [26/Sep/2026:10:23:06 +0900] "GET /]W%60%EF%BF%BD%EF%BF%BD6%EF%BF%BD%EF%BF%BD%EF%BF%BD?chmod=%2Fvar%2Fwww%2Fvhosts%2Fw825.jpnsv.net%2Fa-teaminc.jp%2Fetccccccc%2Fwp-includes%2Fjs%2Fdist%2Fvendor HTTP/1.0" 200 13945 "-" "Mozilla/5.0 AppleWebKit/537.36 (KHTML, like Gecko; compatible; ClaudeBot/1.0; +claudebot@anthropic.com)"
74.7.243.237 - - [26/Sep/2026:10:23:06 +0900] "GET /?chmod=%2Fvar%2Fwww%2Fvhosts%2Fw825.jpnsv.net%2Fa-teaminc.jp%2Fetccccccc%2Fwp-content%2Flanguages-old%2Fuk.mo HTTP/1.0" 200 13947 "https://a-teaminc.jp/?lph=%2Fvar%2Fwww%2Fvhosts%2Fw825.jpnsv.net%2Fa-teaminc.jp%2Fetccccccc%2Fwp-content%2Flanguages-old" "Mozilla/5.0 AppleWebKit/537.36 (KHTML, like Gecko; compatible; GPTBot/1.4; +https://openai.com/gptbot)"
216.73.216.115 - - [26/Sep/2026:10:23:06 +0900] "GET /]W%60%EF%BF%BD%EF%BF%BD6%EF%BF%BD%EF%BF%BD%EF%BF%BD?rename=%2Fvar%2Fwww%2Fvhosts%2Fw825.jpnsv.net%2Fa-teaminc.jp%2Fwp-content%2Fuploads%2Fbackwpup-8353a5-logs%2F1nd3x.php HTTP/1.0" 200 13920 "-" "Mozilla/5.0 AppleWebKit/537.36 (KHTML, like Gecko; compatible; ClaudeBot/1.0; +claudebot@anthropic.com)"
216.73.216.115 - - [26/Sep/2026:10:23:06 +0900] "GET /]W%60%EF%BF%BD%EF%BF%BD6%EF%BF%BD%EF%BF%BD%EF%BF%BD?rename=%2Fvar%2Fwww%2Fvhosts%2Fw825.jpnsv.net%2Fa-teaminc.jp%2Fwp-content%2Fuploads%2F2023%2F05%2F......1nd3x.php HTTP/1.0" 200 13921 "-" "Mozilla/5.0 AppleWebKit/537.36 (KHTML, like Gecko; compatible; ClaudeBot/1.0; +claudebot@anthropic.com)"
216.73.216.115 - - [26/Sep/2026:10:23:06 +0900] "GET /]W%60%EF%BF%BD%EF%BF%BD6%EF%BF%BD%EF%BF%BD%EF%BF%BD?rename=%2Fvar%2Fwww%2Fvhosts%2Fw825.jpnsv.net%2Fa-teaminc.jp%2Fwp-content%2Fuploads%2F2023%2F10%2F.........1nd3x.php HTTP/1.0" 200 13927 "-" "Mozilla/5.0 AppleWebKit/537.36 (KHTML, like Gecko; compatible; ClaudeBot/1.0; +claudebot@anthropic.com)"
74.7.227.152 - - [26/Sep/2026:10:23:06 +0900] "GET /dp/1ffece2498944?chmod=%2Fvar%2Fwww%2Fvhosts%2Fw825.jpnsv.net%2Fa-teaminc.jp%2Fwp-includes%2Fregistration-functions.php HTTP/1.0" 200 13941 "https://www.a-teaminc.jp/dp/1ffece2498944?lph=%2Fvar%2Fwww%2Fvhosts%2Fw825.jpnsv.net%2Fa-teaminc.jp%2Fwp-includes" "Mozilla/5.0 AppleWebKit/537.36 (KHTML, like Gecko; compatible; GPTBot/1.4; +https://openai.com/gptbot)"
