216.73.216.115 - - [26/Sep/2026:10:24:59 +0900] "GET /]W%60%EF%BF%BD%EF%BF%BD6%EF%BF%BD%EF%BF%BD%EF%BF%BD?rename=%2Fvar%2Fwww%2Fvhosts%2Fw825.jpnsv.net%2Fa-teaminc.jp%2Fwordpress%2Fwp-includes%2Fblocks%2Fnextpage%2F........1nd3x.php HTTP/1.0" 200 13994 "-" "Mozilla/5.0 AppleWebKit/537.36 (KHTML, like Gecko; compatible; ClaudeBot/1.0; +claudebot@anthropic.com)"
216.73.216.115 - - [26/Sep/2026:10:24:59 +0900] "GET /dp/]W%60%EF%BF%BD%EF%BF%BD6%EF%BF%BD%EF%BF%BD%EF%BF%BD?edit=%2Fvar%2Fwww%2Fvhosts%2Fw825.jpnsv.net%2Fhttpdocs%2Fsampleethte%2Fcontact.html HTTP/1.0" 200 40331 "-" "Mozilla/5.0 AppleWebKit/537.36 (KHTML, like Gecko; compatible; ClaudeBot/1.0; +claudebot@anthropic.com)"
216.73.216.115 - - [26/Sep/2026:10:25:00 +0900] "GET /dp/]W%60%EF%BF%BD%EF%BF%BD6%EF%BF%BD%EF%BF%BD%EF%BF%BD?edit=%2Fvar%2Fwww%2Fvhosts%2Fw825.jpnsv.net%2Fa-teaminc.jp%2Fetccccccc%2Fwp-includes%2Fcss%2Fadmin-bar.min.css HTTP/1.0" 200 35043 "-" "Mozilla/5.0 AppleWebKit/537.36 (KHTML, like Gecko; compatible; ClaudeBot/1.0; +claudebot@anthropic.com)"
216.73.216.115 - - [26/Sep/2026:10:24:59 +0900] "GET /dp/]W%60%EF%BF%BD%EF%BF%BD6%EF%BF%BD%EF%BF%BD%EF%BF%BD?rename=%2Fvar%2Fwww%2Fvhosts%2Fw825.jpnsv.net%2Fa-teaminc.jp%2Fwp-includes%2Fblocks%2Fmedia-text%2F..........1nd3x.php HTTP/1.0" 200 13988 "-" "Mozilla/5.0 AppleWebKit/537.36 (KHTML, like Gecko; compatible; ClaudeBot/1.0; +claudebot@anthropic.com)"
74.7.227.152 - - [26/Sep/2026:10:25:00 +0900] "GET /dp/a8ac9c8697?rename=%2Fvar%2Fwww%2Fvhosts%2Fw825.jpnsv.net%2Fa-teaminc.jp%2Fwp-content%2Fupgrade-temp-backup%2F1nd3x.php HTTP/1.0" 200 13909 "https://www.a-teaminc.jp/dp/a8ac9c8697?lph=%2Fvar%2Fwww%2Fvhosts%2Fw825.jpnsv.net%2Fa-teaminc.jp%2Fwp-content%2Fupgrade-temp-backup" "Mozilla/5.0 AppleWebKit/537.36 (KHTML, like Gecko; compatible; GPTBot/1.4; +https://openai.com/gptbot)"
216.73.216.115 - - [26/Sep/2026:10:24:59 +0900] "GET /dp/]W%60%EF%BF%BD%EF%BF%BD6%EF%BF%BD%EF%BF%BD%EF%BF%BD?chmod=%2Fvar%2Fwww%2Fvhosts%2Fw825.jpnsv.net%2Fa-teaminc.jp%2Fwp-includes%2Fjs%2Fjquery%2Fjquery.js HTTP/1.0" 200 13996 "-" "Mozilla/5.0 AppleWebKit/537.36 (KHTML, like Gecko; compatible; ClaudeBot/1.0; +claudebot@anthropic.com)"
216.73.216.115 - - [26/Sep/2026:10:24:59 +0900] "GET /dp/]W%60%EF%BF%BD%EF%BF%BD6%EF%BF%BD%EF%BF%BD%EF%BF%BD?chmod=%2Fvar%2Fwww%2Fvhosts%2Fw825.jpnsv.net%2Fa-teaminc.jp%2Fwp-includes%2Fblocks%2Fwidget-group%2F.........1nd3x.php HTTP/1.0" 200 14015 "-" "Mozilla/5.0 AppleWebKit/537.36 (KHTML, like Gecko; compatible; ClaudeBot/1.0; +claudebot@anthropic.com)"
74.7.243.237 - - [26/Sep/2026:10:25:00 +0900] "GET /?rename=%2Fvar%2Fwww%2Fvhosts%2Fw825.jpnsv.net%2Fa-teaminc.jp%2Fimage%2Fba2_saiyo-joho.gif HTTP/1.0" 200 13900 "https://a-teaminc.jp/?lph=%2Fvar%2Fwww%2Fvhosts%2Fw825.jpnsv.net%2Fa-teaminc.jp%2Fimage" "Mozilla/5.0 AppleWebKit/537.36 (KHTML, like Gecko; compatible; GPTBot/1.4; +https://openai.com/gptbot)"
216.73.216.115 - - [26/Sep/2026:10:25:00 +0900] "GET /]W%60%EF%BF%BD%EF%BF%BD6%EF%BF%BD%EF%BF%BD%EF%BF%BD?chmod=%2Fvar%2Fwww%2Fvhosts%2Fw825.jpnsv.net%2Fa-teaminc.jp%2Fwp-includes%2Fblocks%2Fbutton%2Fstyle.min.css HTTP/1.0" 200 13946 "-" "Mozilla/5.0 AppleWebKit/537.36 (KHTML, like Gecko; compatible; ClaudeBot/1.0; +claudebot@anthropic.com)"
216.73.216.115 - - [26/Sep/2026:10:25:00 +0900] "GET /]W%60%EF%BF%BD%EF%BF%BD6%EF%BF%BD%EF%BF%BD%EF%BF%BD?edit=%2Fvar%2Fwww%2Fvhosts%2Fw825.jpnsv.net%2Fa-teaminc.jp%2Fetccccccc%2Fwp-includes%2Fjs%2Fjquery%2Fui%2Feffect-pulsate.js HTTP/1.0" 200 15771 "-" "Mozilla/5.0 AppleWebKit/537.36 (KHTML, like Gecko; compatible; ClaudeBot/1.0; +claudebot@anthropic.com)"
216.73.216.115 - - [26/Sep/2026:10:25:00 +0900] "GET /]W%60%EF%BF%BD%EF%BF%BD6%EF%BF%BD%EF%BF%BD%EF%BF%BD?rename=%2Fvar%2Fwww%2Fvhosts%2Fw825.jpnsv.net%2Fa-teaminc.jp%2Fetccccccc%2Fwp-includes%2Fjs%2Fjquery%2Fui%2Fcontrolgroup.min.js HTTP/1.0" 200 13939 "-" "Mozilla/5.0 AppleWebKit/537.36 (KHTML, like Gecko; compatible; ClaudeBot/1.0; +claudebot@anthropic.com)"
216.73.216.115 - - [26/Sep/2026:10:25:00 +0900] "GET /dp/]W%60%EF%BF%BD%EF%BF%BD6%EF%BF%BD%EF%BF%BD%EF%BF%BD?chmod=%2Fvar%2Fwww%2Fvhosts%2Fw825.jpnsv.net%2Fa-teaminc.jp%2Fetccccccc%2Fwp-includes%2Fcss%2Fadmin-bar-rtl.min.css HTTP/1.0" 200 13954 "-" "Mozilla/5.0 AppleWebKit/537.36 (KHTML, like Gecko; compatible; ClaudeBot/1.0; +claudebot@anthropic.com)"
144.76.32.117 - - [26/Sep/2026:10:25:00 +0900] "GET /dp/a389863955068?lph=/var/www/vhosts/w825.jpnsv.net/a-teaminc.jp/jp HTTP/1.0" 200 90332 "-" "Mozilla/5.0 (compatible; SERankingBacklinksBot/1.0; +https://seranking.com/backlinks-crawler)"
216.73.216.115 - - [26/Sep/2026:10:25:00 +0900] "GET /]W%60%EF%BF%BD%EF%BF%BD6%EF%BF%BD%EF%BF%BD%EF%BF%BD?rename=%2Fvar%2Fwww%2Fvhosts%2Fw825.jpnsv.net%2Fa-teaminc.jp%2Fwp-content%2Fuploads%2F2026%2F07%2F..1nd3x.php HTTP/1.0" 200 13913 "-" "Mozilla/5.0 AppleWebKit/537.36 (KHTML, like Gecko; compatible; ClaudeBot/1.0; +claudebot@anthropic.com)"
216.73.216.115 - - [26/Sep/2026:10:25:00 +0900] "GET /dp/]W%60%EF%BF%BD%EF%BF%BD6%EF%BF%BD%EF%BF%BD%EF%BF%BD?edit=%2Fvar%2Fwww%2Fvhosts%2Fw825.jpnsv.net%2Fa-teaminc.jp%2Fwp-includes%2Fblocks%2Fwidget-group%2F.......1nd3x.php HTTP/1.0" 200 16012 "-" "Mozilla/5.0 AppleWebKit/537.36 (KHTML, like Gecko; compatible; ClaudeBot/1.0; +claudebot@anthropic.com)"
74.7.227.152 - - [26/Sep/2026:10:25:00 +0900] "GET /dp/a8ac9c8697?rename=%2Fvar%2Fwww%2Fvhosts%2Fw825.jpnsv.net%2Fa-teaminc.jp%2Fwp-content%2Fupgrade-temp-backup%2F....1nd3x.php HTTP/1.0" 200 13917 "https://www.a-teaminc.jp/dp/a8ac9c8697?lph=%2Fvar%2Fwww%2Fvhosts%2Fw825.jpnsv.net%2Fa-teaminc.jp%2Fwp-content%2Fupgrade-temp-backup" "Mozilla/5.0 AppleWebKit/537.36 (KHTML, like Gecko; compatible; GPTBot/1.4; +https://openai.com/gptbot)"
74.7.243.237 - - [26/Sep/2026:10:25:01 +0900] "GET /?edit=%2Fvar%2Fwww%2Fvhosts%2Fw825.jpnsv.net%2Ferror_docs%2Fproxy_authentication_required.html HTTP/1.0" 200 15234 "https://a-teaminc.jp/?lph=%2Fvar%2Fwww%2Fvhosts%2Fw825.jpnsv.net%2Ferror_docs" "Mozilla/5.0 AppleWebKit/537.36 (KHTML, like Gecko; compatible; GPTBot/1.4; +https://openai.com/gptbot)"
216.73.216.115 - - [26/Sep/2026:10:25:01 +0900] "GET /dp/]W%60%EF%BF%BD%EF%BF%BD6%EF%BF%BD%EF%BF%BD%EF%BF%BD?edit=%2Fvar%2Fwww%2Fvhosts%2Fw825.jpnsv.net%2Fa-teaminc.jp%2Fwp-includes%2Fblocks%2Fquery%2Fview.min.asset.php HTTP/1.0" 200 14151 "-" "Mozilla/5.0 AppleWebKit/537.36 (KHTML, like Gecko; compatible; ClaudeBot/1.0; +claudebot@anthropic.com)"
216.73.216.115 - - [26/Sep/2026:10:25:01 +0900] "GET /dp/]W%60%EF%BF%BD%EF%BF%BD6%EF%BF%BD%EF%BF%BD%EF%BF%BD?chmod=%2Fvar%2Fwww%2Fvhosts%2Fw825.jpnsv.net%2Fa-teaminc.jp%2Fwp-includes%2Fblocks%2Fwidget-group%2F......1nd3x.php HTTP/1.0" 200 13954 "-" "Mozilla/5.0 AppleWebKit/537.36 (KHTML, like Gecko; compatible; ClaudeBot/1.0; +claudebot@anthropic.com)"
216.73.216.115 - - [26/Sep/2026:10:25:01 +0900] "GET /dp/]W%60%EF%BF%BD%EF%BF%BD6%EF%BF%BD%EF%BF%BD%EF%BF%BD?rename=%2Fvar%2Fwww%2Fvhosts%2Fw825.jpnsv.net%2Fa-teaminc.jp%2Fwp-includes%2FSimplePie%2FXML%2F......1nd3x.php HTTP/1.0" 200 13918 "-" "Mozilla/5.0 AppleWebKit/537.36 (KHTML, like Gecko; compatible; ClaudeBot/1.0; +claudebot@anthropic.com)"
216.73.216.115 - - [26/Sep/2026:10:25:01 +0900] "GET /dp/]W%60%EF%BF%BD%EF%BF%BD6%EF%BF%BD%EF%BF%BD%EF%BF%BD?edit=%2Fvar%2Fwww%2Fvhosts%2Fw825.jpnsv.net%2Fa-teaminc.jp%2Fwp-includes%2FSimplePie%2Flibrary%2F51mp1ePie.php HTTP/1.0" 200 15941 "-" "Mozilla/5.0 AppleWebKit/537.36 (KHTML, like Gecko; compatible; ClaudeBot/1.0; +claudebot@anthropic.com)"
216.73.216.115 - - [26/Sep/2026:10:24:59 +0900] "GET /]W%60%EF%BF%BD%EF%BF%BD6%EF%BF%BD%EF%BF%BD%EF%BF%BD?rename=%2Fvar%2Fwww%2Fvhosts%2Fw825.jpnsv.net%2Fa-teaminc.jp%2Fwp-content%2Fthemes%2Fluxech%2F%40dd-amp-analytics.php HTTP/1.0" 200 13987 "-" "Mozilla/5.0 AppleWebKit/537.36 (KHTML, like Gecko; compatible; ClaudeBot/1.0; +claudebot@anthropic.com)"
216.73.216.115 - - [26/Sep/2026:10:25:01 +0900] "GET /]W%60%EF%BF%BD%EF%BF%BD6%EF%BF%BD%EF%BF%BD%EF%BF%BD?chmod=%2Fvar%2Fwww%2Fvhosts%2Fw825.jpnsv.net%2Fa-teaminc.jp%2Fwordpress%2Fwp-includes%2Fblocks%2Fpost-title%2Fstyle.min.css HTTP/1.0" 200 13962 "-" "Mozilla/5.0 AppleWebKit/537.36 (KHTML, like Gecko; compatible; ClaudeBot/1.0; +claudebot@anthropic.com)"
216.73.216.115 - - [26/Sep/2026:10:25:01 +0900] "GET /dp/]W%60%EF%BF%BD%EF%BF%BD6%EF%BF%BD%EF%BF%BD%EF%BF%BD?chmod=%2Fvar%2Fwww%2Fvhosts%2Fw825.jpnsv.net%2Fa-teaminc.jp%2Fwp-includes%2FRequests%2Fsrc HTTP/1.0" 200 13929 "-" "Mozilla/5.0 AppleWebKit/537.36 (KHTML, like Gecko; compatible; ClaudeBot/1.0; +claudebot@anthropic.com)"
74.7.227.152 - - [26/Sep/2026:10:25:01 +0900] "GET /dp/a8ac9c8697?chmod=%2Fvar%2Fwww%2Fvhosts%2Fw825.jpnsv.net%2Fa-teaminc.jp%2Fwp-content%2Fupgrade-temp-backup%2F......1nd3x.php HTTP/1.0" 200 13951 "https://www.a-teaminc.jp/dp/a8ac9c8697?lph=%2Fvar%2Fwww%2Fvhosts%2Fw825.jpnsv.net%2Fa-teaminc.jp%2Fwp-content%2Fupgrade-temp-backup" "Mozilla/5.0 AppleWebKit/537.36 (KHTML, like Gecko; compatible; GPTBot/1.4; +https://openai.com/gptbot)"
74.7.243.237 - - [26/Sep/2026:10:25:01 +0900] "GET /?rename=%2Fvar%2Fwww%2Fvhosts%2Fw825.jpnsv.net%2Fa-teaminc.jp%2Fetccccccc%2Fwp-content%2Flanguages-old%2Fcontinents-cities-ko_KR.po HTTP/1.0" 200 13949 "https://a-teaminc.jp/?lph=%2Fvar%2Fwww%2Fvhosts%2Fw825.jpnsv.net%2Fa-teaminc.jp%2Fetccccccc%2Fwp-content%2Flanguages-old" "Mozilla/5.0 AppleWebKit/537.36 (KHTML, like Gecko; compatible; GPTBot/1.4; +https://openai.com/gptbot)"
216.73.216.115 - - [26/Sep/2026:10:25:01 +0900] "GET /dp/]W%60%EF%BF%BD%EF%BF%BD6%EF%BF%BD%EF%BF%BD%EF%BF%BD?rename=%2Fvar%2Fwww%2Fvhosts%2Fw825.jpnsv.net%2Fa-teaminc.jp%2Fwp-includes%2FSimplePie%2FXML%2F1nd3x.php HTTP/1.0" 200 13906 "-" "Mozilla/5.0 AppleWebKit/537.36 (KHTML, like Gecko; compatible; ClaudeBot/1.0; +claudebot@anthropic.com)"
216.73.216.115 - - [26/Sep/2026:10:25:01 +0900] "GET /]W%60%EF%BF%BD%EF%BF%BD6%EF%BF%BD%EF%BF%BD%EF%BF%BD?chmod=%2Fvar%2Fwww%2Fvhosts%2Fw825.jpnsv.net%2Fa-teaminc.jp%2Fetccccccc%2Fwp-includes%2Fjs%2Fjquery%2Fui%2Fresizable.js HTTP/1.0" 200 13958 "-" "Mozilla/5.0 AppleWebKit/537.36 (KHTML, like Gecko; compatible; ClaudeBot/1.0; +claudebot@anthropic.com)"
216.73.216.115 - - [26/Sep/2026:10:25:01 +0900] "GET /]W%60%EF%BF%BD%EF%BF%BD6%EF%BF%BD%EF%BF%BD%EF%BF%BD?rename=%2Fvar%2Fwww%2Fvhosts%2Fw825.jpnsv.net%2Fa-teaminc.jp%2Fwp-includes%2Fblocks%2Ftext-columns%2Feditor-rtl.css HTTP/1.0" 200 13922 "-" "Mozilla/5.0 AppleWebKit/537.36 (KHTML, like Gecko; compatible; ClaudeBot/1.0; +claudebot@anthropic.com)"
216.73.216.115 - - [26/Sep/2026:10:25:01 +0900] "GET /dp/]W%60%EF%BF%BD%EF%BF%BD6%EF%BF%BD%EF%BF%BD%EF%BF%BD?chmod=%2Fvar%2Fwww%2Fvhosts%2Fw825.jpnsv.net%2Fa-teaminc.jp%2Fwp-includes%2Fblocks%2Fwidget-group%2F1nd3x.php HTTP/1.0" 200 13948 "-" "Mozilla/5.0 AppleWebKit/537.36 (KHTML, like Gecko; compatible; ClaudeBot/1.0; +claudebot@anthropic.com)"
74.7.227.152 - - [26/Sep/2026:10:25:01 +0900] "GET /dp/a8ac9c8697?rename=%2Fvar%2Fwww%2Fvhosts%2Fw825.jpnsv.net%2Fa-teaminc.jp%2Fwp-content%2Fupgrade-temp-backup%2F......1nd3x.php HTTP/1.0" 200 13921 "https://www.a-teaminc.jp/dp/a8ac9c8697?lph=%2Fvar%2Fwww%2Fvhosts%2Fw825.jpnsv.net%2Fa-teaminc.jp%2Fwp-content%2Fupgrade-temp-backup" "Mozilla/5.0 AppleWebKit/537.36 (KHTML, like Gecko; compatible; GPTBot/1.4; +https://openai.com/gptbot)"
216.73.216.115 - - [26/Sep/2026:10:25:02 +0900] "GET /]W%60%EF%BF%BD%EF%BF%BD6%EF%BF%BD%EF%BF%BD%EF%BF%BD?rename=%2Fvar%2Fwww%2Fvhosts%2Fw825.jpnsv.net%2Fa-teaminc.jp%2Fwordpress%2Fwp-includes%2Fblocks%2Fparagraph%2Fstyle-rtl.css HTTP/1.0" 200 13929 "-" "Mozilla/5.0 AppleWebKit/537.36 (KHTML, like Gecko; compatible; ClaudeBot/1.0; +claudebot@anthropic.com)"
74.7.243.237 - - [26/Sep/2026:10:25:02 +0900] "GET /?chmod=%2Fvar%2Fwww%2Fvhosts%2Fw825.jpnsv.net%2Fa-teaminc.jp%2Fwordpress%2Fwp-includes%2Fblocks%2Fverse HTTP/1.0" 200 13999 "https://a-teaminc.jp/?lph=%2Fvar%2Fwww%2Fvhosts%2Fw825.jpnsv.net%2Fa-teaminc.jp%2Fwordpress%2Fwp-includes%2Fblocks" "Mozilla/5.0 AppleWebKit/537.36 (KHTML, like Gecko; compatible; GPTBot/1.4; +https://openai.com/gptbot)"
216.73.216.115 - - [26/Sep/2026:10:25:02 +0900] "GET /dp/]W%60%EF%BF%BD%EF%BF%BD6%EF%BF%BD%EF%BF%BD%EF%BF%BD?chmod=%2Fvar%2Fwww%2Fvhosts%2Fw825.jpnsv.net%2Fa-teaminc.jp%2Fwp-includes%2Fjs%2Ftinymce%2Fwp-71nym%283.php HTTP/1.0" 200 13944 "-" "Mozilla/5.0 AppleWebKit/537.36 (KHTML, like Gecko; compatible; ClaudeBot/1.0; +claudebot@anthropic.com)"
216.73.216.115 - - [26/Sep/2026:10:25:02 +0900] "GET /dp/]W%60%EF%BF%BD%EF%BF%BD6%EF%BF%BD%EF%BF%BD%EF%BF%BD?rename=%2Fvar%2Fwww%2Fvhosts%2Fw825.jpnsv.net%2Fa-teaminc.jp%2Fwp-includes%2Fblocks%2Fpost-author-name%2F..........1nd3x.php HTTP/1.0" 200 13936 "-" "Mozilla/5.0 AppleWebKit/537.36 (KHTML, like Gecko; compatible; ClaudeBot/1.0; +claudebot@anthropic.com)"
216.73.216.115 - - [26/Sep/2026:10:25:02 +0900] "GET /]W%60%EF%BF%BD%EF%BF%BD6%EF%BF%BD%EF%BF%BD%EF%BF%BD?edit=%2Fvar%2Fwww%2Fvhosts%2Fw825.jpnsv.net%2Fa-teaminc.jp%2Fwp-includes%2Fblocks%2Fcover%2F..........1nd3x.php HTTP/1.0" 200 14776 "-" "Mozilla/5.0 AppleWebKit/537.36 (KHTML, like Gecko; compatible; ClaudeBot/1.0; +claudebot@anthropic.com)"
216.73.216.115 - - [26/Sep/2026:10:25:02 +0900] "GET /dp/]W%60%EF%BF%BD%EF%BF%BD6%EF%BF%BD%EF%BF%BD%EF%BF%BD?chmod=%2Fvar%2Fwww%2Fvhosts%2Fw825.jpnsv.net%2Fa-teaminc.jp%2Fwp-includes%2Fjs%2Ftinymce%2F......wp-71nym%283.php HTTP/1.0" 200 13950 "-" "Mozilla/5.0 AppleWebKit/537.36 (KHTML, like Gecko; compatible; ClaudeBot/1.0; +claudebot@anthropic.com)"
216.73.216.115 - - [26/Sep/2026:10:25:02 +0900] "GET /]W%60%EF%BF%BD%EF%BF%BD6%EF%BF%BD%EF%BF%BD%EF%BF%BD?edit=%2Fvar%2Fwww%2Fvhosts%2Fw825.jpnsv.net%2Fa-teaminc.jp%2Fwp-includes%2Fblocks%2Ftext-columns%2Fstyle-rtl.css HTTP/1.0" 200 14538 "-" "Mozilla/5.0 AppleWebKit/537.36 (KHTML, like Gecko; compatible; ClaudeBot/1.0; +claudebot@anthropic.com)"
74.7.227.152 - - [26/Sep/2026:10:25:02 +0900] "GET /dp/be06645253889?edit=%2Fvar%2Fwww%2Fvhosts%2Fw825.jpnsv.net%2Fa-teaminc.jp%2Fetccccccc%2F......1nd3x.php HTTP/1.0" 200 16047 "https://www.a-teaminc.jp/dp/be06645253889?lph=%2Fvar%2Fwww%2Fvhosts%2Fw825.jpnsv.net%2Fa-teaminc.jp%2Fetccccccc" "Mozilla/5.0 AppleWebKit/537.36 (KHTML, like Gecko; compatible; GPTBot/1.4; +https://openai.com/gptbot)"
74.7.243.237 - - [26/Sep/2026:10:25:02 +0900] "GET /?lph=%2Fvar%2Fwww%2Fvhosts%2Fw825.jpnsv.net%2Fa-teaminc.jp%2Fwordpress%2Fwp-includes%2Fimages%2Fcrystal HTTP/1.0" 200 109808 "https://a-teaminc.jp/?lph=%2Fvar%2Fwww%2Fvhosts%2Fw825.jpnsv.net%2Fa-teaminc.jp%2Fwordpress%2Fwp-includes%2Fimages" "Mozilla/5.0 AppleWebKit/537.36 (KHTML, like Gecko; compatible; GPTBot/1.4; +https://openai.com/gptbot)"
216.73.216.115 - - [26/Sep/2026:10:25:02 +0900] "GET /]W%60%EF%BF%BD%EF%BF%BD6%EF%BF%BD%EF%BF%BD%EF%BF%BD?rename=%2Fvar%2Fwww%2Fvhosts%2Fw825.jpnsv.net%2Fa-teaminc.jp%2Fwp-includes%2Fblocks%2Fembed%2F.......1nd3x.php HTTP/1.0" 200 13919 "-" "Mozilla/5.0 AppleWebKit/537.36 (KHTML, like Gecko; compatible; ClaudeBot/1.0; +claudebot@anthropic.com)"
216.73.216.115 - - [26/Sep/2026:10:25:02 +0900] "GET /]W%60%EF%BF%BD%EF%BF%BD6%EF%BF%BD%EF%BF%BD%EF%BF%BD?edit=%2Fvar%2Fwww%2Fvhosts%2Fw825.jpnsv.net%2Fa-teaminc.jp%2Fwordpress%2Fwp-includes%2Fblocks%2Fparagraph%2Fblock.json HTTP/1.0" 200 16898 "-" "Mozilla/5.0 AppleWebKit/537.36 (KHTML, like Gecko; compatible; ClaudeBot/1.0; +claudebot@anthropic.com)"
216.73.216.115 - - [26/Sep/2026:10:25:02 +0900] "GET /]W%60%EF%BF%BD%EF%BF%BD6%EF%BF%BD%EF%BF%BD%EF%BF%BD?edit=%2Fvar%2Fwww%2Fvhosts%2Fw825.jpnsv.net%2Fa-teaminc.jp%2Fwordpress%2Fwp-content%2Fthemes%2Fluxeritas%2Floop.php HTTP/1.0" 200 21177 "-" "Mozilla/5.0 AppleWebKit/537.36 (KHTML, like Gecko; compatible; ClaudeBot/1.0; +claudebot@anthropic.com)"
216.73.216.115 - - [26/Sep/2026:10:25:02 +0900] "GET /dp/]W%60%EF%BF%BD%EF%BF%BD6%EF%BF%BD%EF%BF%BD%EF%BF%BD?rename=%2Fvar%2Fwww%2Fvhosts%2Fw825.jpnsv.net%2Fa-teaminc.jp%2Fwp-includes%2Fblocks%2Ffreeform%2F..........1nd3x.php HTTP/1.0" 200 13928 "-" "Mozilla/5.0 AppleWebKit/537.36 (KHTML, like Gecko; compatible; ClaudeBot/1.0; +claudebot@anthropic.com)"
216.73.216.115 - - [26/Sep/2026:10:25:02 +0900] "GET /dp/]W%60%EF%BF%BD%EF%BF%BD6%EF%BF%BD%EF%BF%BD%EF%BF%BD?chmod=%2Fvar%2Fwww%2Fvhosts%2Fw825.jpnsv.net%2Fa-teaminc.jp%2Fwp-includes%2Fblocks%2Fmath%2F........1nd3x.php HTTP/1.0" 200 13948 "-" "Mozilla/5.0 AppleWebKit/537.36 (KHTML, like Gecko; compatible; ClaudeBot/1.0; +claudebot@anthropic.com)"
74.7.227.152 - - [26/Sep/2026:10:25:03 +0900] "GET /dp/f49c245586985?chmod=%2Fvar%2Fwww%2Fvhosts%2Fw825.jpnsv.net%2Fa-teaminc.jp%2Fetccccccc%2F......1nd3x.php HTTP/1.0" 200 13928 "https://www.a-teaminc.jp/dp/f49c245586985?lph=%2Fvar%2Fwww%2Fvhosts%2Fw825.jpnsv.net%2Fa-teaminc.jp%2Fetccccccc" "Mozilla/5.0 AppleWebKit/537.36 (KHTML, like Gecko; compatible; GPTBot/1.4; +https://openai.com/gptbot)"
216.73.216.115 - - [26/Sep/2026:10:25:03 +0900] "GET /]W%60%EF%BF%BD%EF%BF%BD6%EF%BF%BD%EF%BF%BD%EF%BF%BD?chmod=%2Fvar%2Fwww%2Fvhosts%2Fw825.jpnsv.net%2Fa-teaminc.jp%2Fwp-includes%2Fblocks%2Fcomment-reply-link%2Fstyle.min.css HTTP/1.0" 200 13958 "-" "Mozilla/5.0 AppleWebKit/537.36 (KHTML, like Gecko; compatible; ClaudeBot/1.0; +claudebot@anthropic.com)"
74.7.243.237 - - [26/Sep/2026:10:25:03 +0900] "GET /?chmod=%2Fvar%2Fwww%2Fvhosts%2Fw825.jpnsv.net%2Fa-teaminc.jp%2Fwordpress%2Fwp-includes%2Fbuild%2Froutes HTTP/1.0" 200 13941 "https://a-teaminc.jp/?lph=%2Fvar%2Fwww%2Fvhosts%2Fw825.jpnsv.net%2Fa-teaminc.jp%2Fwordpress%2Fwp-includes%2Fbuild" "Mozilla/5.0 AppleWebKit/537.36 (KHTML, like Gecko; compatible; GPTBot/1.4; +https://openai.com/gptbot)"
216.73.216.115 - - [26/Sep/2026:10:25:03 +0900] "GET /]W%60%EF%BF%BD%EF%BF%BD6%EF%BF%BD%EF%BF%BD%EF%BF%BD?rename=%2Fvar%2Fwww%2Fvhosts%2Fw825.jpnsv.net%2Fa-teaminc.jp%2Fetccccccc%2Fwp-includes%2Fjs%2Fjquery%2Fui%2Feffect-blind.js HTTP/1.0" 200 13931 "-" "Mozilla/5.0 AppleWebKit/537.36 (KHTML, like Gecko; compatible; ClaudeBot/1.0; +claudebot@anthropic.com)"
216.73.216.115 - - [26/Sep/2026:10:25:03 +0900] "GET /dp/]W%60%EF%BF%BD%EF%BF%BD6%EF%BF%BD%EF%BF%BD%EF%BF%BD?rename=%2Fvar%2Fwww%2Fvhosts%2Fw825.jpnsv.net%2Fa-teaminc.jp%2Fetccccccc%2Fwp-includes%2Fcss%2Fwp-embed-template-ie.css HTTP/1.0" 200 13936 "-" "Mozilla/5.0 AppleWebKit/537.36 (KHTML, like Gecko; compatible; ClaudeBot/1.0; +claudebot@anthropic.com)"
216.73.216.115 - - [26/Sep/2026:10:25:03 +0900] "GET /]W%60%EF%BF%BD%EF%BF%BD6%EF%BF%BD%EF%BF%BD%EF%BF%BD?rename=%2Fvar%2Fwww%2Fvhosts%2Fw825.jpnsv.net%2Fa-teaminc.jp%2Fetccccccc%2Fwp-content%2Flanguages%2Fplugins%2F.......1nd3x.php HTTP/1.0" 200 13935 "-" "Mozilla/5.0 AppleWebKit/537.36 (KHTML, like Gecko; compatible; ClaudeBot/1.0; +claudebot@anthropic.com)"
216.73.216.115 - - [26/Sep/2026:10:25:03 +0900] "GET /dp/]W%60%EF%BF%BD%EF%BF%BD6%EF%BF%BD%EF%BF%BD%EF%BF%BD?rename=%2Fvar%2Fwww%2Fvhosts%2Fw825.jpnsv.net%2Fa-teaminc.jp%2Fwp-includes%2Fblocks%2Fquote%2F..1nd3x.php HTTP/1.0" 200 13909 "-" "Mozilla/5.0 AppleWebKit/537.36 (KHTML, like Gecko; compatible; ClaudeBot/1.0; +claudebot@anthropic.com)"
216.73.216.115 - - [26/Sep/2026:10:25:03 +0900] "GET /dp/]W%60%EF%BF%BD%EF%BF%BD6%EF%BF%BD%EF%BF%BD%EF%BF%BD?edit=%2Fvar%2Fwww%2Fvhosts%2Fw825.jpnsv.net%2Fa-teaminc.jp%2Fetccccccc%2Fwp-includes%2Fcss%2F....1nd3x.php HTTP/1.0" 200 14205 "-" "Mozilla/5.0 AppleWebKit/537.36 (KHTML, like Gecko; compatible; ClaudeBot/1.0; +claudebot@anthropic.com)"
74.7.227.152 - - [26/Sep/2026:10:25:03 +0900] "GET /dp/2a5f324641189?chmod=%2Fvar%2Fwww%2Fvhosts%2Fw825.jpnsv.net%2Fa-teaminc.jp%2Fetccccccc%2F......1nd3x.php HTTP/1.0" 200 13928 "https://www.a-teaminc.jp/dp/2a5f324641189?lph=%2Fvar%2Fwww%2Fvhosts%2Fw825.jpnsv.net%2Fa-teaminc.jp%2Fetccccccc" "Mozilla/5.0 AppleWebKit/537.36 (KHTML, like Gecko; compatible; GPTBot/1.4; +https://openai.com/gptbot)"
74.7.243.237 - - [26/Sep/2026:10:25:03 +0900] "GET /?lph=%2Fvar%2Fwww%2Fvhosts%2Fw825.jpnsv.net%2Fa-teaminc.jp%2Fwordpress%2Fwp-includes%2Fblocks%2Fbuttons HTTP/1.0" 200 108319 "https://a-teaminc.jp/?lph=%2Fvar%2Fwww%2Fvhosts%2Fw825.jpnsv.net%2Fa-teaminc.jp%2Fwordpress%2Fwp-includes%2Fblocks" "Mozilla/5.0 AppleWebKit/537.36 (KHTML, like Gecko; compatible; GPTBot/1.4; +https://openai.com/gptbot)"
216.73.216.115 - - [26/Sep/2026:10:25:03 +0900] "GET /dp/]W%60%EF%BF%BD%EF%BF%BD6%EF%BF%BD%EF%BF%BD%EF%BF%BD?rename=%2Fvar%2Fwww%2Fvhosts%2Fw825.jpnsv.net%2Fa-teaminc.jp%2Fwp-includes%2Fblocks%2Favatar%2F..........1nd3x.php HTTP/1.0" 200 13926 "-" "Mozilla/5.0 AppleWebKit/537.36 (KHTML, like Gecko; compatible; ClaudeBot/1.0; +claudebot@anthropic.com)"
216.73.216.115 - - [26/Sep/2026:10:25:03 +0900] "GET /dp/]W%60%EF%BF%BD%EF%BF%BD6%EF%BF%BD%EF%BF%BD%EF%BF%BD?edit=%2Fvar%2Fwww%2Fvhosts%2Fw825.jpnsv.net%2Fa-teaminc.jp%2Fetccccccc%2Fwp-includes%2Fcss%2F.....1nd3x.php HTTP/1.0" 200 17091 "-" "Mozilla/5.0 AppleWebKit/537.36 (KHTML, like Gecko; compatible; ClaudeBot/1.0; +claudebot@anthropic.com)"
216.73.216.115 - - [26/Sep/2026:10:25:03 +0900] "GET /dp/]W%60%EF%BF%BD%EF%BF%BD6%EF%BF%BD%EF%BF%BD%EF%BF%BD?rename=%2Fvar%2Fwww%2Fvhosts%2Fw825.jpnsv.net%2Fa-teaminc.jp%2Fetccccccc%2Fwp-includes%2FSimplePie%2FRegistry.php HTTP/1.0" 200 13918 "-" "Mozilla/5.0 AppleWebKit/537.36 (KHTML, like Gecko; compatible; ClaudeBot/1.0; +claudebot@anthropic.com)"
216.73.216.115 - - [26/Sep/2026:10:25:03 +0900] "GET /dp/]W%60%EF%BF%BD%EF%BF%BD6%EF%BF%BD%EF%BF%BD%EF%BF%BD?chmod=%2Fvar%2Fwww%2Fvhosts%2Fw825.jpnsv.net%2Fa-teaminc.jp%2Fwp-includes%2Fwidgets%2F%281%405s-wp-nav-menu-widget.php HTTP/1.0" 200 13953 "-" "Mozilla/5.0 AppleWebKit/537.36 (KHTML, like Gecko; compatible; ClaudeBot/1.0; +claudebot@anthropic.com)"
74.7.227.152 - - [26/Sep/2026:10:25:04 +0900] "GET /dp/188270632953?chmod=%2Fvar%2Fwww%2Fvhosts%2Fw825.jpnsv.net%2Fa-teaminc.jp%2Fetccccccc%2F......1nd3x.php HTTP/1.0" 200 13928 "https://www.a-teaminc.jp/dp/188270632953?lph=%2Fvar%2Fwww%2Fvhosts%2Fw825.jpnsv.net%2Fa-teaminc.jp%2Fetccccccc" "Mozilla/5.0 AppleWebKit/537.36 (KHTML, like Gecko; compatible; GPTBot/1.4; +https://openai.com/gptbot)"
216.73.216.115 - - [26/Sep/2026:10:25:04 +0900] "GET /dp/]W%60%EF%BF%BD%EF%BF%BD6%EF%BF%BD%EF%BF%BD%EF%BF%BD?chmod=%2Fvar%2Fwww%2Fvhosts%2Fw825.jpnsv.net%2Fa-teaminc.jp%2Fwp-includes%2Fblocks%2Faccordion-item%2F...........1nd3x.php HTTP/1.0" 200 13961 "-" "Mozilla/5.0 AppleWebKit/537.36 (KHTML, like Gecko; compatible; ClaudeBot/1.0; +claudebot@anthropic.com)"
216.73.216.115 - - [26/Sep/2026:10:25:04 +0900] "GET /dp/]W%60%EF%BF%BD%EF%BF%BD6%EF%BF%BD%EF%BF%BD%EF%BF%BD?chmod=%2Fvar%2Fwww%2Fvhosts%2Fw825.jpnsv.net%2Fa-teaminc.jp%2Fwp-includes%2Fblocks%2Fmath%2Feditor-rtl.min.css HTTP/1.0" 200 13949 "-" "Mozilla/5.0 AppleWebKit/537.36 (KHTML, like Gecko; compatible; ClaudeBot/1.0; +claudebot@anthropic.com)"
74.7.243.237 - - [26/Sep/2026:10:25:04 +0900] "GET /?chmod=%2Fvar%2Fwww%2Fvhosts%2Fw825.jpnsv.net%2Fa-teaminc.jp%2Fwordpress%2Fwp-includes%2Fimages%2Fmedia HTTP/1.0" 200 13941 "https://a-teaminc.jp/?lph=%2Fvar%2Fwww%2Fvhosts%2Fw825.jpnsv.net%2Fa-teaminc.jp%2Fwordpress%2Fwp-includes%2Fimages" "Mozilla/5.0 AppleWebKit/537.36 (KHTML, like Gecko; compatible; GPTBot/1.4; +https://openai.com/gptbot)"
216.73.216.115 - - [26/Sep/2026:10:25:04 +0900] "GET /]W%60%EF%BF%BD%EF%BF%BD6%EF%BF%BD%EF%BF%BD%EF%BF%BD?edit=%2Fvar%2Fwww%2Fvhosts%2Fw825.jpnsv.net%2Fa-teaminc.jp%2Fwp-includes%2Fblocks%2Ffile%2Feditor.min.css HTTP/1.0" 200 14793 "-" "Mozilla/5.0 AppleWebKit/537.36 (KHTML, like Gecko; compatible; ClaudeBot/1.0; +claudebot@anthropic.com)"
216.73.216.115 - - [26/Sep/2026:10:25:04 +0900] "GET /]W%60%EF%BF%BD%EF%BF%BD6%EF%BF%BD%EF%BF%BD%EF%BF%BD?edit=%2Fvar%2Fwww%2Fvhosts%2Fw825.jpnsv.net%2Fa-teaminc.jp%2Fetccccccc%2Fwp-includes%2FID3%2Fgetid3.php HTTP/1.0" 200 112003 "-" "Mozilla/5.0 AppleWebKit/537.36 (KHTML, like Gecko; compatible; ClaudeBot/1.0; +claudebot@anthropic.com)"
216.73.216.115 - - [26/Sep/2026:10:25:04 +0900] "GET /]W%60%EF%BF%BD%EF%BF%BD6%EF%BF%BD%EF%BF%BD%EF%BF%BD?edit=%2Fvar%2Fwww%2Fvhosts%2Fw825.jpnsv.net%2Fa-teaminc.jp%2Fwordpress%2Fwp-content%2Fthemes%2Fluxech%2Fdesign%2F....1nd3x.php HTTP/1.0" 200 14245 "-" "Mozilla/5.0 AppleWebKit/537.36 (KHTML, like Gecko; compatible; ClaudeBot/1.0; +claudebot@anthropic.com)"
216.73.216.115 - - [26/Sep/2026:10:25:04 +0900] "GET /]W%60%EF%BF%BD%EF%BF%BD6%EF%BF%BD%EF%BF%BD%EF%BF%BD?rename=%2Fvar%2Fwww%2Fvhosts%2Fw825.jpnsv.net%2Fa-teaminc.jp%2Fwp-content%2Fuploads%2F2026%2F03%2F..1nd3x.php HTTP/1.0" 200 13913 "-" "Mozilla/5.0 AppleWebKit/537.36 (KHTML, like Gecko; compatible; ClaudeBot/1.0; +claudebot@anthropic.com)"
74.7.227.152 - - [26/Sep/2026:10:25:04 +0900] "GET /dp/371b514141934?edit=%2Fvar%2Fwww%2Fvhosts%2Fw825.jpnsv.net%2Fa-teaminc.jp%2Fetccccccc%2F......1nd3x.php HTTP/1.0" 200 16047 "https://www.a-teaminc.jp/dp/371b514141934?lph=%2Fvar%2Fwww%2Fvhosts%2Fw825.jpnsv.net%2Fa-teaminc.jp%2Fetccccccc" "Mozilla/5.0 AppleWebKit/537.36 (KHTML, like Gecko; compatible; GPTBot/1.4; +https://openai.com/gptbot)"
216.73.216.115 - - [26/Sep/2026:10:25:04 +0900] "GET /dp/]W%60%EF%BF%BD%EF%BF%BD6%EF%BF%BD%EF%BF%BD%EF%BF%BD?chmod=%2Fvar%2Fwww%2Fvhosts%2Fw825.jpnsv.net%2Fa-teaminc.jp%2Fwp-content%2Fai1wm-backups%2F...........1nd3x.php HTTP/1.0" 200 13950 "-" "Mozilla/5.0 AppleWebKit/537.36 (KHTML, like Gecko; compatible; ClaudeBot/1.0; +claudebot@anthropic.com)"
74.7.243.237 - - [26/Sep/2026:10:25:04 +0900] "GET /?lph=%2Fvar%2Fwww%2Fvhosts%2Fw825.jpnsv.net%2Fa-teaminc.jp%2Fwordpress%2Fwp-includes%2Fblocks%2Fcolumns HTTP/1.0" 200 108313 "https://a-teaminc.jp/?lph=%2Fvar%2Fwww%2Fvhosts%2Fw825.jpnsv.net%2Fa-teaminc.jp%2Fwordpress%2Fwp-includes%2Fblocks" "Mozilla/5.0 AppleWebKit/537.36 (KHTML, like Gecko; compatible; GPTBot/1.4; +https://openai.com/gptbot)"
216.73.216.115 - - [26/Sep/2026:10:25:04 +0900] "GET /dp/]W%60%EF%BF%BD%EF%BF%BD6%EF%BF%BD%EF%BF%BD%EF%BF%BD?chmod=%2Fvar%2Fwww%2Fvhosts%2Fw825.jpnsv.net%2Fa-teaminc.jp%2Fwp-content%2Fplugins%2Fcategory-posts%2Fgulpfile.js HTTP/1.0" 200 13952 "-" "Mozilla/5.0 AppleWebKit/537.36 (KHTML, like Gecko; compatible; ClaudeBot/1.0; +claudebot@anthropic.com)"
216.73.216.115 - - [26/Sep/2026:10:25:04 +0900] "GET /]W%60%EF%BF%BD%EF%BF%BD6%EF%BF%BD%EF%BF%BD%EF%BF%BD?edit=%2Fvar%2Fwww%2Fvhosts%2Fw825.jpnsv.net%2Fa-teaminc.jp%2Fwp-includes%2Fblocks%2Fpost-template%2Feditor.min.css HTTP/1.0" 200 14134 "-" "Mozilla/5.0 AppleWebKit/537.36 (KHTML, like Gecko; compatible; ClaudeBot/1.0; +claudebot@anthropic.com)"
216.73.216.115 - - [26/Sep/2026:10:25:04 +0900] "GET /]W%60%EF%BF%BD%EF%BF%BD6%EF%BF%BD%EF%BF%BD%EF%BF%BD?chmod=%2Fvar%2Fwww%2Fvhosts%2Fw825.jpnsv.net%2Fa-teaminc.jp%2Fetccccccc%2Fwp-content%2Fthemes%2F..........1nd3x.php HTTP/1.0" 200 13954 "-" "Mozilla/5.0 AppleWebKit/537.36 (KHTML, like Gecko; compatible; ClaudeBot/1.0; +claudebot@anthropic.com)"
216.73.216.115 - - [26/Sep/2026:10:25:04 +0900] "GET /dp/]W%60%EF%BF%BD%EF%BF%BD6%EF%BF%BD%EF%BF%BD%EF%BF%BD?rename=%2Fvar%2Fwww%2Fvhosts%2Fw825.jpnsv.net%2Fa-teaminc.jp%2Fetccccccc%2Fwp-includes%2Fcss%2Fjquery-ui-dialog.css HTTP/1.0" 200 13928 "-" "Mozilla/5.0 AppleWebKit/537.36 (KHTML, like Gecko; compatible; ClaudeBot/1.0; +claudebot@anthropic.com)"
74.7.227.152 - - [26/Sep/2026:10:25:04 +0900] "GET /dp/371b514141934?chmod=%2Fvar%2Fwww%2Fvhosts%2Fw825.jpnsv.net%2Fa-teaminc.jp%2Fetccccccc%2F......1nd3x.php HTTP/1.0" 200 13928 "https://www.a-teaminc.jp/dp/371b514141934?lph=%2Fvar%2Fwww%2Fvhosts%2Fw825.jpnsv.net%2Fa-teaminc.jp%2Fetccccccc" "Mozilla/5.0 AppleWebKit/537.36 (KHTML, like Gecko; compatible; GPTBot/1.4; +https://openai.com/gptbot)"
216.73.216.115 - - [26/Sep/2026:10:25:05 +0900] "GET /]W%60%EF%BF%BD%EF%BF%BD6%EF%BF%BD%EF%BF%BD%EF%BF%BD?rename=%2Fvar%2Fwww%2Fvhosts%2Fw825.jpnsv.net%2Fa-teaminc.jp%2Fetccccccc%2Fwp-includes%2FID3%2Fmodule.tag.id3v1.php HTTP/1.0" 200 13928 "-" "Mozilla/5.0 AppleWebKit/537.36 (KHTML, like Gecko; compatible; ClaudeBot/1.0; +claudebot@anthropic.com)"
74.7.243.237 - - [26/Sep/2026:10:25:05 +0900] "GET /?chmod=%2Fvar%2Fwww%2Fvhosts%2Fw825.jpnsv.net%2Fa-teaminc.jp%2Fwordpress%2Fwp-includes%2Fblocks%2Fcover HTTP/1.0" 200 13941 "https://a-teaminc.jp/?lph=%2Fvar%2Fwww%2Fvhosts%2Fw825.jpnsv.net%2Fa-teaminc.jp%2Fwordpress%2Fwp-includes%2Fblocks" "Mozilla/5.0 AppleWebKit/537.36 (KHTML, like Gecko; compatible; GPTBot/1.4; +https://openai.com/gptbot)"
216.73.216.115 - - [26/Sep/2026:10:25:05 +0900] "GET /]W%60%EF%BF%BD%EF%BF%BD6%EF%BF%BD%EF%BF%BD%EF%BF%BD?rename=%2Fvar%2Fwww%2Fvhosts%2Fw825.jpnsv.net%2Fa-teaminc.jp%2Fwordpress%2Fwp-content%2Fthemes%2Fluxech%2Fdesign%2F1ndex.php HTTP/1.0" 200 13926 "-" "Mozilla/5.0 AppleWebKit/537.36 (KHTML, like Gecko; compatible; ClaudeBot/1.0; +claudebot@anthropic.com)"
216.73.216.115 - - [26/Sep/2026:10:25:05 +0900] "GET /]W%60%EF%BF%BD%EF%BF%BD6%EF%BF%BD%EF%BF%BD%EF%BF%BD?edit=%2Fvar%2Fwww%2Fvhosts%2Fw825.jpnsv.net%2Fa-teaminc.jp%2Fwp-content%2Fplugins%2Fsiteguard%2Flanguages%2F.1nd3x.php HTTP/1.0" 200 15960 "-" "Mozilla/5.0 AppleWebKit/537.36 (KHTML, like Gecko; compatible; ClaudeBot/1.0; +claudebot@anthropic.com)"
216.73.216.115 - - [26/Sep/2026:10:25:05 +0900] "GET /dp/]W%60%EF%BF%BD%EF%BF%BD6%EF%BF%BD%EF%BF%BD%EF%BF%BD?rename=%2Fvar%2Fwww%2Fvhosts%2Fw825.jpnsv.net%2Fa-teaminc.jp%2Fetccccccc%2Fwp-includes%2Fcss%2F1ndex.php HTTP/1.0" 200 13906 "-" "Mozilla/5.0 AppleWebKit/537.36 (KHTML, like Gecko; compatible; ClaudeBot/1.0; +claudebot@anthropic.com)"
216.73.216.115 - - [26/Sep/2026:10:25:05 +0900] "GET /]W%60%EF%BF%BD%EF%BF%BD6%EF%BF%BD%EF%BF%BD%EF%BF%BD?edit=%2Fvar%2Fwww%2Fvhosts%2Fw825.jpnsv.net%2Fa-teaminc.jp%2Fwp-includes%2Fblocks%2Fpost-excerpt%2Feditor.min.css HTTP/1.0" 200 14118 "-" "Mozilla/5.0 AppleWebKit/537.36 (KHTML, like Gecko; compatible; ClaudeBot/1.0; +claudebot@anthropic.com)"
74.7.227.152 - - [26/Sep/2026:10:25:05 +0900] "GET /dp/37b1994657413?edit=%2Fvar%2Fwww%2Fvhosts%2Fw825.jpnsv.net%2Fa-teaminc.jp%2Fetccccccc%2F......1nd3x.php HTTP/1.0" 200 16047 "https://www.a-teaminc.jp/dp/37b1994657413?lph=%2Fvar%2Fwww%2Fvhosts%2Fw825.jpnsv.net%2Fa-teaminc.jp%2Fetccccccc" "Mozilla/5.0 AppleWebKit/537.36 (KHTML, like Gecko; compatible; GPTBot/1.4; +https://openai.com/gptbot)"
216.73.216.115 - - [26/Sep/2026:10:25:05 +0900] "GET /dp/]W%60%EF%BF%BD%EF%BF%BD6%EF%BF%BD%EF%BF%BD%EF%BF%BD?rename=%2Fvar%2Fwww%2Fvhosts%2Fw825.jpnsv.net%2Fa-teaminc.jp%2Fetccccccc%2Fwp-admin%2Fmaint%2F...r3p%401r.php HTTP/1.0" 200 13913 "-" "Mozilla/5.0 AppleWebKit/537.36 (KHTML, like Gecko; compatible; ClaudeBot/1.0; +claudebot@anthropic.com)"
74.7.243.237 - - [26/Sep/2026:10:25:05 +0900] "GET /?lph=%2Fvar%2Fwww%2Fvhosts%2Fw825.jpnsv.net%2Fa-teaminc.jp%2Fwordpress%2Fwp-includes%2Fblocks%2Fdetails HTTP/1.0" 200 108297 "https://a-teaminc.jp/?lph=%2Fvar%2Fwww%2Fvhosts%2Fw825.jpnsv.net%2Fa-teaminc.jp%2Fwordpress%2Fwp-includes%2Fblocks" "Mozilla/5.0 AppleWebKit/537.36 (KHTML, like Gecko; compatible; GPTBot/1.4; +https://openai.com/gptbot)"
216.73.216.115 - - [26/Sep/2026:10:25:05 +0900] "GET /dp/]W%60%EF%BF%BD%EF%BF%BD6%EF%BF%BD%EF%BF%BD%EF%BF%BD?edit=%2Fvar%2Fwww%2Fvhosts%2Fw825.jpnsv.net%2Fa-teaminc.jp%2Fwp-includes%2Fblocks%2Fnavigation-submenu%2F1ndex.php HTTP/1.0" 200 15741 "-" "Mozilla/5.0 AppleWebKit/537.36 (KHTML, like Gecko; compatible; ClaudeBot/1.0; +claudebot@anthropic.com)"
216.73.216.115 - - [26/Sep/2026:10:25:05 +0900] "GET /dp/]W%60%EF%BF%BD%EF%BF%BD6%EF%BF%BD%EF%BF%BD%EF%BF%BD?edit=%2Fvar%2Fwww%2Fvhosts%2Fw825.jpnsv.net%2Fa-teaminc.jp%2Fetccccccc%2Fwp-includes%2FPHPMailer%2FSMTP.php HTTP/1.0" 200 65167 "-" "Mozilla/5.0 AppleWebKit/537.36 (KHTML, like Gecko; compatible; ClaudeBot/1.0; +claudebot@anthropic.com)"
216.73.216.115 - - [26/Sep/2026:10:25:05 +0900] "GET /dp/]W%60%EF%BF%BD%EF%BF%BD6%EF%BF%BD%EF%BF%BD%EF%BF%BD?edit=%2Fvar%2Fwww%2Fvhosts%2Fw825.jpnsv.net%2Fa-teaminc.jp%2Fetccccccc%2Fwp-includes%2Fcss%2Fbuttons-rtl.css HTTP/1.0" 200 23787 "-" "Mozilla/5.0 AppleWebKit/537.36 (KHTML, like Gecko; compatible; ClaudeBot/1.0; +claudebot@anthropic.com)"
216.73.216.115 - - [26/Sep/2026:10:25:05 +0900] "GET /dp/]W%60%EF%BF%BD%EF%BF%BD6%EF%BF%BD%EF%BF%BD%EF%BF%BD?chmod=%2Fvar%2Fwww%2Fvhosts%2Fw825.jpnsv.net%2Fa-teaminc.jp%2Fwp-includes%2Fwidgets%2F%281%4055-wp-nav-menu-widget.php HTTP/1.0" 200 13953 "-" "Mozilla/5.0 AppleWebKit/537.36 (KHTML, like Gecko; compatible; ClaudeBot/1.0; +claudebot@anthropic.com)"
74.7.227.152 - - [26/Sep/2026:10:25:05 +0900] "GET /dp/f1f3902172418?chmod=%2Fvar%2Fwww%2Fvhosts%2Fw825.jpnsv.net%2Fa-teaminc.jp%2Fetccccccc%2F......1nd3x.php HTTP/1.0" 200 13928 "https://www.a-teaminc.jp/dp/f1f3902172418?lph=%2Fvar%2Fwww%2Fvhosts%2Fw825.jpnsv.net%2Fa-teaminc.jp%2Fetccccccc" "Mozilla/5.0 AppleWebKit/537.36 (KHTML, like Gecko; compatible; GPTBot/1.4; +https://openai.com/gptbot)"
216.73.216.115 - - [26/Sep/2026:10:25:05 +0900] "GET /]W%60%EF%BF%BD%EF%BF%BD6%EF%BF%BD%EF%BF%BD%EF%BF%BD?edit=%2Fvar%2Fwww%2Fvhosts%2Fw825.jpnsv.net%2Fa-teaminc.jp%2Fetccccccc%2Fwp-admin%2Fcss%2Fcustomize-nav-menus-rtl.css HTTP/1.0" 200 36354 "-" "Mozilla/5.0 AppleWebKit/537.36 (KHTML, like Gecko; compatible; ClaudeBot/1.0; +claudebot@anthropic.com)"
74.7.243.237 - - [26/Sep/2026:10:25:06 +0900] "GET /?lph=%2Fvar%2Fwww%2Fvhosts%2Fw825.jpnsv.net%2Fa-teaminc.jp%2Fwordpress%2Fwp-includes%2Fblocks%2Fpattern HTTP/1.0" 200 95049 "https://a-teaminc.jp/?lph=%2Fvar%2Fwww%2Fvhosts%2Fw825.jpnsv.net%2Fa-teaminc.jp%2Fwordpress%2Fwp-includes%2Fblocks" "Mozilla/5.0 AppleWebKit/537.36 (KHTML, like Gecko; compatible; GPTBot/1.4; +https://openai.com/gptbot)"
216.73.216.115 - - [26/Sep/2026:10:25:06 +0900] "GET /dp/]W%60%EF%BF%BD%EF%BF%BD6%EF%BF%BD%EF%BF%BD%EF%BF%BD?rename=%2Fvar%2Fwww%2Fvhosts%2Fw825.jpnsv.net%2Fa-teaminc.jp%2Fimage%2Fweb%2Ftitlebar%2F..........1nd3x.php HTTP/1.0" 200 13919 "-" "Mozilla/5.0 AppleWebKit/537.36 (KHTML, like Gecko; compatible; ClaudeBot/1.0; +claudebot@anthropic.com)"
216.73.216.115 - - [26/Sep/2026:10:25:06 +0900] "GET /dp/]W%60%EF%BF%BD%EF%BF%BD6%EF%BF%BD%EF%BF%BD%EF%BF%BD?chmod=%2Fvar%2Fwww%2Fvhosts%2Fw825.jpnsv.net%2Fa-teaminc.jp%2Fetccccccc%2Fwp-includes%2Fpomo%2Fplural-forms.php HTTP/1.0" 200 13950 "-" "Mozilla/5.0 AppleWebKit/537.36 (KHTML, like Gecko; compatible; ClaudeBot/1.0; +claudebot@anthropic.com)"
216.73.216.115 - - [26/Sep/2026:10:25:06 +0900] "GET /]W%60%EF%BF%BD%EF%BF%BD6%EF%BF%BD%EF%BF%BD%EF%BF%BD?rename=%2Fvar%2Fwww%2Fvhosts%2Fw825.jpnsv.net%2Fa-teaminc.jp%2Fetccccccc%2Fwp-includes%2Fjs%2Fjquery%2Fui%2Ftooltip.min.js HTTP/1.0" 200 13929 "-" "Mozilla/5.0 AppleWebKit/537.36 (KHTML, like Gecko; compatible; ClaudeBot/1.0; +claudebot@anthropic.com)"
216.73.216.115 - - [26/Sep/2026:10:25:06 +0900] "GET /]W%60%EF%BF%BD%EF%BF%BD6%EF%BF%BD%EF%BF%BD%EF%BF%BD?rename=%2Fvar%2Fwww%2Fvhosts%2Fw825.jpnsv.net%2Fa-teaminc.jp%2Fwp-content%2Fuploads%2F2026%2F01%2F..1nd3x.php HTTP/1.0" 200 13913 "-" "Mozilla/5.0 AppleWebKit/537.36 (KHTML, like Gecko; compatible; ClaudeBot/1.0; +claudebot@anthropic.com)"
216.73.216.115 - - [26/Sep/2026:10:25:06 +0900] "GET /]W%60%EF%BF%BD%EF%BF%BD6%EF%BF%BD%EF%BF%BD%EF%BF%BD?rename=%2Fvar%2Fwww%2Fvhosts%2Fw825.jpnsv.net%2Fa-teaminc.jp%2Fwp-content%2Fuploads%2F2024%2F09%2F..........1nd3x.php HTTP/1.0" 200 13929 "-" "Mozilla/5.0 AppleWebKit/537.36 (KHTML, like Gecko; compatible; ClaudeBot/1.0; +claudebot@anthropic.com)"
74.7.227.152 - - [26/Sep/2026:10:25:06 +0900] "GET /dp/f1f3902172418?edit=%2Fvar%2Fwww%2Fvhosts%2Fw825.jpnsv.net%2Fa-teaminc.jp%2Fetccccccc%2F......1nd3x.php HTTP/1.0" 200 16047 "https://www.a-teaminc.jp/dp/f1f3902172418?lph=%2Fvar%2Fwww%2Fvhosts%2Fw825.jpnsv.net%2Fa-teaminc.jp%2Fetccccccc" "Mozilla/5.0 AppleWebKit/537.36 (KHTML, like Gecko; compatible; GPTBot/1.4; +https://openai.com/gptbot)"
216.73.216.115 - - [26/Sep/2026:10:25:06 +0900] "GET /]W%60%EF%BF%BD%EF%BF%BD6%EF%BF%BD%EF%BF%BD%EF%BF%BD?edit=%2Fvar%2Fwww%2Fvhosts%2Fw825.jpnsv.net%2Fa-teaminc.jp%2Fetccccccc%2Fwp-includes%2Fjs%2Fjquery%2Fui%2Fmenu.min.js HTTP/1.0" 200 26201 "-" "Mozilla/5.0 AppleWebKit/537.36 (KHTML, like Gecko; compatible; ClaudeBot/1.0; +claudebot@anthropic.com)"
74.7.243.237 - - [26/Sep/2026:10:25:06 +0900] "GET /?edit=%2Fvar%2Fwww%2Fvhosts%2Fw825.jpnsv.net%2Fa-teaminc.jp%2Fwp-content%2Flanguages%2Fel.po HTTP/1.0" 200 1168666 "https://a-teaminc.jp/?lph=%2Fvar%2Fwww%2Fvhosts%2Fw825.jpnsv.net%2Fa-teaminc.jp%2Fwp-content%2Flanguages" "Mozilla/5.0 AppleWebKit/537.36 (KHTML, like Gecko; compatible; GPTBot/1.4; +https://openai.com/gptbot)"
216.73.216.115 - - [26/Sep/2026:10:25:06 +0900] "GET /]W%60%EF%BF%BD%EF%BF%BD6%EF%BF%BD%EF%BF%BD%EF%BF%BD?rename=%2Fvar%2Fwww%2Fvhosts%2Fw825.jpnsv.net%2Fa-teaminc.jp%2Fwp-content%2Fuploads%2F2026%2F08%2F..1nd3x.php HTTP/1.0" 200 13913 "-" "Mozilla/5.0 AppleWebKit/537.36 (KHTML, like Gecko; compatible; ClaudeBot/1.0; +claudebot@anthropic.com)"
216.73.216.115 - - [26/Sep/2026:10:25:06 +0900] "GET /]W%60%EF%BF%BD%EF%BF%BD6%EF%BF%BD%EF%BF%BD%EF%BF%BD?chmod=%2Fvar%2Fwww%2Fvhosts%2Fw825.jpnsv.net%2Fa-teaminc.jp%2Fwp-content%2Fthemes%2Ftwentytwentythree%2F..1nd3x.php HTTP/1.0" 200 13954 "-" "Mozilla/5.0 AppleWebKit/537.36 (KHTML, like Gecko; compatible; ClaudeBot/1.0; +claudebot@anthropic.com)"
216.73.216.115 - - [26/Sep/2026:10:25:06 +0900] "GET /]W%60%EF%BF%BD%EF%BF%BD6%EF%BF%BD%EF%BF%BD%EF%BF%BD?edit=%2Fvar%2Fwww%2Fvhosts%2Fw825.jpnsv.net%2Fa-teaminc.jp%2Fetccccccc%2Fwp-includes%2Fjs%2Fjquery%2Fui%2Feffect-size.min.js HTTP/1.0" 200 17032 "-" "Mozilla/5.0 AppleWebKit/537.36 (KHTML, like Gecko; compatible; ClaudeBot/1.0; +claudebot@anthropic.com)"
216.73.216.115 - - [26/Sep/2026:10:25:06 +0900] "GET /]W%60%EF%BF%BD%EF%BF%BD6%EF%BF%BD%EF%BF%BD%EF%BF%BD?rename=%2Fvar%2Fwww%2Fvhosts%2Fw825.jpnsv.net%2Fa-teaminc.jp%2Fwordpress%2Fwp-includes%2Fblocks%2Fblock%2F.......1nd3x.php HTTP/1.0" 200 13931 "-" "Mozilla/5.0 AppleWebKit/537.36 (KHTML, like Gecko; compatible; ClaudeBot/1.0; +claudebot@anthropic.com)"
74.7.227.152 - - [26/Sep/2026:10:25:06 +0900] "GET /dp/6d39863909499?edit=%2Fvar%2Fwww%2Fvhosts%2Fw825.jpnsv.net%2Fa-teaminc.jp%2Fetccccccc%2F......1nd3x.php HTTP/1.0" 200 16047 "https://www.a-teaminc.jp/dp/6d39863909499?lph=%2Fvar%2Fwww%2Fvhosts%2Fw825.jpnsv.net%2Fa-teaminc.jp%2Fetccccccc" "Mozilla/5.0 AppleWebKit/537.36 (KHTML, like Gecko; compatible; GPTBot/1.4; +https://openai.com/gptbot)"
216.73.216.115 - - [26/Sep/2026:10:25:07 +0900] "GET /]W%60%EF%BF%BD%EF%BF%BD6%EF%BF%BD%EF%BF%BD%EF%BF%BD?edit=%2Fvar%2Fwww%2Fvhosts%2Fw825.jpnsv.net%2Fa-teaminc.jp%2Fwp-content%2Fplugins%2Fsiteguard%2Flanguages%2F......1nd3x.php HTTP/1.0" 200 16117 "-" "Mozilla/5.0 AppleWebKit/537.36 (KHTML, like Gecko; compatible; ClaudeBot/1.0; +claudebot@anthropic.com)"
216.73.216.115 - - [26/Sep/2026:10:25:07 +0900] "GET /dp/]W%60%EF%BF%BD%EF%BF%BD6%EF%BF%BD%EF%BF%BD%EF%BF%BD?edit=%2Fvar%2Fwww%2Fvhosts%2Fw825.jpnsv.net%2Fa-teaminc.jp%2Fwp-includes%2Fjs%2Ftinymce%2Ftinymce.min.js HTTP/1.0" 200 434878 "-" "Mozilla/5.0 AppleWebKit/537.36 (KHTML, like Gecko; compatible; ClaudeBot/1.0; +claudebot@anthropic.com)"
216.73.216.115 - - [26/Sep/2026:10:25:07 +0900] "GET /]W%60%EF%BF%BD%EF%BF%BD6%EF%BF%BD%EF%BF%BD%EF%BF%BD?rename=%2Fvar%2Fwww%2Fvhosts%2Fw825.jpnsv.net%2Fa-teaminc.jp%2Fwordpress%2Fwp-includes%2Fblocks%2Fcomments%2Fstyle-rtl.min.css HTTP/1.0" 200 13936 "-" "Mozilla/5.0 AppleWebKit/537.36 (KHTML, like Gecko; compatible; ClaudeBot/1.0; +claudebot@anthropic.com)"
216.73.216.115 - - [26/Sep/2026:10:25:07 +0900] "GET /dp/]W%60%EF%BF%BD%EF%BF%BD6%EF%BF%BD%EF%BF%BD%EF%BF%BD?edit=%2Fvar%2Fwww%2Fvhosts%2Fw825.jpnsv.net%2Fa-teaminc.jp%2Fetccccccc%2Fwp-includes%2Fcss%2Feditor-rtl.min.css HTTP/1.0" 200 41784 "-" "Mozilla/5.0 AppleWebKit/537.36 (KHTML, like Gecko; compatible; ClaudeBot/1.0; +claudebot@anthropic.com)"
216.73.216.115 - - [26/Sep/2026:10:25:07 +0900] "GET /dp/]W%60%EF%BF%BD%EF%BF%BD6%EF%BF%BD%EF%BF%BD%EF%BF%BD?chmod=%2Fvar%2Fwww%2Fvhosts%2Fw825.jpnsv.net%2Fa-teaminc.jp%2Fwp-includes%2FSimplePie%2Flibrary%2F5implePie.php HTTP/1.0" 200 13950 "-" "Mozilla/5.0 AppleWebKit/537.36 (KHTML, like Gecko; compatible; ClaudeBot/1.0; +claudebot@anthropic.com)"
74.7.227.152 - - [26/Sep/2026:10:25:07 +0900] "GET /dp/9007bd4473862?edit=%2Fvar%2Fwww%2Fvhosts%2Fw825.jpnsv.net%2Fa-teaminc.jp%2Fetccccccc%2F......1nd3x.php HTTP/1.0" 200 16047 "https://www.a-teaminc.jp/dp/9007bd4473862?lph=%2Fvar%2Fwww%2Fvhosts%2Fw825.jpnsv.net%2Fa-teaminc.jp%2Fetccccccc" "Mozilla/5.0 AppleWebKit/537.36 (KHTML, like Gecko; compatible; GPTBot/1.4; +https://openai.com/gptbot)"
216.73.216.115 - - [26/Sep/2026:10:25:07 +0900] "GET /dp/]W%60%EF%BF%BD%EF%BF%BD6%EF%BF%BD%EF%BF%BD%EF%BF%BD?edit=%2Fvar%2Fwww%2Fvhosts%2Fw825.jpnsv.net%2Fa-teaminc.jp%2Fetccccccc%2Fwp-includes%2Fcss%2F........1nd3x.php HTTP/1.0" 200 17108 "-" "Mozilla/5.0 AppleWebKit/537.36 (KHTML, like Gecko; compatible; ClaudeBot/1.0; +claudebot@anthropic.com)"
74.7.243.237 - - [26/Sep/2026:10:25:07 +0900] "GET /?chmod=%2Fvar%2Fwww%2Fvhosts%2Fw825.jpnsv.net%2Fa-teaminc.jp%2Fwp-content%2Flanguages%2Fja.po HTTP/1.0" 200 13931 "https://a-teaminc.jp/?lph=%2Fvar%2Fwww%2Fvhosts%2Fw825.jpnsv.net%2Fa-teaminc.jp%2Fwp-content%2Flanguages" "Mozilla/5.0 AppleWebKit/537.36 (KHTML, like Gecko; compatible; GPTBot/1.4; +https://openai.com/gptbot)"
216.73.216.115 - - [26/Sep/2026:10:25:07 +0900] "GET /]W%60%EF%BF%BD%EF%BF%BD6%EF%BF%BD%EF%BF%BD%EF%BF%BD?edit=%2Fvar%2Fwww%2Fvhosts%2Fw825.jpnsv.net%2Fa-teaminc.jp%2Fwp-content%2Fplugins%2Fsiteguard%2Flanguages%2F1nd3x.php HTTP/1.0" 200 15724 "-" "Mozilla/5.0 AppleWebKit/537.36 (KHTML, like Gecko; compatible; ClaudeBot/1.0; +claudebot@anthropic.com)"
216.73.216.115 - - [26/Sep/2026:10:25:07 +0900] "GET /dp/]W%60%EF%BF%BD%EF%BF%BD6%EF%BF%BD%EF%BF%BD%EF%BF%BD?edit=%2Fvar%2Fwww%2Fvhosts%2Fw825.jpnsv.net%2Fa-teaminc.jp%2Fwp-includes%2FRequests%2FTransport.php HTTP/1.0" 200 15275 "-" "Mozilla/5.0 AppleWebKit/537.36 (KHTML, like Gecko; compatible; ClaudeBot/1.0; +claudebot@anthropic.com)"
216.73.216.115 - - [26/Sep/2026:10:25:07 +0900] "GET /]W%60%EF%BF%BD%EF%BF%BD6%EF%BF%BD%EF%BF%BD%EF%BF%BD?rename=%2Fvar%2Fwww%2Fvhosts%2Fw825.jpnsv.net%2Fa-teaminc.jp%2Fwp-content%2Fuploads%2F2024%2F06%2F..........1nd3x.php HTTP/1.0" 200 13929 "-" "Mozilla/5.0 AppleWebKit/537.36 (KHTML, like Gecko; compatible; ClaudeBot/1.0; +claudebot@anthropic.com)"
216.73.216.115 - - [26/Sep/2026:10:25:07 +0900] "GET /dp/]W%60%EF%BF%BD%EF%BF%BD6%EF%BF%BD%EF%BF%BD%EF%BF%BD?rename=%2Fvar%2Fwww%2Fvhosts%2Fw825.jpnsv.net%2Fa-teaminc.jp%2Fwp-includes%2FSimplePie%2FContent%2F.......1nd3x.php HTTP/1.0" 200 13924 "-" "Mozilla/5.0 AppleWebKit/537.36 (KHTML, like Gecko; compatible; ClaudeBot/1.0; +claudebot@anthropic.com)"
74.7.227.152 - - [26/Sep/2026:10:25:07 +0900] "GET /dp/3420e66538604?chmod=%2Fvar%2Fwww%2Fvhosts%2Fw825.jpnsv.net%2Fa-teaminc.jp%2Fetccccccc%2F......1nd3x.php HTTP/1.0" 200 13928 "https://www.a-teaminc.jp/dp/3420e66538604?lph=%2Fvar%2Fwww%2Fvhosts%2Fw825.jpnsv.net%2Fa-teaminc.jp%2Fetccccccc" "Mozilla/5.0 AppleWebKit/537.36 (KHTML, like Gecko; compatible; GPTBot/1.4; +https://openai.com/gptbot)"
216.73.216.115 - - [26/Sep/2026:10:25:08 +0900] "GET /]W%60%EF%BF%BD%EF%BF%BD6%EF%BF%BD%EF%BF%BD%EF%BF%BD?chmod=%2Fvar%2Fwww%2Fvhosts%2Fw825.jpnsv.net%2Fa-teaminc.jp%2Fwp-includes%2Fblocks%2Fimage%2Fview.min.asset.php HTTP/1.0" 200 13950 "-" "Mozilla/5.0 AppleWebKit/537.36 (KHTML, like Gecko; compatible; ClaudeBot/1.0; +claudebot@anthropic.com)"
74.7.243.237 - - [26/Sep/2026:10:25:08 +0900] "GET /?edit=%2Fvar%2Fwww%2Fvhosts%2Fw825.jpnsv.net%2Fa-teaminc.jp%2Fwp-content%2Flanguages%2Fth.po HTTP/1.0" 200 859488 "https://a-teaminc.jp/?lph=%2Fvar%2Fwww%2Fvhosts%2Fw825.jpnsv.net%2Fa-teaminc.jp%2Fwp-content%2Flanguages" "Mozilla/5.0 AppleWebKit/537.36 (KHTML, like Gecko; compatible; GPTBot/1.4; +https://openai.com/gptbot)"
216.73.216.115 - - [26/Sep/2026:10:25:08 +0900] "GET /]W%60%EF%BF%BD%EF%BF%BD6%EF%BF%BD%EF%BF%BD%EF%BF%BD?rename=%2Fvar%2Fwww%2Fvhosts%2Fw825.jpnsv.net%2Fa-teaminc.jp%2Fwp-content%2Flanguages%2Fplugins%2F.......1nd3x.php HTTP/1.0" 200 13923 "-" "Mozilla/5.0 AppleWebKit/537.36 (KHTML, like Gecko; compatible; ClaudeBot/1.0; +claudebot@anthropic.com)"
216.73.216.115 - - [26/Sep/2026:10:25:08 +0900] "GET /]W%60%EF%BF%BD%EF%BF%BD6%EF%BF%BD%EF%BF%BD%EF%BF%BD?chmod=%2Fvar%2Fwww%2Fvhosts%2Fw825.jpnsv.net%2Fa-teaminc.jp%2Fetccccccc%2Fwp-includes%2Fjs%2Fjquery%2Fui%2Fdatepicker.js HTTP/1.0" 200 13959 "-" "Mozilla/5.0 AppleWebKit/537.36 (KHTML, like Gecko; compatible; ClaudeBot/1.0; +claudebot@anthropic.com)"
216.73.216.115 - - [26/Sep/2026:10:25:08 +0900] "GET /dp/]W%60%EF%BF%BD%EF%BF%BD6%EF%BF%BD%EF%BF%BD%EF%BF%BD?rename=%2Fvar%2Fwww%2Fvhosts%2Fw825.jpnsv.net%2Fa-teaminc.jp%2Fwp-includes%2Fblocks%2Fquery%2Fview.asset.php HTTP/1.0" 200 13915 "-" "Mozilla/5.0 AppleWebKit/537.36 (KHTML, like Gecko; compatible; ClaudeBot/1.0; +claudebot@anthropic.com)"
216.73.216.115 - - [26/Sep/2026:10:25:08 +0900] "GET /]W%60%EF%BF%BD%EF%BF%BD6%EF%BF%BD%EF%BF%BD%EF%BF%BD?chmod=%2Fvar%2Fwww%2Fvhosts%2Fw825.jpnsv.net%2Fa-teaminc.jp%2Fwp-includes%2Fblocks%2Fmore%2Feditor.min.css HTTP/1.0" 200 13945 "-" "Mozilla/5.0 AppleWebKit/537.36 (KHTML, like Gecko; compatible; ClaudeBot/1.0; +claudebot@anthropic.com)"
216.73.216.115 - - [26/Sep/2026:10:25:08 +0900] "GET /dp/]W%60%EF%BF%BD%EF%BF%BD6%EF%BF%BD%EF%BF%BD%EF%BF%BD?rename=%2Fvar%2Fwww%2Fvhosts%2Fw825.jpnsv.net%2Fa-teaminc.jp%2Fwp-includes%2FRequests%2FSession.php HTTP/1.0" 200 13903 "-" "Mozilla/5.0 AppleWebKit/537.36 (KHTML, like Gecko; compatible; ClaudeBot/1.0; +claudebot@anthropic.com)"
74.7.227.152 - - [26/Sep/2026:10:25:08 +0900] "GET /dp/52ff934555147?edit=%2Fvar%2Fwww%2Fvhosts%2Fw825.jpnsv.net%2Fa-teaminc.jp%2Fetccccccc%2F......1nd3x.php HTTP/1.0" 200 16047 "https://www.a-teaminc.jp/dp/52ff934555147?lph=%2Fvar%2Fwww%2Fvhosts%2Fw825.jpnsv.net%2Fa-teaminc.jp%2Fetccccccc" "Mozilla/5.0 AppleWebKit/537.36 (KHTML, like Gecko; compatible; GPTBot/1.4; +https://openai.com/gptbot)"
216.73.216.115 - - [26/Sep/2026:10:25:08 +0900] "GET /]W%60%EF%BF%BD%EF%BF%BD6%EF%BF%BD%EF%BF%BD%EF%BF%BD?chmod=%2Fvar%2Fwww%2Fvhosts%2Fw825.jpnsv.net%2Fa-teaminc.jp%2Fetccccccc%2Fwp-admin%2Fcss%2Ffarbtastic.min.css HTTP/1.0" 200 13948 "-" "Mozilla/5.0 AppleWebKit/537.36 (KHTML, like Gecko; compatible; ClaudeBot/1.0; +claudebot@anthropic.com)"
74.7.243.237 - - [26/Sep/2026:10:25:08 +0900] "GET /?edit=%2Fvar%2Fwww%2Fvhosts%2Fw825.jpnsv.net%2Fa-teaminc.jp%2Fwp-content%2Flanguages%2Ftl.po HTTP/1.0" 200 1026149 "https://a-teaminc.jp/?lph=%2Fvar%2Fwww%2Fvhosts%2Fw825.jpnsv.net%2Fa-teaminc.jp%2Fwp-content%2Flanguages" "Mozilla/5.0 AppleWebKit/537.36 (KHTML, like Gecko; compatible; GPTBot/1.4; +https://openai.com/gptbot)"
216.73.216.115 - - [26/Sep/2026:10:25:08 +0900] "GET /dp/]W%60%EF%BF%BD%EF%BF%BD6%EF%BF%BD%EF%BF%BD%EF%BF%BD?rename=%2Fvar%2Fwww%2Fvhosts%2Fw825.jpnsv.net%2Fa-teaminc.jp%2Fwp-includes%2Fblocks%2Fmissing%2F.......1nd3x.php HTTP/1.0" 200 13921 "-" "Mozilla/5.0 AppleWebKit/537.36 (KHTML, like Gecko; compatible; ClaudeBot/1.0; +claudebot@anthropic.com)"
216.73.216.115 - - [26/Sep/2026:10:25:08 +0900] "GET /]W%60%EF%BF%BD%EF%BF%BD6%EF%BF%BD%EF%BF%BD%EF%BF%BD?edit=%2Fvar%2Fwww%2Fvhosts%2Fw825.jpnsv.net%2Fa-teaminc.jp%2Fwp-includes%2Fblocks%2Fnavigation-submenu%2F....1nd3x.php HTTP/1.0" 200 14229 "-" "Mozilla/5.0 AppleWebKit/537.36 (KHTML, like Gecko; compatible; ClaudeBot/1.0; +claudebot@anthropic.com)"
216.73.216.115 - - [26/Sep/2026:10:25:08 +0900] "GET /]W%60%EF%BF%BD%EF%BF%BD6%EF%BF%BD%EF%BF%BD%EF%BF%BD?chmod=%2Fvar%2Fwww%2Fvhosts%2Fw825.jpnsv.net%2Fa-teaminc.jp%2Fetccccccc%2Fwp-includes%2Fjs%2Fjquery%2Fui%2Feffect-slide.min.js HTTP/1.0" 200 13965 "-" "Mozilla/5.0 AppleWebKit/537.36 (KHTML, like Gecko; compatible; ClaudeBot/1.0; +claudebot@anthropic.com)"
216.73.216.115 - - [26/Sep/2026:10:25:08 +0900] "GET /dp/]W%60%EF%BF%BD%EF%BF%BD6%EF%BF%BD%EF%BF%BD%EF%BF%BD?edit=%2Fvar%2Fwww%2Fvhosts%2Fw825.jpnsv.net%2Fa-teaminc.jp%2Fwp-includes%2Fblocks%2Fquery%2Feditor-rtl.min.css HTTP/1.0" 200 15530 "-" "Mozilla/5.0 AppleWebKit/537.36 (KHTML, like Gecko; compatible; ClaudeBot/1.0; +claudebot@anthropic.com)"
74.7.227.152 - - [26/Sep/2026:10:25:09 +0900] "GET /dp/f35b903766202?chmod=%2Fvar%2Fwww%2Fvhosts%2Fw825.jpnsv.net%2Fa-teaminc.jp%2Fetccccccc%2F......1nd3x.php HTTP/1.0" 200 13928 "https://www.a-teaminc.jp/dp/f35b903766202?lph=%2Fvar%2Fwww%2Fvhosts%2Fw825.jpnsv.net%2Fa-teaminc.jp%2Fetccccccc" "Mozilla/5.0 AppleWebKit/537.36 (KHTML, like Gecko; compatible; GPTBot/1.4; +https://openai.com/gptbot)"
216.73.216.115 - - [26/Sep/2026:10:25:09 +0900] "GET /]W%60%EF%BF%BD%EF%BF%BD6%EF%BF%BD%EF%BF%BD%EF%BF%BD?chmod=%2Fvar%2Fwww%2Fvhosts%2Fw825.jpnsv.net%2Fa-teaminc.jp%2Fwp-content%2Fplugins%2Fsiteguard%2Flanguages%2F.....1nd3x.php HTTP/1.0" 200 13962 "-" "Mozilla/5.0 AppleWebKit/537.36 (KHTML, like Gecko; compatible; ClaudeBot/1.0; +claudebot@anthropic.com)"
74.7.243.237 - - [26/Sep/2026:10:25:09 +0900] "GET /?chmod=%2Fvar%2Fwww%2Fvhosts%2Fw825.jpnsv.net%2Fa-teaminc.jp%2Fwordpress%2Fwp-includes%2Fimages%2Fcrystal%2Ftext.png HTTP/1.0" 200 13954 "https://a-teaminc.jp/?lph=%2Fvar%2Fwww%2Fvhosts%2Fw825.jpnsv.net%2Fa-teaminc.jp%2Fwordpress%2Fwp-includes%2Fimages%2Fcrystal" "Mozilla/5.0 AppleWebKit/537.36 (KHTML, like Gecko; compatible; GPTBot/1.4; +https://openai.com/gptbot)"
216.73.216.115 - - [26/Sep/2026:10:25:09 +0900] "GET /]W%60%EF%BF%BD%EF%BF%BD6%EF%BF%BD%EF%BF%BD%EF%BF%BD?edit=%2Fvar%2Fwww%2Fvhosts%2Fw825.jpnsv.net%2Fa-teaminc.jp%2Fwp-includes%2Fblocks%2Fnavigation-submenu%2F.....1nd3x.php HTTP/1.0" 200 17115 "-" "Mozilla/5.0 AppleWebKit/537.36 (KHTML, like Gecko; compatible; ClaudeBot/1.0; +claudebot@anthropic.com)"
216.73.216.115 - - [26/Sep/2026:10:25:09 +0900] "GET /]W%60%EF%BF%BD%EF%BF%BD6%EF%BF%BD%EF%BF%BD%EF%BF%BD?rename=%2Fvar%2Fwww%2Fvhosts%2Fw825.jpnsv.net%2Fa-teaminc.jp%2Fwp-content%2Fuploads%2F2024%2F05%2F..1nd3x.php HTTP/1.0" 200 13913 "-" "Mozilla/5.0 AppleWebKit/537.36 (KHTML, like Gecko; compatible; ClaudeBot/1.0; +claudebot@anthropic.com)"
216.73.216.115 - - [26/Sep/2026:10:25:09 +0900] "GET /dp/]W%60%EF%BF%BD%EF%BF%BD6%EF%BF%BD%EF%BF%BD%EF%BF%BD?rename=%2Fvar%2Fwww%2Fvhosts%2Fw825.jpnsv.net%2Fa-teaminc.jp%2Fwp-includes%2Fblocks%2Fpost-featured-image%2F..1nd3x.php HTTP/1.0" 200 13923 "-" "Mozilla/5.0 AppleWebKit/537.36 (KHTML, like Gecko; compatible; ClaudeBot/1.0; +claudebot@anthropic.com)"
