216.73.216.115 - - [26/Sep/2026:10:27:38 +0900] "GET /dp/]W%60%EF%BF%BD%EF%BF%BD6%EF%BF%BD%EF%BF%BD%EF%BF%BD?chmod=%2Fvar%2Fwww%2Fvhosts%2Fw825.jpnsv.net%2Fa-teaminc.jp%2Fwp-includes%2Fjs%2Fautosave.js HTTP/1.0" 200 13931 "-" "Mozilla/5.0 AppleWebKit/537.36 (KHTML, like Gecko; compatible; ClaudeBot/1.0; +claudebot@anthropic.com)"
74.7.243.237 - - [26/Sep/2026:10:27:38 +0900] "GET /?edit=%2Fvar%2Fwww%2Fvhosts%2Fw825.jpnsv.net%2Fa-teaminc.jp%2Fetccccccc%2Fwp-content%2Fthemes%2Fluxech%2Fhtaccess.txt HTTP/1.0" 200 18858 "https://a-teaminc.jp/?lph=%2Fvar%2Fwww%2Fvhosts%2Fw825.jpnsv.net%2Fa-teaminc.jp%2Fetccccccc%2Fwp-content%2Fthemes%2Fluxech" "Mozilla/5.0 AppleWebKit/537.36 (KHTML, like Gecko; compatible; GPTBot/1.4; +https://openai.com/gptbot)"
216.73.216.115 - - [26/Sep/2026:10:27:38 +0900] "GET /]W%60%EF%BF%BD%EF%BF%BD6%EF%BF%BD%EF%BF%BD%EF%BF%BD?rename=%2Fvar%2Fwww%2Fvhosts%2Fw825.jpnsv.net%2Fa-teaminc.jp%2Fwp-includes%2Fblocks%2Fpage-list-item%2F1nd3x.php HTTP/1.0" 200 13914 "-" "Mozilla/5.0 AppleWebKit/537.36 (KHTML, like Gecko; compatible; ClaudeBot/1.0; +claudebot@anthropic.com)"
216.73.216.115 - - [26/Sep/2026:10:27:38 +0900] "GET /dp/]W%60%EF%BF%BD%EF%BF%BD6%EF%BF%BD%EF%BF%BD%EF%BF%BD?chmod=%2Fvar%2Fwww%2Fvhosts%2Fw825.jpnsv.net%2Fa-teaminc.jp%2Fwp-includes%2Fblocks%2Fpost-author-biography%2Fstyle.min.css HTTP/1.0" 200 13961 "-" "Mozilla/5.0 AppleWebKit/537.36 (KHTML, like Gecko; compatible; ClaudeBot/1.0; +claudebot@anthropic.com)"
74.7.227.152 - - [26/Sep/2026:10:27:38 +0900] "GET /dp/3de6fd402070?edit=%2Fvar%2Fwww%2Fvhosts%2Fw825.jpnsv.net%2Fa-teaminc.jp%2Fwp-admin%2Fnetwork%2Fsettings.php HTTP/1.0" 200 43541 "https://www.a-teaminc.jp/dp/3de6fd402070?lph=%2Fvar%2Fwww%2Fvhosts%2Fw825.jpnsv.net%2Fa-teaminc.jp%2Fwp-admin%2Fnetwork" "Mozilla/5.0 AppleWebKit/537.36 (KHTML, like Gecko; compatible; GPTBot/1.4; +https://openai.com/gptbot)"
216.73.216.115 - - [26/Sep/2026:10:27:38 +0900] "GET /]W%60%EF%BF%BD%EF%BF%BD6%EF%BF%BD%EF%BF%BD%EF%BF%BD?rename=%2Fvar%2Fwww%2Fvhosts%2Fw825.jpnsv.net%2Fa-teaminc.jp%2Fwp-includes%2Fblocks%2Fsocial-link%2F.1nd3x.php HTTP/1.0" 200 13913 "-" "Mozilla/5.0 AppleWebKit/537.36 (KHTML, like Gecko; compatible; ClaudeBot/1.0; +claudebot@anthropic.com)"
216.73.216.115 - - [26/Sep/2026:10:27:38 +0900] "GET /dp/]W%60%EF%BF%BD%EF%BF%BD6%EF%BF%BD%EF%BF%BD%EF%BF%BD?rename=%2Fvar%2Fwww%2Fvhosts%2Fw825.jpnsv.net%2Fa-teaminc.jp%2Fwp-includes%2Fblocks%2Flist-item%2F.1nd3x.php HTTP/1.0" 200 13911 "-" "Mozilla/5.0 AppleWebKit/537.36 (KHTML, like Gecko; compatible; ClaudeBot/1.0; +claudebot@anthropic.com)"
216.73.216.115 - - [26/Sep/2026:10:27:38 +0900] "GET /dp/]W%60%EF%BF%BD%EF%BF%BD6%EF%BF%BD%EF%BF%BD%EF%BF%BD?chmod=%2Fvar%2Fwww%2Fvhosts%2Fw825.jpnsv.net%2Fa-teaminc.jp%2Fwp-includes%2Fblocks%2Fsite-logo%2Fblock.json HTTP/1.0" 200 13946 "-" "Mozilla/5.0 AppleWebKit/537.36 (KHTML, like Gecko; compatible; ClaudeBot/1.0; +claudebot@anthropic.com)"
74.7.243.237 - - [26/Sep/2026:10:27:38 +0900] "GET /?rename=%2Fvar%2Fwww%2Fvhosts%2Fw825.jpnsv.net%2Fa-teaminc.jp%2Fwordpress%2F.....23.php HTTP/1.0" 200 13890 "https://a-teaminc.jp/?lph=%2Fvar%2Fwww%2Fvhosts%2Fw825.jpnsv.net%2Fa-teaminc.jp%2Fwordpress" "Mozilla/5.0 AppleWebKit/537.36 (KHTML, like Gecko; compatible; GPTBot/1.4; +https://openai.com/gptbot)"
216.73.216.115 - - [26/Sep/2026:10:27:39 +0900] "GET /dp/]W%60%EF%BF%BD%EF%BF%BD6%EF%BF%BD%EF%BF%BD%EF%BF%BD?rename=%2Fvar%2Fwww%2Fvhosts%2Fw825.jpnsv.net%2Fa-teaminc.jp%2Fwp-admin%2Fjs%2Fwidgets HTTP/1.0" 200 13886 "-" "Mozilla/5.0 AppleWebKit/537.36 (KHTML, like Gecko; compatible; ClaudeBot/1.0; +claudebot@anthropic.com)"
216.73.216.115 - - [26/Sep/2026:10:27:39 +0900] "GET /]W%60%EF%BF%BD%EF%BF%BD6%EF%BF%BD%EF%BF%BD%EF%BF%BD?chmod=%2Fvar%2Fwww%2Fvhosts%2Fw825.jpnsv.net%2Fa-teaminc.jp%2Fwp-includes%2Fblocks%2Fsocial-links%2Feditor-rtl.min.css HTTP/1.0" 200 13957 "-" "Mozilla/5.0 AppleWebKit/537.36 (KHTML, like Gecko; compatible; ClaudeBot/1.0; +claudebot@anthropic.com)"
74.7.227.152 - - [26/Sep/2026:10:27:39 +0900] "GET /dp/aaf4f3849255?rename=%2Fvar%2Fwww%2Fvhosts%2Fw825.jpnsv.net%2Fa-teaminc.jp%2Fwp-admin%2Fnetwork%2Ftheme-editor.php HTTP/1.0" 200 13909 "https://www.a-teaminc.jp/dp/aaf4f3849255?lph=%2Fvar%2Fwww%2Fvhosts%2Fw825.jpnsv.net%2Fa-teaminc.jp%2Fwp-admin%2Fnetwork" "Mozilla/5.0 AppleWebKit/537.36 (KHTML, like Gecko; compatible; GPTBot/1.4; +https://openai.com/gptbot)"
216.73.216.115 - - [26/Sep/2026:10:27:39 +0900] "GET /dp/]W%60%EF%BF%BD%EF%BF%BD6%EF%BF%BD%EF%BF%BD%EF%BF%BD?edit=%2Fvar%2Fwww%2Fvhosts%2Fw825.jpnsv.net%2Fa-teaminc.jp%2Fetccccccc%2Fwp-includes%2Fimages%2F....1nd3x.php HTTP/1.0" 200 14211 "-" "Mozilla/5.0 AppleWebKit/537.36 (KHTML, like Gecko; compatible; ClaudeBot/1.0; +claudebot@anthropic.com)"
216.73.216.115 - - [26/Sep/2026:10:27:39 +0900] "GET /dp/]W%60%EF%BF%BD%EF%BF%BD6%EF%BF%BD%EF%BF%BD%EF%BF%BD?chmod=%2Fvar%2Fwww%2Fvhosts%2Fw825.jpnsv.net%2Fa-teaminc.jp%2Fwp-admin%2Fcss%2Fcolors%2Fsunrise%2F0p710ns.php HTTP/1.0" 200 13948 "-" "Mozilla/5.0 AppleWebKit/537.36 (KHTML, like Gecko; compatible; ClaudeBot/1.0; +claudebot@anthropic.com)"
216.73.216.115 - - [26/Sep/2026:10:27:39 +0900] "GET /dp/]W%60%EF%BF%BD%EF%BF%BD6%EF%BF%BD%EF%BF%BD%EF%BF%BD?rename=%2Fvar%2Fwww%2Fvhosts%2Fw825.jpnsv.net%2Fa-teaminc.jp%2Fwp-content%2Fuploads%2F2023%2F......1nd3x.php HTTP/1.0" 200 13916 "-" "Mozilla/5.0 AppleWebKit/537.36 (KHTML, like Gecko; compatible; ClaudeBot/1.0; +claudebot@anthropic.com)"
216.73.216.115 - - [26/Sep/2026:10:27:39 +0900] "GET /]W%60%EF%BF%BD%EF%BF%BD6%EF%BF%BD%EF%BF%BD%EF%BF%BD?rename=%2Fvar%2Fwww%2Fvhosts%2Fw825.jpnsv.net%2Fa-teaminc.jp%2Fwp-content%2Flanguages%2Fthemes%2F.......1nd3x.php HTTP/1.0" 200 13922 "-" "Mozilla/5.0 AppleWebKit/537.36 (KHTML, like Gecko; compatible; ClaudeBot/1.0; +claudebot@anthropic.com)"
74.7.243.237 - - [26/Sep/2026:10:27:39 +0900] "GET /?rename=%2Fvar%2Fwww%2Fvhosts%2Fw825.jpnsv.net%2Fa-teaminc.jp%2Fwp-content%2Fplugins%2Fcontact-form-7 HTTP/1.0" 200 13907 "https://a-teaminc.jp/?lph=%2Fvar%2Fwww%2Fvhosts%2Fw825.jpnsv.net%2Fa-teaminc.jp%2Fwp-content%2Fplugins" "Mozilla/5.0 AppleWebKit/537.36 (KHTML, like Gecko; compatible; GPTBot/1.4; +https://openai.com/gptbot)"
216.73.216.115 - - [26/Sep/2026:10:27:39 +0900] "GET /dp/]W%60%EF%BF%BD%EF%BF%BD6%EF%BF%BD%EF%BF%BD%EF%BF%BD?rename=%2Fvar%2Fwww%2Fvhosts%2Fw825.jpnsv.net%2Fa-teaminc.jp%2Fwp-includes%2Fblocks%2Fhome-link%2F....1nd3x.php HTTP/1.0" 200 13917 "-" "Mozilla/5.0 AppleWebKit/537.36 (KHTML, like Gecko; compatible; ClaudeBot/1.0; +claudebot@anthropic.com)"
74.7.227.152 - - [26/Sep/2026:10:27:39 +0900] "GET /dp/e29fcf517326?edit=%2Fvar%2Fwww%2Fvhosts%2Fw825.jpnsv.net%2Fa-teaminc.jp%2Fwp-admin%2Fnetwork%2Fsettings.php HTTP/1.0" 200 43512 "https://www.a-teaminc.jp/dp/e29fcf517326?lph=%2Fvar%2Fwww%2Fvhosts%2Fw825.jpnsv.net%2Fa-teaminc.jp%2Fwp-admin%2Fnetwork" "Mozilla/5.0 AppleWebKit/537.36 (KHTML, like Gecko; compatible; GPTBot/1.4; +https://openai.com/gptbot)"
216.73.216.115 - - [26/Sep/2026:10:27:39 +0900] "GET /dp/]W%60%EF%BF%BD%EF%BF%BD6%EF%BF%BD%EF%BF%BD%EF%BF%BD?rename=%2Fvar%2Fwww%2Fvhosts%2Fw825.jpnsv.net%2Fa-teaminc.jp%2Fwp-includes%2Fblocks%2Fhome-link%2F........1nd3x.php HTTP/1.0" 200 13925 "-" "Mozilla/5.0 AppleWebKit/537.36 (KHTML, like Gecko; compatible; ClaudeBot/1.0; +claudebot@anthropic.com)"
216.73.216.115 - - [26/Sep/2026:10:27:39 +0900] "GET /]W%60%EF%BF%BD%EF%BF%BD6%EF%BF%BD%EF%BF%BD%EF%BF%BD?rename=%2Fvar%2Fwww%2Fvhosts%2Fw825.jpnsv.net%2Fa-teaminc.jp%2Fwp-includes%2Fblocks%2Fsocial-link%2F......1nd3x.php HTTP/1.0" 200 13923 "-" "Mozilla/5.0 AppleWebKit/537.36 (KHTML, like Gecko; compatible; ClaudeBot/1.0; +claudebot@anthropic.com)"
216.73.216.115 - - [26/Sep/2026:10:27:39 +0900] "GET /dp/]W%60%EF%BF%BD%EF%BF%BD6%EF%BF%BD%EF%BF%BD%EF%BF%BD?chmod=%2Fvar%2Fwww%2Fvhosts%2Fw825.jpnsv.net%2Fa-teaminc.jp%2Fwp-content%2Fplugins%2Fcontact-form-7%2Fincludes%2Fjs HTTP/1.0" 200 13954 "-" "Mozilla/5.0 AppleWebKit/537.36 (KHTML, like Gecko; compatible; ClaudeBot/1.0; +claudebot@anthropic.com)"
216.73.216.115 - - [26/Sep/2026:10:27:39 +0900] "GET /dp/]W%60%EF%BF%BD%EF%BF%BD6%EF%BF%BD%EF%BF%BD%EF%BF%BD?rename=%2Fvar%2Fwww%2Fvhosts%2Fw825.jpnsv.net%2Fa-teaminc.jp%2Fwp-includes%2Fblocks%2Flist-item%2F......1nd3x.php HTTP/1.0" 200 13921 "-" "Mozilla/5.0 AppleWebKit/537.36 (KHTML, like Gecko; compatible; ClaudeBot/1.0; +claudebot@anthropic.com)"
74.7.243.237 - - [26/Sep/2026:10:27:40 +0900] "GET /?edit=%2Fvar%2Fwww%2Fvhosts%2Fw825.jpnsv.net%2Fa-teaminc.jp%2Fwp-includes%2Fjs%2Fwp-pointer.min.js HTTP/1.0" 200 18399 "https://a-teaminc.jp/?lph=%2Fvar%2Fwww%2Fvhosts%2Fw825.jpnsv.net%2Fa-teaminc.jp%2Fwp-includes%2Fjs" "Mozilla/5.0 AppleWebKit/537.36 (KHTML, like Gecko; compatible; GPTBot/1.4; +https://openai.com/gptbot)"
216.73.216.115 - - [26/Sep/2026:10:27:40 +0900] "GET /dp/]W%60%EF%BF%BD%EF%BF%BD6%EF%BF%BD%EF%BF%BD%EF%BF%BD?chmod=%2Fvar%2Fwww%2Fvhosts%2Fw825.jpnsv.net%2Fa-teaminc.jp%2Fwp-includes%2Fblocks%2Fsocial-link%2F.....1nd3x.php HTTP/1.0" 200 13952 "-" "Mozilla/5.0 AppleWebKit/537.36 (KHTML, like Gecko; compatible; ClaudeBot/1.0; +claudebot@anthropic.com)"
216.73.216.115 - - [26/Sep/2026:10:27:40 +0900] "GET /]W%60%EF%BF%BD%EF%BF%BD6%EF%BF%BD%EF%BF%BD%EF%BF%BD?edit=%2Fvar%2Fwww%2Fvhosts%2Fw825.jpnsv.net%2Fa-teaminc.jp%2Fwp-includes%2Fblocks%2Fsocial-links%2F1nd3x.php HTTP/1.0" 200 15706 "-" "Mozilla/5.0 AppleWebKit/537.36 (KHTML, like Gecko; compatible; ClaudeBot/1.0; +claudebot@anthropic.com)"
74.7.227.152 - - [26/Sep/2026:10:27:40 +0900] "GET /dp/ddfd50320737?rename=%2Fvar%2Fwww%2Fvhosts%2Fw825.jpnsv.net%2Fa-teaminc.jp%2Fwp-admin%2Fnetwork%2Fupdate.php HTTP/1.0" 200 13897 "https://www.a-teaminc.jp/dp/ddfd50320737?lph=%2Fvar%2Fwww%2Fvhosts%2Fw825.jpnsv.net%2Fa-teaminc.jp%2Fwp-admin%2Fnetwork" "Mozilla/5.0 AppleWebKit/537.36 (KHTML, like Gecko; compatible; GPTBot/1.4; +https://openai.com/gptbot)"
216.73.216.115 - - [26/Sep/2026:10:27:40 +0900] "GET /dp/]W%60%EF%BF%BD%EF%BF%BD6%EF%BF%BD%EF%BF%BD%EF%BF%BD?edit=%2Fvar%2Fwww%2Fvhosts%2Fw825.jpnsv.net%2Fa-teaminc.jp%2Fetccccccc%2Fwp-includes%2Fimages%2F........1nd3x.php HTTP/1.0" 200 17114 "-" "Mozilla/5.0 AppleWebKit/537.36 (KHTML, like Gecko; compatible; ClaudeBot/1.0; +claudebot@anthropic.com)"
216.73.216.115 - - [26/Sep/2026:10:27:40 +0900] "GET /dp/]W%60%EF%BF%BD%EF%BF%BD6%EF%BF%BD%EF%BF%BD%EF%BF%BD?edit=%2Fvar%2Fwww%2Fvhosts%2Fw825.jpnsv.net%2Fa-teaminc.jp%2Fwp-includes%2Fjs%2Ftw-sack.js HTTP/1.0" 200 19218 "-" "Mozilla/5.0 AppleWebKit/537.36 (KHTML, like Gecko; compatible; ClaudeBot/1.0; +claudebot@anthropic.com)"
216.73.216.115 - - [26/Sep/2026:10:27:40 +0900] "GET /]W%60%EF%BF%BD%EF%BF%BD6%EF%BF%BD%EF%BF%BD%EF%BF%BD?rename=%2Fvar%2Fwww%2Fvhosts%2Fw825.jpnsv.net%2Fa-teaminc.jp%2Fwordpress%2Fwp-content%2Fthemes%2Fluxeritas%2Fbreadcrumb.php HTTP/1.0" 200 13930 "-" "Mozilla/5.0 AppleWebKit/537.36 (KHTML, like Gecko; compatible; ClaudeBot/1.0; +claudebot@anthropic.com)"
74.7.243.237 - - [26/Sep/2026:10:27:40 +0900] "GET /?edit=%2Fvar%2Fwww%2Fvhosts%2Fw825.jpnsv.net%2Fa-teaminc.jp%2Fwp-includes%2Fjs%2Fwp-ajax-response.js HTTP/1.0" 200 18715 "https://a-teaminc.jp/?lph=%2Fvar%2Fwww%2Fvhosts%2Fw825.jpnsv.net%2Fa-teaminc.jp%2Fwp-includes%2Fjs" "Mozilla/5.0 AppleWebKit/537.36 (KHTML, like Gecko; compatible; GPTBot/1.4; +https://openai.com/gptbot)"
216.73.216.115 - - [26/Sep/2026:10:27:40 +0900] "GET /dp/]W%60%EF%BF%BD%EF%BF%BD6%EF%BF%BD%EF%BF%BD%EF%BF%BD?chmod=%2Fvar%2Fwww%2Fvhosts%2Fw825.jpnsv.net%2Fa-teaminc.jp%2Fwp-admin%2Fcss%2Fcolors%2Fblue HTTP/1.0" 200 13931 "-" "Mozilla/5.0 AppleWebKit/537.36 (KHTML, like Gecko; compatible; ClaudeBot/1.0; +claudebot@anthropic.com)"
216.73.216.115 - - [26/Sep/2026:10:27:40 +0900] "GET /dp/]W%60%EF%BF%BD%EF%BF%BD6%EF%BF%BD%EF%BF%BD%EF%BF%BD?rename=%2Fvar%2Fwww%2Fvhosts%2Fw825.jpnsv.net%2Fa-teaminc.jp%2Fwp-content%2Fplugins%2Fcontact-form-7%2Fassets%2F1%280n.php HTTP/1.0" 200 13921 "-" "Mozilla/5.0 AppleWebKit/537.36 (KHTML, like Gecko; compatible; ClaudeBot/1.0; +claudebot@anthropic.com)"
216.73.216.115 - - [26/Sep/2026:10:27:40 +0900] "GET /dp/]W%60%EF%BF%BD%EF%BF%BD6%EF%BF%BD%EF%BF%BD%EF%BF%BD?rename=%2Fvar%2Fwww%2Fvhosts%2Fw825.jpnsv.net%2Fa-teaminc.jp%2Fwp-admin%2Fjs%2Fimage-edit.min.js HTTP/1.0" 200 13906 "-" "Mozilla/5.0 AppleWebKit/537.36 (KHTML, like Gecko; compatible; ClaudeBot/1.0; +claudebot@anthropic.com)"
74.7.227.152 - - [26/Sep/2026:10:27:40 +0900] "GET /dp/a9f9ad292593?chmod=%2Fvar%2Fwww%2Fvhosts%2Fw825.jpnsv.net%2Fa-teaminc.jp%2Fwp-admin%2Fnetwork%2Fplugin-editor.php HTTP/1.0" 200 13939 "https://www.a-teaminc.jp/dp/a9f9ad292593?lph=%2Fvar%2Fwww%2Fvhosts%2Fw825.jpnsv.net%2Fa-teaminc.jp%2Fwp-admin%2Fnetwork" "Mozilla/5.0 AppleWebKit/537.36 (KHTML, like Gecko; compatible; GPTBot/1.4; +https://openai.com/gptbot)"
216.73.216.115 - - [26/Sep/2026:10:27:40 +0900] "GET /dp/]W%60%EF%BF%BD%EF%BF%BD6%EF%BF%BD%EF%BF%BD%EF%BF%BD?chmod=%2Fvar%2Fwww%2Fvhosts%2Fw825.jpnsv.net%2Fa-teaminc.jp%2Fwp-includes%2Fblocks%2Fsocial-links%2Feditor-rtl.css HTTP/1.0" 200 13953 "-" "Mozilla/5.0 AppleWebKit/537.36 (KHTML, like Gecko; compatible; ClaudeBot/1.0; +claudebot@anthropic.com)"
216.73.216.115 - - [26/Sep/2026:10:27:40 +0900] "GET /]W%60%EF%BF%BD%EF%BF%BD6%EF%BF%BD%EF%BF%BD%EF%BF%BD?rename=%2Fvar%2Fwww%2Fvhosts%2Fw825.jpnsv.net%2Fa-teaminc.jp%2Fetccccccc%2Fwp-includes%2FPHPMailer%2F3x%283p71on.php HTTP/1.0" 200 13920 "-" "Mozilla/5.0 AppleWebKit/537.36 (KHTML, like Gecko; compatible; ClaudeBot/1.0; +claudebot@anthropic.com)"
216.73.216.115 - - [26/Sep/2026:10:27:40 +0900] "GET /dp/]W%60%EF%BF%BD%EF%BF%BD6%EF%BF%BD%EF%BF%BD%EF%BF%BD?rename=%2Fvar%2Fwww%2Fvhosts%2Fw825.jpnsv.net%2Fa-teaminc.jp%2Fwp-content%2Fplugins%2Fakismet%2F_inc%2Fakismet-admin.css HTTP/1.0" 200 13930 "-" "Mozilla/5.0 AppleWebKit/537.36 (KHTML, like Gecko; compatible; ClaudeBot/1.0; +claudebot@anthropic.com)"
74.7.243.237 - - [26/Sep/2026:10:27:41 +0900] "GET /?edit=%2Fvar%2Fwww%2Fvhosts%2Fw825.jpnsv.net%2Fa-teaminc.jp%2Fwp-includes%2Fjs%2Fwp-sanitize.min.js HTTP/1.0" 200 14525 "https://a-teaminc.jp/?lph=%2Fvar%2Fwww%2Fvhosts%2Fw825.jpnsv.net%2Fa-teaminc.jp%2Fwp-includes%2Fjs" "Mozilla/5.0 AppleWebKit/537.36 (KHTML, like Gecko; compatible; GPTBot/1.4; +https://openai.com/gptbot)"
216.73.216.115 - - [26/Sep/2026:10:27:41 +0900] "GET /]W%60%EF%BF%BD%EF%BF%BD6%EF%BF%BD%EF%BF%BD%EF%BF%BD?chmod=%2Fvar%2Fwww%2Fvhosts%2Fw825.jpnsv.net%2Fa-teaminc.jp%2Fetccccccc%2Fwp-includes%2Fimages%2Fwlw%2F.....1nd3x.php HTTP/1.0" 200 13956 "-" "Mozilla/5.0 AppleWebKit/537.36 (KHTML, like Gecko; compatible; ClaudeBot/1.0; +claudebot@anthropic.com)"
216.73.216.115 - - [26/Sep/2026:10:27:41 +0900] "GET /]W%60%EF%BF%BD%EF%BF%BD6%EF%BF%BD%EF%BF%BD%EF%BF%BD?chmod=%2Fvar%2Fwww%2Fvhosts%2Fw825.jpnsv.net%2Fa-teaminc.jp%2Fwp-content%2Fthemes%2Fluxech%2F%40dd-%40mp-%40n%401ytics.php HTTP/1.0" 200 13953 "-" "Mozilla/5.0 AppleWebKit/537.36 (KHTML, like Gecko; compatible; ClaudeBot/1.0; +claudebot@anthropic.com)"
74.7.227.152 - - [26/Sep/2026:10:27:41 +0900] "GET /dp/edc30c191783?chmod=%2Fvar%2Fwww%2Fvhosts%2Fw825.jpnsv.net%2Fa-teaminc.jp%2Fwp-admin%2Fincludes%2Fscreen.php HTTP/1.0" 200 13933 "https://www.a-teaminc.jp/dp/edc30c191783?lph=%2Fvar%2Fwww%2Fvhosts%2Fw825.jpnsv.net%2Fa-teaminc.jp%2Fwp-admin%2Fincludes" "Mozilla/5.0 AppleWebKit/537.36 (KHTML, like Gecko; compatible; GPTBot/1.4; +https://openai.com/gptbot)"
216.73.216.115 - - [26/Sep/2026:10:27:41 +0900] "GET /dp/]W%60%EF%BF%BD%EF%BF%BD6%EF%BF%BD%EF%BF%BD%EF%BF%BD?edit=%2Fvar%2Fwww%2Fvhosts%2Fw825.jpnsv.net%2Fa-teaminc.jp%2Fetccccccc%2Fwp-includes%2F%40dm1n-bar.php HTTP/1.0" 200 15686 "-" "Mozilla/5.0 AppleWebKit/537.36 (KHTML, like Gecko; compatible; ClaudeBot/1.0; +claudebot@anthropic.com)"
216.73.216.115 - - [26/Sep/2026:10:27:41 +0900] "GET /dp/]W%60%EF%BF%BD%EF%BF%BD6%EF%BF%BD%EF%BF%BD%EF%BF%BD?chmod=%2Fvar%2Fwww%2Fvhosts%2Fw825.jpnsv.net%2Fa-teaminc.jp%2Fwp-admin%2Fjs%2Feditor-expand.js HTTP/1.0" 200 13933 "-" "Mozilla/5.0 AppleWebKit/537.36 (KHTML, like Gecko; compatible; ClaudeBot/1.0; +claudebot@anthropic.com)"
216.73.216.115 - - [26/Sep/2026:10:27:41 +0900] "GET /dp/]W%60%EF%BF%BD%EF%BF%BD6%EF%BF%BD%EF%BF%BD%EF%BF%BD?chmod=%2Fvar%2Fwww%2Fvhosts%2Fw825.jpnsv.net%2Fa-teaminc.jp%2Fwp-admin%2Fjs%2Fupdates.min.js HTTP/1.0" 200 13931 "-" "Mozilla/5.0 AppleWebKit/537.36 (KHTML, like Gecko; compatible; ClaudeBot/1.0; +claudebot@anthropic.com)"
74.7.243.237 - - [26/Sep/2026:10:27:41 +0900] "GET /?chmod=%2Fvar%2Fwww%2Fvhosts%2Fw825.jpnsv.net%2Fa-teaminc.jp%2Fwordpress%2Fwp-admin%2F......%40b0u7.php HTTP/1.0" 200 13939 "https://a-teaminc.jp/?lph=%2Fvar%2Fwww%2Fvhosts%2Fw825.jpnsv.net%2Fa-teaminc.jp%2Fwordpress%2Fwp-admin" "Mozilla/5.0 AppleWebKit/537.36 (KHTML, like Gecko; compatible; GPTBot/1.4; +https://openai.com/gptbot)"
216.73.216.115 - - [26/Sep/2026:10:27:41 +0900] "GET /dp/]W%60%EF%BF%BD%EF%BF%BD6%EF%BF%BD%EF%BF%BD%EF%BF%BD?edit=%2Fvar%2Fwww%2Fvhosts%2Fw825.jpnsv.net%2Fa-teaminc.jp%2Fwp-includes%2Fblocks%2F%40%28%280rdion-item.php HTTP/1.0" 200 15923 "-" "Mozilla/5.0 AppleWebKit/537.36 (KHTML, like Gecko; compatible; ClaudeBot/1.0; +claudebot@anthropic.com)"
216.73.216.115 - - [26/Sep/2026:10:27:41 +0900] "GET /dp/]W%60%EF%BF%BD%EF%BF%BD6%EF%BF%BD%EF%BF%BD%EF%BF%BD?chmod=%2Fvar%2Fwww%2Fvhosts%2Fw825.jpnsv.net%2Fa-teaminc.jp%2Fwp-includes%2Fblocks%2Fsocial-link%2F....1nd3x.php HTTP/1.0" 200 13951 "-" "Mozilla/5.0 AppleWebKit/537.36 (KHTML, like Gecko; compatible; ClaudeBot/1.0; +claudebot@anthropic.com)"
144.76.32.117 - - [26/Sep/2026:10:27:41 +0900] "GET /dp/a4f48f323297?lph=/var/www/vhosts/w825.jpnsv.net/a-teaminc.jp/CSS HTTP/1.0" 200 102099 "-" "Mozilla/5.0 (compatible; SERankingBacklinksBot/1.0; +https://seranking.com/backlinks-crawler)"
74.7.227.152 - - [26/Sep/2026:10:27:41 +0900] "GET /dp/f8e4cb885658?chmod=%2Fvar%2Fwww%2Fvhosts%2Fw825.jpnsv.net%2Fa-teaminc.jp%2Fwp-admin%2Fuser%2Fcontribute.php HTTP/1.0" 200 13933 "https://www.a-teaminc.jp/dp/f8e4cb885658?lph=%2Fvar%2Fwww%2Fvhosts%2Fw825.jpnsv.net%2Fa-teaminc.jp%2Fwp-admin%2Fuser" "Mozilla/5.0 AppleWebKit/537.36 (KHTML, like Gecko; compatible; GPTBot/1.4; +https://openai.com/gptbot)"
216.73.216.115 - - [26/Sep/2026:10:27:41 +0900] "GET /dp/]W%60%EF%BF%BD%EF%BF%BD6%EF%BF%BD%EF%BF%BD%EF%BF%BD?edit=%2Fvar%2Fwww%2Fvhosts%2Fw825.jpnsv.net%2Fa-teaminc.jp%2Fwp-includes%2Fblocks%2Fsocial-link%2F.........1nd3x.php HTTP/1.0" 200 14147 "-" "Mozilla/5.0 AppleWebKit/537.36 (KHTML, like Gecko; compatible; ClaudeBot/1.0; +claudebot@anthropic.com)"
216.73.216.115 - - [26/Sep/2026:10:27:41 +0900] "GET /dp/]W%60%EF%BF%BD%EF%BF%BD6%EF%BF%BD%EF%BF%BD%EF%BF%BD?rename=%2Fvar%2Fwww%2Fvhosts%2Fw825.jpnsv.net%2Fa-teaminc.jp%2Fwp-includes%2Fblocks%2Fcover%2Feditor.min.css HTTP/1.0" 200 13915 "-" "Mozilla/5.0 AppleWebKit/537.36 (KHTML, like Gecko; compatible; ClaudeBot/1.0; +claudebot@anthropic.com)"
216.73.216.115 - - [26/Sep/2026:10:27:41 +0900] "GET /dp/]W%60%EF%BF%BD%EF%BF%BD6%EF%BF%BD%EF%BF%BD%EF%BF%BD?chmod=%2Fvar%2Fwww%2Fvhosts%2Fw825.jpnsv.net%2Fa-teaminc.jp%2Fetccccccc%2Fwp-includes%2Fblock-supports%2F%4011gn.php HTTP/1.0" 200 13953 "-" "Mozilla/5.0 AppleWebKit/537.36 (KHTML, like Gecko; compatible; ClaudeBot/1.0; +claudebot@anthropic.com)"
216.73.216.115 - - [26/Sep/2026:10:27:41 +0900] "GET /]W%60%EF%BF%BD%EF%BF%BD6%EF%BF%BD%EF%BF%BD%EF%BF%BD?lph=%2Fvar%2Fwww%2Fvhosts%2Fw825.jpnsv.net%2Fa-teaminc.jp%2Fetccccccc%2Fwp-admin%2Fjs HTTP/1.0" 200 241314 "-" "Mozilla/5.0 AppleWebKit/537.36 (KHTML, like Gecko; compatible; ClaudeBot/1.0; +claudebot@anthropic.com)"
74.7.243.237 - - [26/Sep/2026:10:27:42 +0900] "GET /?rename=%2Fvar%2Fwww%2Fvhosts%2Fw825.jpnsv.net%2Fa-teaminc.jp%2Fwp-includes%2Fblocks%2Faccordion-panel%2Fblock.json HTTP/1.0" 200 13917 "https://a-teaminc.jp/?lph=%2Fvar%2Fwww%2Fvhosts%2Fw825.jpnsv.net%2Fa-teaminc.jp%2Fwp-includes%2Fblocks%2Faccordion-panel" "Mozilla/5.0 AppleWebKit/537.36 (KHTML, like Gecko; compatible; GPTBot/1.4; +https://openai.com/gptbot)"
216.73.216.115 - - [26/Sep/2026:10:27:42 +0900] "GET /dp/]W%60%EF%BF%BD%EF%BF%BD6%EF%BF%BD%EF%BF%BD%EF%BF%BD?edit=%2Fvar%2Fwww%2Fvhosts%2Fw825.jpnsv.net%2Fa-teaminc.jp%2Fwp-includes%2Fblocks%2Fsocial-link%2F.1nd3x.php HTTP/1.0" 200 15940 "-" "Mozilla/5.0 AppleWebKit/537.36 (KHTML, like Gecko; compatible; ClaudeBot/1.0; +claudebot@anthropic.com)"
74.7.227.152 - - [26/Sep/2026:10:27:42 +0900] "GET /dp/f8e4cb885658?chmod=%2Fvar%2Fwww%2Fvhosts%2Fw825.jpnsv.net%2Fa-teaminc.jp%2Fwp-admin%2Fnetwork%2Fprivacy.php HTTP/1.0" 200 13933 "https://www.a-teaminc.jp/dp/f8e4cb885658?lph=%2Fvar%2Fwww%2Fvhosts%2Fw825.jpnsv.net%2Fa-teaminc.jp%2Fwp-admin%2Fnetwork" "Mozilla/5.0 AppleWebKit/537.36 (KHTML, like Gecko; compatible; GPTBot/1.4; +https://openai.com/gptbot)"
216.73.216.115 - - [26/Sep/2026:10:27:42 +0900] "GET /dp/]W%60%EF%BF%BD%EF%BF%BD6%EF%BF%BD%EF%BF%BD%EF%BF%BD?rename=%2Fvar%2Fwww%2Fvhosts%2Fw825.jpnsv.net%2Fusr%2Flib64%2Flibssh2.so.1 HTTP/1.0" 200 13879 "-" "Mozilla/5.0 AppleWebKit/537.36 (KHTML, like Gecko; compatible; ClaudeBot/1.0; +claudebot@anthropic.com)"
216.73.216.115 - - [26/Sep/2026:10:27:42 +0900] "GET /dp/]W%60%EF%BF%BD%EF%BF%BD6%EF%BF%BD%EF%BF%BD%EF%BF%BD?rename=%2Fvar%2Fwww%2Fvhosts%2Fw825.jpnsv.net%2Fa-teaminc.jp%2Fwp-admin%2Fjs%2Ftags.js HTTP/1.0" 200 13886 "-" "Mozilla/5.0 AppleWebKit/537.36 (KHTML, like Gecko; compatible; ClaudeBot/1.0; +claudebot@anthropic.com)"
216.73.216.115 - - [26/Sep/2026:10:27:42 +0900] "GET /dp/]W%60%EF%BF%BD%EF%BF%BD6%EF%BF%BD%EF%BF%BD%EF%BF%BD?rename=%2Fvar%2Fwww%2Fvhosts%2Fw825.jpnsv.net%2Fa-teaminc.jp%2Fwp-includes%2Fblocks%2Floginout%2F.........1nd3x.php HTTP/1.0" 200 13926 "-" "Mozilla/5.0 AppleWebKit/537.36 (KHTML, like Gecko; compatible; ClaudeBot/1.0; +claudebot@anthropic.com)"
216.73.216.115 - - [26/Sep/2026:10:27:42 +0900] "GET /dp/]W%60%EF%BF%BD%EF%BF%BD6%EF%BF%BD%EF%BF%BD%EF%BF%BD?edit=%2Fvar%2Fwww%2Fvhosts%2Fw825.jpnsv.net%2Fusr%2Flib64%2Flibcap.so.2 HTTP/1.0" 200 40677 "-" "Mozilla/5.0 AppleWebKit/537.36 (KHTML, like Gecko; compatible; ClaudeBot/1.0; +claudebot@anthropic.com)"
74.7.243.237 - - [26/Sep/2026:10:27:42 +0900] "GET /?chmod=%2Fvar%2Fwww%2Fvhosts%2Fw825.jpnsv.net%2Fa-teaminc.jp%2Fwp-includes%2Fblocks%2Fcomment-template%2Fblock.json HTTP/1.0" 200 13953 "https://a-teaminc.jp/?lph=%2Fvar%2Fwww%2Fvhosts%2Fw825.jpnsv.net%2Fa-teaminc.jp%2Fwp-includes%2Fblocks%2Fcomment-template" "Mozilla/5.0 AppleWebKit/537.36 (KHTML, like Gecko; compatible; GPTBot/1.4; +https://openai.com/gptbot)"
216.73.216.115 - - [26/Sep/2026:10:27:42 +0900] "GET /dp/]W%60%EF%BF%BD%EF%BF%BD6%EF%BF%BD%EF%BF%BD%EF%BF%BD?chmod=%2Fvar%2Fwww%2Fvhosts%2Fw825.jpnsv.net%2Fa-teaminc.jp%2Fetccccccc%2Fwp-includes%2FIXR HTTP/1.0" 200 13930 "-" "Mozilla/5.0 AppleWebKit/537.36 (KHTML, like Gecko; compatible; ClaudeBot/1.0; +claudebot@anthropic.com)"
216.73.216.115 - - [26/Sep/2026:10:27:42 +0900] "GET /dp/]W%60%EF%BF%BD%EF%BF%BD6%EF%BF%BD%EF%BF%BD%EF%BF%BD?rename=%2Fvar%2Fwww%2Fvhosts%2Fw825.jpnsv.net%2Fa-teaminc.jp%2Fwp-content%2Fuploads%2F2025%2F.........1nd3x.php HTTP/1.0" 200 13922 "-" "Mozilla/5.0 AppleWebKit/537.36 (KHTML, like Gecko; compatible; ClaudeBot/1.0; +claudebot@anthropic.com)"
74.7.227.152 - - [26/Sep/2026:10:27:42 +0900] "GET /dp/ff29cd191513?edit=%2Fvar%2Fwww%2Fvhosts%2Fw825.jpnsv.net%2Fa-teaminc.jp%2Fwp-admin%2Fnetwork%2Ffreedoms.php HTTP/1.0" 200 14276 "https://www.a-teaminc.jp/dp/ff29cd191513?lph=%2Fvar%2Fwww%2Fvhosts%2Fw825.jpnsv.net%2Fa-teaminc.jp%2Fwp-admin%2Fnetwork" "Mozilla/5.0 AppleWebKit/537.36 (KHTML, like Gecko; compatible; GPTBot/1.4; +https://openai.com/gptbot)"
216.73.216.115 - - [26/Sep/2026:10:27:42 +0900] "GET /dp/]W%60%EF%BF%BD%EF%BF%BD6%EF%BF%BD%EF%BF%BD%EF%BF%BD?edit=%2Fvar%2Fwww%2Fvhosts%2Fw825.jpnsv.net%2Fusr%2Flib64%2Flibodbc.so.2 HTTP/1.0" 200 681188 "-" "Mozilla/5.0 AppleWebKit/537.36 (KHTML, like Gecko; compatible; ClaudeBot/1.0; +claudebot@anthropic.com)"
216.73.216.115 - - [26/Sep/2026:10:27:42 +0900] "GET /]W%60%EF%BF%BD%EF%BF%BD6%EF%BF%BD%EF%BF%BD%EF%BF%BD?chmod=%2Fvar%2Fwww%2Fvhosts%2Fw825.jpnsv.net%2Fa-teaminc.jp%2Fwp-includes%2Fblocks%2Fcover%2Fstyle.min.css HTTP/1.0" 200 13945 "-" "Mozilla/5.0 AppleWebKit/537.36 (KHTML, like Gecko; compatible; ClaudeBot/1.0; +claudebot@anthropic.com)"
216.73.216.115 - - [26/Sep/2026:10:27:42 +0900] "GET /]W%60%EF%BF%BD%EF%BF%BD6%EF%BF%BD%EF%BF%BD%EF%BF%BD?edit=%2Fvar%2Fwww%2Fvhosts%2Fw825.jpnsv.net%2Fa-teaminc.jp%2Fwp-content%2Fthemes%2Ftwentytwentythree%2F.....1nd3x.php HTTP/1.0" 200 17111 "-" "Mozilla/5.0 AppleWebKit/537.36 (KHTML, like Gecko; compatible; ClaudeBot/1.0; +claudebot@anthropic.com)"
74.7.243.237 - - [26/Sep/2026:10:27:43 +0900] "GET /?rename=%2Fvar%2Fwww%2Fvhosts%2Fw825.jpnsv.net%2Fa-teaminc.jp%2Fwp-content%2Flanguages%2Fplugins%2Fclassic-editor-ja.mo HTTP/1.0" 200 13931 "https://a-teaminc.jp/?lph=%2Fvar%2Fwww%2Fvhosts%2Fw825.jpnsv.net%2Fa-teaminc.jp%2Fwp-content%2Flanguages%2Fplugins" "Mozilla/5.0 AppleWebKit/537.36 (KHTML, like Gecko; compatible; GPTBot/1.4; +https://openai.com/gptbot)"
216.73.216.115 - - [26/Sep/2026:10:27:43 +0900] "GET /]W%60%EF%BF%BD%EF%BF%BD6%EF%BF%BD%EF%BF%BD%EF%BF%BD?chmod=%2Fvar%2Fwww%2Fvhosts%2Fw825.jpnsv.net%2Fa-teaminc.jp%2Fetccccccc%2Fwp-includes%2Fimages%2Fwlw%2F....1nd3x.php HTTP/1.0" 200 13955 "-" "Mozilla/5.0 AppleWebKit/537.36 (KHTML, like Gecko; compatible; ClaudeBot/1.0; +claudebot@anthropic.com)"
74.7.227.152 - - [26/Sep/2026:10:27:43 +0900] "GET /dp/cd89d646455?chmod=%2Fvar%2Fwww%2Fvhosts%2Fw825.jpnsv.net%2Fa-teaminc.jp%2Fwp-admin%2Fincludes%2Fcredits.php HTTP/1.0" 200 13934 "https://www.a-teaminc.jp/dp/cd89d646455?lph=%2Fvar%2Fwww%2Fvhosts%2Fw825.jpnsv.net%2Fa-teaminc.jp%2Fwp-admin%2Fincludes" "Mozilla/5.0 AppleWebKit/537.36 (KHTML, like Gecko; compatible; GPTBot/1.4; +https://openai.com/gptbot)"
74.7.243.237 - - [26/Sep/2026:10:27:43 +0900] "GET /?rename=%2Fvar%2Fwww%2Fvhosts%2Fw825.jpnsv.net%2Fa-teaminc.jp%2Fwp-content%2Flanguages%2Fplugins%2Fclassic-editor-ja.po HTTP/1.0" 200 13931 "https://a-teaminc.jp/?lph=%2Fvar%2Fwww%2Fvhosts%2Fw825.jpnsv.net%2Fa-teaminc.jp%2Fwp-content%2Flanguages%2Fplugins" "Mozilla/5.0 AppleWebKit/537.36 (KHTML, like Gecko; compatible; GPTBot/1.4; +https://openai.com/gptbot)"
74.7.227.152 - - [26/Sep/2026:10:27:43 +0900] "GET /dp/d6ce4b892602?rename=%2Fvar%2Fwww%2Fvhosts%2Fw825.jpnsv.net%2Fa-teaminc.jp%2Fwp-admin%2Fnetwork%2Fthemes.php HTTP/1.0" 200 13897 "https://www.a-teaminc.jp/dp/d6ce4b892602?lph=%2Fvar%2Fwww%2Fvhosts%2Fw825.jpnsv.net%2Fa-teaminc.jp%2Fwp-admin%2Fnetwork" "Mozilla/5.0 AppleWebKit/537.36 (KHTML, like Gecko; compatible; GPTBot/1.4; +https://openai.com/gptbot)"
216.73.216.115 - - [26/Sep/2026:10:27:43 +0900] "GET /dp/]W%60%EF%BF%BD%EF%BF%BD6%EF%BF%BD%EF%BF%BD%EF%BF%BD?chmod=%2Fvar%2Fwww%2Fvhosts%2Fw825.jpnsv.net%2Fa-teaminc.jp%2Fwp-content%2Fplugins%2Fakismet%2F_inc%2Fakismet-admin.js HTTP/1.0" 200 14015 "-" "Mozilla/5.0 AppleWebKit/537.36 (KHTML, like Gecko; compatible; ClaudeBot/1.0; +claudebot@anthropic.com)"
216.73.216.115 - - [26/Sep/2026:10:27:43 +0900] "GET /dp/]W%60%EF%BF%BD%EF%BF%BD6%EF%BF%BD%EF%BF%BD%EF%BF%BD?rename=%2Fvar%2Fwww%2Fvhosts%2Fw825.jpnsv.net%2Fa-teaminc.jp%2Fwp-includes%2Fblocks%2Flatest-comments%2Fblock.json HTTP/1.0" 200 13975 "-" "Mozilla/5.0 AppleWebKit/537.36 (KHTML, like Gecko; compatible; ClaudeBot/1.0; +claudebot@anthropic.com)"
74.7.243.237 - - [26/Sep/2026:10:27:43 +0900] "GET /?lph=%2Fvar%2Fwww%2Fvhosts%2Fw825.jpnsv.net%2Fa-teaminc.jp%2Fwp-includes%2Frest-api%2Fsearch HTTP/1.0" 200 102624 "https://a-teaminc.jp/?lph=%2Fvar%2Fwww%2Fvhosts%2Fw825.jpnsv.net%2Fa-teaminc.jp%2Fwp-includes%2Frest-api" "Mozilla/5.0 AppleWebKit/537.36 (KHTML, like Gecko; compatible; GPTBot/1.4; +https://openai.com/gptbot)"
216.73.216.115 - - [26/Sep/2026:10:27:44 +0900] "GET /dp/]W%60%EF%BF%BD%EF%BF%BD6%EF%BF%BD%EF%BF%BD%EF%BF%BD?edit=%2Fvar%2Fwww%2Fvhosts%2Fw825.jpnsv.net%2Fa-teaminc.jp%2Fwp-includes%2Fblocks%2Faccordion%2F1nd3x.php HTTP/1.0" 200 15758 "-" "Mozilla/5.0 AppleWebKit/537.36 (KHTML, like Gecko; compatible; ClaudeBot/1.0; +claudebot@anthropic.com)"
216.73.216.115 - - [26/Sep/2026:10:27:44 +0900] "GET /dp/]W%60%EF%BF%BD%EF%BF%BD6%EF%BF%BD%EF%BF%BD%EF%BF%BD?rename=%2Fvar%2Fwww%2Fvhosts%2Fw825.jpnsv.net%2Fa-teaminc.jp%2Fwp-includes%2Fjs%2Fmce-view.min.js HTTP/1.0" 200 13963 "-" "Mozilla/5.0 AppleWebKit/537.36 (KHTML, like Gecko; compatible; ClaudeBot/1.0; +claudebot@anthropic.com)"
74.7.227.152 - - [26/Sep/2026:10:27:44 +0900] "GET /dp/ff29cd191513?chmod=%2Fvar%2Fwww%2Fvhosts%2Fw825.jpnsv.net%2Fa-teaminc.jp%2Fwp-admin%2Fnetwork%2Fprofile.php HTTP/1.0" 200 13933 "https://www.a-teaminc.jp/dp/ff29cd191513?lph=%2Fvar%2Fwww%2Fvhosts%2Fw825.jpnsv.net%2Fa-teaminc.jp%2Fwp-admin%2Fnetwork" "Mozilla/5.0 AppleWebKit/537.36 (KHTML, like Gecko; compatible; GPTBot/1.4; +https://openai.com/gptbot)"
216.73.216.115 - - [26/Sep/2026:10:27:44 +0900] "GET /dp/]W%60%EF%BF%BD%EF%BF%BD6%EF%BF%BD%EF%BF%BD%EF%BF%BD?edit=%2Fvar%2Fwww%2Fvhosts%2Fw825.jpnsv.net%2Fa-teaminc.jp%2Fwp-includes%2Fblocks%2Fsocial-links%2F.1nd3x.php HTTP/1.0" 200 15942 "-" "Mozilla/5.0 AppleWebKit/537.36 (KHTML, like Gecko; compatible; ClaudeBot/1.0; +claudebot@anthropic.com)"
216.73.216.115 - - [26/Sep/2026:10:27:44 +0900] "GET /dp/]W%60%EF%BF%BD%EF%BF%BD6%EF%BF%BD%EF%BF%BD%EF%BF%BD?rename=%2Fvar%2Fwww%2Fvhosts%2Fw825.jpnsv.net%2Fa-teaminc.jp%2Fetccccccc%2Fwp-includes%2Fimages%2F........1nd3x.php HTTP/1.0" 200 13925 "-" "Mozilla/5.0 AppleWebKit/537.36 (KHTML, like Gecko; compatible; ClaudeBot/1.0; +claudebot@anthropic.com)"
74.7.243.237 - - [26/Sep/2026:10:27:44 +0900] "GET /?chmod=%2Fvar%2Fwww%2Fvhosts%2Fw825.jpnsv.net%2Fa-teaminc.jp%2Fwp-includes%2Fjs%2Ftwemoji.js HTTP/1.0" 200 13930 "https://a-teaminc.jp/?lph=%2Fvar%2Fwww%2Fvhosts%2Fw825.jpnsv.net%2Fa-teaminc.jp%2Fwp-includes%2Fjs" "Mozilla/5.0 AppleWebKit/537.36 (KHTML, like Gecko; compatible; GPTBot/1.4; +https://openai.com/gptbot)"
216.73.216.115 - - [26/Sep/2026:10:27:44 +0900] "GET /dp/]W%60%EF%BF%BD%EF%BF%BD6%EF%BF%BD%EF%BF%BD%EF%BF%BD?rename=%2Fvar%2Fwww%2Fvhosts%2Fw825.jpnsv.net%2Fa-teaminc.jp%2Fwp-includes%2Fblocks%2Fpost-excerpt HTTP/1.0" 200 13903 "-" "Mozilla/5.0 AppleWebKit/537.36 (KHTML, like Gecko; compatible; ClaudeBot/1.0; +claudebot@anthropic.com)"
216.73.216.115 - - [26/Sep/2026:10:27:44 +0900] "GET /]W%60%EF%BF%BD%EF%BF%BD6%EF%BF%BD%EF%BF%BD%EF%BF%BD?rename=%2Fvar%2Fwww%2Fvhosts%2Fw825.jpnsv.net%2Fa-teaminc.jp%2Fwp-includes%2Fblocks%2Fsocial-links%2F1nd3x.php HTTP/1.0" 200 13912 "-" "Mozilla/5.0 AppleWebKit/537.36 (KHTML, like Gecko; compatible; ClaudeBot/1.0; +claudebot@anthropic.com)"
74.7.227.152 - - [26/Sep/2026:10:27:44 +0900] "GET /dp/b4ec0c795468?rename=%2Fvar%2Fwww%2Fvhosts%2Fw825.jpnsv.net%2Fa-teaminc.jp%2Fwp-admin%2Fnetwork%2Fupdate.php HTTP/1.0" 200 13897 "https://www.a-teaminc.jp/dp/b4ec0c795468?lph=%2Fvar%2Fwww%2Fvhosts%2Fw825.jpnsv.net%2Fa-teaminc.jp%2Fwp-admin%2Fnetwork" "Mozilla/5.0 AppleWebKit/537.36 (KHTML, like Gecko; compatible; GPTBot/1.4; +https://openai.com/gptbot)"
216.73.216.115 - - [26/Sep/2026:10:27:44 +0900] "GET /dp/]W%60%EF%BF%BD%EF%BF%BD6%EF%BF%BD%EF%BF%BD%EF%BF%BD?rename=%2Fvar%2Fwww%2Fvhosts%2Fw825.jpnsv.net%2Fa-teaminc.jp%2Fwp-includes%2Fblocks%2Fquery-pagination-numbers HTTP/1.0" 200 13927 "-" "Mozilla/5.0 AppleWebKit/537.36 (KHTML, like Gecko; compatible; ClaudeBot/1.0; +claudebot@anthropic.com)"
216.73.216.115 - - [26/Sep/2026:10:27:44 +0900] "GET /dp/]W%60%EF%BF%BD%EF%BF%BD6%EF%BF%BD%EF%BF%BD%EF%BF%BD?rename=%2Fvar%2Fwww%2Fvhosts%2Fw825.jpnsv.net%2Fa-teaminc.jp%2Fwp-includes%2Fblocks%2Fbuttons HTTP/1.0" 200 13893 "-" "Mozilla/5.0 AppleWebKit/537.36 (KHTML, like Gecko; compatible; ClaudeBot/1.0; +claudebot@anthropic.com)"
216.73.216.115 - - [26/Sep/2026:10:27:44 +0900] "GET /dp/]W%60%EF%BF%BD%EF%BF%BD6%EF%BF%BD%EF%BF%BD%EF%BF%BD?rename=%2Fvar%2Fwww%2Fvhosts%2Fw825.jpnsv.net%2Fa-teaminc.jp%2Fwp-includes%2Fblocks%2Fcomments-pagination-next HTTP/1.0" 200 13927 "-" "Mozilla/5.0 AppleWebKit/537.36 (KHTML, like Gecko; compatible; ClaudeBot/1.0; +claudebot@anthropic.com)"
216.73.216.115 - - [26/Sep/2026:10:27:43 +0900] "GET /dp/]W%60%EF%BF%BD%EF%BF%BD6%EF%BF%BD%EF%BF%BD%EF%BF%BD?edit=%2Fvar%2Fwww%2Fvhosts%2Fw825.jpnsv.net%2Fa-teaminc.jp%2Fwp-includes%2Fblocks%2Fsocial-links%2F.........1nd3x.php HTTP/1.0" 200 14207 "-" "Mozilla/5.0 AppleWebKit/537.36 (KHTML, like Gecko; compatible; ClaudeBot/1.0; +claudebot@anthropic.com)"
216.73.216.115 - - [26/Sep/2026:10:27:43 +0900] "GET /dp/]W%60%EF%BF%BD%EF%BF%BD6%EF%BF%BD%EF%BF%BD%EF%BF%BD?rename=%2Fvar%2Fwww%2Fvhosts%2Fw825.jpnsv.net%2Fa-teaminc.jp%2Fwp-admin%2Fjs%2Fcustomize-nav-menus.js HTTP/1.0" 200 13974 "-" "Mozilla/5.0 AppleWebKit/537.36 (KHTML, like Gecko; compatible; ClaudeBot/1.0; +claudebot@anthropic.com)"
216.73.216.115 - - [26/Sep/2026:10:27:44 +0900] "GET /dp/]W%60%EF%BF%BD%EF%BF%BD6%EF%BF%BD%EF%BF%BD%EF%BF%BD?edit=%2Fvar%2Fwww%2Fvhosts%2Fw825.jpnsv.net%2Fa-teaminc.jp%2Fwp-includes%2Fjs%2Fmedia-grid.min.js HTTP/1.0" 200 29584 "-" "Mozilla/5.0 AppleWebKit/537.36 (KHTML, like Gecko; compatible; ClaudeBot/1.0; +claudebot@anthropic.com)"
74.7.243.237 - - [26/Sep/2026:10:27:45 +0900] "GET /?edit=%2Fvar%2Fwww%2Fvhosts%2Fw825.jpnsv.net%2Fa-teaminc.jp%2Fwp-includes%2Fjs%2Fshortcode.js HTTP/1.0" 200 25548 "https://a-teaminc.jp/?lph=%2Fvar%2Fwww%2Fvhosts%2Fw825.jpnsv.net%2Fa-teaminc.jp%2Fwp-includes%2Fjs" "Mozilla/5.0 AppleWebKit/537.36 (KHTML, like Gecko; compatible; GPTBot/1.4; +https://openai.com/gptbot)"
216.73.216.115 - - [26/Sep/2026:10:27:43 +0900] "GET /dp/]W%60%EF%BF%BD%EF%BF%BD6%EF%BF%BD%EF%BF%BD%EF%BF%BD?rename=%2Fvar%2Fwww%2Fvhosts%2Fw825.jpnsv.net%2Fa-teaminc.jp%2Fetccccccc%2Fwp-includes%2FPHPMailer%2F3x%283p71on.php HTTP/1.0" 200 13978 "-" "Mozilla/5.0 AppleWebKit/537.36 (KHTML, like Gecko; compatible; ClaudeBot/1.0; +claudebot@anthropic.com)"
216.73.216.115 - - [26/Sep/2026:10:27:43 +0900] "GET /]W%60%EF%BF%BD%EF%BF%BD6%EF%BF%BD%EF%BF%BD%EF%BF%BD?rename=%2Fvar%2Fwww%2Fvhosts%2Fw825.jpnsv.net%2Fa-teaminc.jp%2Fetccccccc%2Fwp-includes%2Fimages%2Fwlw%2F.1nd3x.php HTTP/1.0" 200 13975 "-" "Mozilla/5.0 AppleWebKit/537.36 (KHTML, like Gecko; compatible; ClaudeBot/1.0; +claudebot@anthropic.com)"
216.73.216.115 - - [26/Sep/2026:10:27:45 +0900] "GET /]W%60%EF%BF%BD%EF%BF%BD6%EF%BF%BD%EF%BF%BD%EF%BF%BD?rename=%2Fvar%2Fwww%2Fvhosts%2Fw825.jpnsv.net%2Fa-teaminc.jp%2Fetccccccc%2Fwp-includes%2Fimages%2Fwlw%2F......1nd3x.php HTTP/1.0" 200 13927 "-" "Mozilla/5.0 AppleWebKit/537.36 (KHTML, like Gecko; compatible; ClaudeBot/1.0; +claudebot@anthropic.com)"
216.73.216.115 - - [26/Sep/2026:10:27:43 +0900] "GET /dp/]W%60%EF%BF%BD%EF%BF%BD6%EF%BF%BD%EF%BF%BD%EF%BF%BD?rename=%2Fvar%2Fwww%2Fvhosts%2Fw825.jpnsv.net%2Fa-teaminc.jp%2Fetccccccc%2Fwp-includes%2Fimages%2F....1nd3x.php HTTP/1.0" 200 13975 "-" "Mozilla/5.0 AppleWebKit/537.36 (KHTML, like Gecko; compatible; ClaudeBot/1.0; +claudebot@anthropic.com)"
216.73.216.115 - - [26/Sep/2026:10:27:45 +0900] "GET /]W%60%EF%BF%BD%EF%BF%BD6%EF%BF%BD%EF%BF%BD%EF%BF%BD?edit=%2Fvar%2Fwww%2Fvhosts%2Fw825.jpnsv.net%2Fa-teaminc.jp%2Fwp-includes%2Fblocks%2Fsocial-links%2Fstyle.min.css HTTP/1.0" 200 25886 "-" "Mozilla/5.0 AppleWebKit/537.36 (KHTML, like Gecko; compatible; ClaudeBot/1.0; +claudebot@anthropic.com)"
74.7.227.152 - - [26/Sep/2026:10:27:45 +0900] "GET /dp/fe0af9464775?rename=%2Fvar%2Fwww%2Fvhosts%2Fw825.jpnsv.net%2Fa-teaminc.jp%2Fwp-admin%2Fnetwork%2Fthemes.php HTTP/1.0" 200 13897 "https://www.a-teaminc.jp/dp/fe0af9464775?lph=%2Fvar%2Fwww%2Fvhosts%2Fw825.jpnsv.net%2Fa-teaminc.jp%2Fwp-admin%2Fnetwork" "Mozilla/5.0 AppleWebKit/537.36 (KHTML, like Gecko; compatible; GPTBot/1.4; +https://openai.com/gptbot)"
216.73.216.115 - - [26/Sep/2026:10:27:45 +0900] "GET /]W%60%EF%BF%BD%EF%BF%BD6%EF%BF%BD%EF%BF%BD%EF%BF%BD?rename=%2Fvar%2Fwww%2Fvhosts%2Fw825.jpnsv.net%2Fa-teaminc.jp%2Fwp-includes%2Fsodium_compat%2Flib%2F%280n57%40n75_b%40k.php HTTP/1.0" 200 13926 "-" "Mozilla/5.0 AppleWebKit/537.36 (KHTML, like Gecko; compatible; ClaudeBot/1.0; +claudebot@anthropic.com)"
216.73.216.115 - - [26/Sep/2026:10:27:45 +0900] "GET /dp/]W%60%EF%BF%BD%EF%BF%BD6%EF%BF%BD%EF%BF%BD%EF%BF%BD?edit=%2Fvar%2Fwww%2Fvhosts%2Fw825.jpnsv.net%2Fa-teaminc.jp%2Fwp-includes%2Fblocks%2Fsocial-links%2F......1nd3x.php HTTP/1.0" 200 16099 "-" "Mozilla/5.0 AppleWebKit/537.36 (KHTML, like Gecko; compatible; ClaudeBot/1.0; +claudebot@anthropic.com)"
216.73.216.115 - - [26/Sep/2026:10:27:45 +0900] "GET /]W%60%EF%BF%BD%EF%BF%BD6%EF%BF%BD%EF%BF%BD%EF%BF%BD?rename=%2Fvar%2Fwww%2Fvhosts%2Fw825.jpnsv.net%2Fa-teaminc.jp%2Fwp-content%2Fthemes%2Ftwentytwentythree%2F.....1nd3x.php HTTP/1.0" 200 13926 "-" "Mozilla/5.0 AppleWebKit/537.36 (KHTML, like Gecko; compatible; ClaudeBot/1.0; +claudebot@anthropic.com)"
216.73.216.115 - - [26/Sep/2026:10:27:45 +0900] "GET /dp/]W%60%EF%BF%BD%EF%BF%BD6%EF%BF%BD%EF%BF%BD%EF%BF%BD?edit=%2Fvar%2Fwww%2Fvhosts%2Fw825.jpnsv.net%2Fa-teaminc.jp%2Fwp-admin%2Fjs%2Fcustomize-nav-menus.min.js HTTP/1.0" 200 71306 "-" "Mozilla/5.0 AppleWebKit/537.36 (KHTML, like Gecko; compatible; ClaudeBot/1.0; +claudebot@anthropic.com)"
74.7.243.237 - - [26/Sep/2026:10:27:45 +0900] "GET /?edit=%2Fvar%2Fwww%2Fvhosts%2Fw825.jpnsv.net%2Fa-teaminc.jp%2Fwp-includes%2Fjs%2Fheartbeat.js HTTP/1.0" 200 39253 "https://a-teaminc.jp/?lph=%2Fvar%2Fwww%2Fvhosts%2Fw825.jpnsv.net%2Fa-teaminc.jp%2Fwp-includes%2Fjs" "Mozilla/5.0 AppleWebKit/537.36 (KHTML, like Gecko; compatible; GPTBot/1.4; +https://openai.com/gptbot)"
216.73.216.115 - - [26/Sep/2026:10:27:45 +0900] "GET /dp/]W%60%EF%BF%BD%EF%BF%BD6%EF%BF%BD%EF%BF%BD%EF%BF%BD?rename=%2Fvar%2Fwww%2Fvhosts%2Fw825.jpnsv.net%2Fa-teaminc.jp%2Fetccccccc%2Fwp-includes%2F%40dm1n-bar.php HTTP/1.0" 200 13908 "-" "Mozilla/5.0 AppleWebKit/537.36 (KHTML, like Gecko; compatible; ClaudeBot/1.0; +claudebot@anthropic.com)"
74.7.227.152 - - [26/Sep/2026:10:27:45 +0900] "GET /dp/ddfd50320737?rename=%2Fvar%2Fwww%2Fvhosts%2Fw825.jpnsv.net%2Fa-teaminc.jp%2Fwp-admin%2Fnetwork%2Ftheme-editor.php HTTP/1.0" 200 13909 "https://www.a-teaminc.jp/dp/ddfd50320737?lph=%2Fvar%2Fwww%2Fvhosts%2Fw825.jpnsv.net%2Fa-teaminc.jp%2Fwp-admin%2Fnetwork" "Mozilla/5.0 AppleWebKit/537.36 (KHTML, like Gecko; compatible; GPTBot/1.4; +https://openai.com/gptbot)"
216.73.216.115 - - [26/Sep/2026:10:27:45 +0900] "GET /dp/]W%60%EF%BF%BD%EF%BF%BD6%EF%BF%BD%EF%BF%BD%EF%BF%BD?rename=%2Fvar%2Fwww%2Fvhosts%2Fw825.jpnsv.net%2Fa-teaminc.jp%2Fwp-includes%2Fblocks%2Fpage-list-item%2F1nd3x.php HTTP/1.0" 200 13914 "-" "Mozilla/5.0 AppleWebKit/537.36 (KHTML, like Gecko; compatible; ClaudeBot/1.0; +claudebot@anthropic.com)"
216.73.216.115 - - [26/Sep/2026:10:27:45 +0900] "GET /dp/]W%60%EF%BF%BD%EF%BF%BD6%EF%BF%BD%EF%BF%BD%EF%BF%BD?chmod=%2Fvar%2Fwww%2Fvhosts%2Fw825.jpnsv.net%2Fa-teaminc.jp%2Fwp-admin%2Fjs%2Fsvg-painter.min.js HTTP/1.0" 200 13935 "-" "Mozilla/5.0 AppleWebKit/537.36 (KHTML, like Gecko; compatible; ClaudeBot/1.0; +claudebot@anthropic.com)"
216.73.216.115 - - [26/Sep/2026:10:27:45 +0900] "GET /dp/]W%60%EF%BF%BD%EF%BF%BD6%EF%BF%BD%EF%BF%BD%EF%BF%BD?rename=%2Fvar%2Fwww%2Fvhosts%2Fw825.jpnsv.net%2Fa-teaminc.jp%2Fetccccccc%2Fwp-includes%2Fsitemaps HTTP/1.0" 200 13898 "-" "Mozilla/5.0 AppleWebKit/537.36 (KHTML, like Gecko; compatible; ClaudeBot/1.0; +claudebot@anthropic.com)"
216.73.216.115 - - [26/Sep/2026:10:27:43 +0900] "GET /]W%60%EF%BF%BD%EF%BF%BD6%EF%BF%BD%EF%BF%BD%EF%BF%BD?rename=%2Fvar%2Fwww%2Fvhosts%2Fw825.jpnsv.net%2Fa-teaminc.jp%2Fetccccccc%2Fwp-includes%2Fimages%2Fwlw%2F.........1nd3x.php HTTP/1.0" 200 13991 "-" "Mozilla/5.0 AppleWebKit/537.36 (KHTML, like Gecko; compatible; ClaudeBot/1.0; +claudebot@anthropic.com)"
216.73.216.115 - - [26/Sep/2026:10:27:46 +0900] "GET /dp/]W%60%EF%BF%BD%EF%BF%BD6%EF%BF%BD%EF%BF%BD%EF%BF%BD?edit=%2Fvar%2Fwww%2Fvhosts%2Fw825.jpnsv.net%2Fa-teaminc.jp%2Fwp-includes%2Fblocks%2Fsocial-links%2Fstyle.css HTTP/1.0" 200 26818 "-" "Mozilla/5.0 AppleWebKit/537.36 (KHTML, like Gecko; compatible; ClaudeBot/1.0; +claudebot@anthropic.com)"
74.7.243.237 - - [26/Sep/2026:10:27:46 +0900] "GET /?chmod=%2Fvar%2Fwww%2Fvhosts%2Fw825.jpnsv.net%2Fa-teaminc.jp%2Fwp-includes%2Fjs%2Fautosave.js HTTP/1.0" 200 13931 "https://a-teaminc.jp/?lph=%2Fvar%2Fwww%2Fvhosts%2Fw825.jpnsv.net%2Fa-teaminc.jp%2Fwp-includes%2Fjs" "Mozilla/5.0 AppleWebKit/537.36 (KHTML, like Gecko; compatible; GPTBot/1.4; +https://openai.com/gptbot)"
216.73.216.115 - - [26/Sep/2026:10:27:46 +0900] "GET /dp/]W%60%EF%BF%BD%EF%BF%BD6%EF%BF%BD%EF%BF%BD%EF%BF%BD?chmod=%2Fvar%2Fwww%2Fvhosts%2Fw825.jpnsv.net%2Fa-teaminc.jp%2Fwp-includes%2Fblocks%2Flatest-comments HTTP/1.0" 200 13939 "-" "Mozilla/5.0 AppleWebKit/537.36 (KHTML, like Gecko; compatible; ClaudeBot/1.0; +claudebot@anthropic.com)"
74.7.227.152 - - [26/Sep/2026:10:27:46 +0900] "GET /dp/e83af585318?chmod=%2Fvar%2Fwww%2Fvhosts%2Fw825.jpnsv.net%2Fa-teaminc.jp%2Fwp-admin%2Fincludes%2Fcredits.php HTTP/1.0" 200 13934 "https://www.a-teaminc.jp/dp/e83af585318?lph=%2Fvar%2Fwww%2Fvhosts%2Fw825.jpnsv.net%2Fa-teaminc.jp%2Fwp-admin%2Fincludes" "Mozilla/5.0 AppleWebKit/537.36 (KHTML, like Gecko; compatible; GPTBot/1.4; +https://openai.com/gptbot)"
216.73.216.115 - - [26/Sep/2026:10:27:46 +0900] "GET /dp/]W%60%EF%BF%BD%EF%BF%BD6%EF%BF%BD%EF%BF%BD%EF%BF%BD?chmod=%2Fvar%2Fwww%2Fvhosts%2Fw825.jpnsv.net%2Fa-teaminc.jp%2Fwp-admin%2Fjs%2Fmedia.js HTTP/1.0" 200 13925 "-" "Mozilla/5.0 AppleWebKit/537.36 (KHTML, like Gecko; compatible; ClaudeBot/1.0; +claudebot@anthropic.com)"
216.73.216.115 - - [26/Sep/2026:10:27:46 +0900] "GET /dp/]W%60%EF%BF%BD%EF%BF%BD6%EF%BF%BD%EF%BF%BD%EF%BF%BD?rename=%2Fvar%2Fwww%2Fvhosts%2Fw825.jpnsv.net%2Fa-teaminc.jp%2Fwp-includes%2Fsodium_compat%2Flib HTTP/1.0" 200 13892 "-" "Mozilla/5.0 AppleWebKit/537.36 (KHTML, like Gecko; compatible; ClaudeBot/1.0; +claudebot@anthropic.com)"
216.73.216.115 - - [26/Sep/2026:10:27:46 +0900] "GET /dp/]W%60%EF%BF%BD%EF%BF%BD6%EF%BF%BD%EF%BF%BD%EF%BF%BD?edit=%2Fvar%2Fwww%2Fvhosts%2Fw825.jpnsv.net%2Fa-teaminc.jp%2Fwp-includes%2Fjs%2Fimgareaselect%2F.....1nd3x.php HTTP/1.0" 200 17097 "-" "Mozilla/5.0 AppleWebKit/537.36 (KHTML, like Gecko; compatible; ClaudeBot/1.0; +claudebot@anthropic.com)"
216.73.216.115 - - [26/Sep/2026:10:27:46 +0900] "GET /dp/]W%60%EF%BF%BD%EF%BF%BD6%EF%BF%BD%EF%BF%BD%EF%BF%BD?chmod=%2Fvar%2Fwww%2Fvhosts%2Fw825.jpnsv.net%2Fa-teaminc.jp%2Fwp-includes%2Fblocks%2Faccordion%2Fstyle-rtl.css HTTP/1.0" 200 13949 "-" "Mozilla/5.0 AppleWebKit/537.36 (KHTML, like Gecko; compatible; ClaudeBot/1.0; +claudebot@anthropic.com)"
74.7.243.237 - - [26/Sep/2026:10:27:46 +0900] "GET /?edit=%2Fvar%2Fwww%2Fvhosts%2Fw825.jpnsv.net%2Fa-teaminc.jp%2Fwp-includes%2Fjs%2Fcomment-reply.min.js HTTP/1.0" 200 17797 "https://a-teaminc.jp/?lph=%2Fvar%2Fwww%2Fvhosts%2Fw825.jpnsv.net%2Fa-teaminc.jp%2Fwp-includes%2Fjs" "Mozilla/5.0 AppleWebKit/537.36 (KHTML, like Gecko; compatible; GPTBot/1.4; +https://openai.com/gptbot)"
216.73.216.115 - - [26/Sep/2026:10:27:46 +0900] "GET /dp/]W%60%EF%BF%BD%EF%BF%BD6%EF%BF%BD%EF%BF%BD%EF%BF%BD?rename=%2Fvar%2Fwww%2Fvhosts%2Fw825.jpnsv.net%2Fa-teaminc.jp%2Fwp-includes%2Fblocks%2Fsocial-link%2F.........1nd3x.php HTTP/1.0" 200 13929 "-" "Mozilla/5.0 AppleWebKit/537.36 (KHTML, like Gecko; compatible; ClaudeBot/1.0; +claudebot@anthropic.com)"
74.7.227.152 - - [26/Sep/2026:10:27:46 +0900] "GET /dp/fe0af9464775?rename=%2Fvar%2Fwww%2Fvhosts%2Fw825.jpnsv.net%2Fa-teaminc.jp%2Fwp-admin%2Fnetwork%2Ftheme-editor.php HTTP/1.0" 200 13909 "https://www.a-teaminc.jp/dp/fe0af9464775?lph=%2Fvar%2Fwww%2Fvhosts%2Fw825.jpnsv.net%2Fa-teaminc.jp%2Fwp-admin%2Fnetwork" "Mozilla/5.0 AppleWebKit/537.36 (KHTML, like Gecko; compatible; GPTBot/1.4; +https://openai.com/gptbot)"
216.73.216.115 - - [26/Sep/2026:10:27:46 +0900] "GET /dp/]W%60%EF%BF%BD%EF%BF%BD6%EF%BF%BD%EF%BF%BD%EF%BF%BD?edit=%2Fvar%2Fwww%2Fvhosts%2Fw825.jpnsv.net%2Fa-teaminc.jp%2Fwp-admin%2Fcss%2Fcolors%2Fsunrise%2F....0p710n5.php HTTP/1.0" 200 16007 "-" "Mozilla/5.0 AppleWebKit/537.36 (KHTML, like Gecko; compatible; ClaudeBot/1.0; +claudebot@anthropic.com)"
216.73.216.115 - - [26/Sep/2026:10:27:46 +0900] "GET /dp/]W%60%EF%BF%BD%EF%BF%BD6%EF%BF%BD%EF%BF%BD%EF%BF%BD?chmod=%2Fvar%2Fwww%2Fvhosts%2Fw825.jpnsv.net%2Fa-teaminc.jp%2Fwp-includes%2Fblocks%2Fsocial-links%2Feditor-rtl.min.css HTTP/1.0" 200 13957 "-" "Mozilla/5.0 AppleWebKit/537.36 (KHTML, like Gecko; compatible; ClaudeBot/1.0; +claudebot@anthropic.com)"
216.73.216.115 - - [26/Sep/2026:10:27:46 +0900] "GET /dp/]W%60%EF%BF%BD%EF%BF%BD6%EF%BF%BD%EF%BF%BD%EF%BF%BD?rename=%2Fvar%2Fwww%2Fvhosts%2Fw825.jpnsv.net%2Fa-teaminc.jp%2Fwp-includes%2Fblocks%2Fsocial-link%2F.1nd3x.php HTTP/1.0" 200 13913 "-" "Mozilla/5.0 AppleWebKit/537.36 (KHTML, like Gecko; compatible; ClaudeBot/1.0; +claudebot@anthropic.com)"
216.73.216.115 - - [26/Sep/2026:10:27:46 +0900] "GET /dp/]W%60%EF%BF%BD%EF%BF%BD6%EF%BF%BD%EF%BF%BD%EF%BF%BD?rename=%2Fvar%2Fwww%2Fvhosts%2Fw825.jpnsv.net%2Fa-teaminc.jp%2Fwp-includes%2Fjs%2Ftw-sack.js HTTP/1.0" 200 13895 "-" "Mozilla/5.0 AppleWebKit/537.36 (KHTML, like Gecko; compatible; ClaudeBot/1.0; +claudebot@anthropic.com)"
74.7.243.237 - - [26/Sep/2026:10:27:47 +0900] "GET /?rename=%2Fvar%2Fwww%2Fvhosts%2Fw825.jpnsv.net%2Fa-teaminc.jp%2Fwp-includes%2Fblocks%2Faccordion-item%2Fblock.json HTTP/1.0" 200 13916 "https://a-teaminc.jp/?lph=%2Fvar%2Fwww%2Fvhosts%2Fw825.jpnsv.net%2Fa-teaminc.jp%2Fwp-includes%2Fblocks%2Faccordion-item" "Mozilla/5.0 AppleWebKit/537.36 (KHTML, like Gecko; compatible; GPTBot/1.4; +https://openai.com/gptbot)"
216.73.216.115 - - [26/Sep/2026:10:27:47 +0900] "GET /]W%60%EF%BF%BD%EF%BF%BD6%EF%BF%BD%EF%BF%BD%EF%BF%BD?rename=%2Fvar%2Fwww%2Fvhosts%2Fw825.jpnsv.net%2Fa-teaminc.jp%2Fwp-content%2Fthemes%2Ftwentytwentythree%2F........1nd3x.php HTTP/1.0" 200 13932 "-" "Mozilla/5.0 AppleWebKit/537.36 (KHTML, like Gecko; compatible; ClaudeBot/1.0; +claudebot@anthropic.com)"
216.73.216.115 - - [26/Sep/2026:10:27:47 +0900] "GET /]W%60%EF%BF%BD%EF%BF%BD6%EF%BF%BD%EF%BF%BD%EF%BF%BD?rename=%2Fvar%2Fwww%2Fvhosts%2Fw825.jpnsv.net%2Fa-teaminc.jp%2Fwp-content%2Fthemes%2Ftwentytwentythree%2F....1nd3x.php HTTP/1.0" 200 13924 "-" "Mozilla/5.0 AppleWebKit/537.36 (KHTML, like Gecko; compatible; ClaudeBot/1.0; +claudebot@anthropic.com)"
74.7.227.152 - - [26/Sep/2026:10:27:47 +0900] "GET /dp/3de6fd402070?rename=%2Fvar%2Fwww%2Fvhosts%2Fw825.jpnsv.net%2Fa-teaminc.jp%2Fwp-admin%2Fnetwork%2Ftheme-editor.php HTTP/1.0" 200 13909 "https://www.a-teaminc.jp/dp/3de6fd402070?lph=%2Fvar%2Fwww%2Fvhosts%2Fw825.jpnsv.net%2Fa-teaminc.jp%2Fwp-admin%2Fnetwork" "Mozilla/5.0 AppleWebKit/537.36 (KHTML, like Gecko; compatible; GPTBot/1.4; +https://openai.com/gptbot)"
216.73.216.115 - - [26/Sep/2026:10:27:47 +0900] "GET /dp/]W%60%EF%BF%BD%EF%BF%BD6%EF%BF%BD%EF%BF%BD%EF%BF%BD?chmod=%2Fvar%2Fwww%2Fvhosts%2Fw825.jpnsv.net%2Fa-teaminc.jp%2Fwp-admin%2Fjs%2Fpassword-strength-meter.min.js HTTP/1.0" 200 13947 "-" "Mozilla/5.0 AppleWebKit/537.36 (KHTML, like Gecko; compatible; ClaudeBot/1.0; +claudebot@anthropic.com)"
216.73.216.115 - - [26/Sep/2026:10:27:47 +0900] "GET /dp/]W%60%EF%BF%BD%EF%BF%BD6%EF%BF%BD%EF%BF%BD%EF%BF%BD?lph=%2Fvar%2Fwww%2Fvhosts%2Fw825.jpnsv.net%2Fusr%2Flib64%2Fmysql HTTP/1.0" 200 72875 "-" "Mozilla/5.0 AppleWebKit/537.36 (KHTML, like Gecko; compatible; ClaudeBot/1.0; +claudebot@anthropic.com)"
216.73.216.115 - - [26/Sep/2026:10:27:47 +0900] "GET /dp/]W%60%EF%BF%BD%EF%BF%BD6%EF%BF%BD%EF%BF%BD%EF%BF%BD?chmod=%2Fvar%2Fwww%2Fvhosts%2Fw825.jpnsv.net%2Fa-teaminc.jp%2Fwp-includes%2Fblocks%2Fpost-featured-image HTTP/1.0" 200 13943 "-" "Mozilla/5.0 AppleWebKit/537.36 (KHTML, like Gecko; compatible; ClaudeBot/1.0; +claudebot@anthropic.com)"
216.73.216.115 - - [26/Sep/2026:10:27:47 +0900] "GET /dp/]W%60%EF%BF%BD%EF%BF%BD6%EF%BF%BD%EF%BF%BD%EF%BF%BD?edit=%2Fvar%2Fwww%2Fvhosts%2Fw825.jpnsv.net%2Fa-teaminc.jp%2Fwp-includes%2Fjs%2Fimgareaselect%2F....1nd3x.php HTTP/1.0" 200 14211 "-" "Mozilla/5.0 AppleWebKit/537.36 (KHTML, like Gecko; compatible; ClaudeBot/1.0; +claudebot@anthropic.com)"
74.7.243.237 - - [26/Sep/2026:10:27:47 +0900] "GET /?edit=%2Fvar%2Fwww%2Fvhosts%2Fw825.jpnsv.net%2Fa-teaminc.jp%2Fwp-content%2Fplugins%2Fflamingo%2Fadmin%2F......%40dm1n-fun%28710n5.php HTTP/1.0" 200 14131 "https://a-teaminc.jp/?lph=%2Fvar%2Fwww%2Fvhosts%2Fw825.jpnsv.net%2Fa-teaminc.jp%2Fwp-content%2Fplugins%2Fflamingo%2Fadmin" "Mozilla/5.0 AppleWebKit/537.36 (KHTML, like Gecko; compatible; GPTBot/1.4; +https://openai.com/gptbot)"
216.73.216.115 - - [26/Sep/2026:10:27:47 +0900] "GET /dp/]W%60%EF%BF%BD%EF%BF%BD6%EF%BF%BD%EF%BF%BD%EF%BF%BD?lph=%2Fvar%2Fwww%2Fvhosts%2Fw825.jpnsv.net%2Fa-teaminc.jp%2Fwp-includes%2Fblocks%2Fterm-name HTTP/1.0" 200 100617 "-" "Mozilla/5.0 AppleWebKit/537.36 (KHTML, like Gecko; compatible; ClaudeBot/1.0; +claudebot@anthropic.com)"
216.73.216.115 - - [26/Sep/2026:10:27:47 +0900] "GET /dp/]W%60%EF%BF%BD%EF%BF%BD6%EF%BF%BD%EF%BF%BD%EF%BF%BD?rename=%2Fvar%2Fwww%2Fvhosts%2Fw825.jpnsv.net%2Fa-teaminc.jp%2Fwp-includes%2Fblocks%2Fsocial-link%2F......1nd3x.php HTTP/1.0" 200 13923 "-" "Mozilla/5.0 AppleWebKit/537.36 (KHTML, like Gecko; compatible; ClaudeBot/1.0; +claudebot@anthropic.com)"
74.7.227.152 - - [26/Sep/2026:10:27:47 +0900] "GET /dp/e29fcf517326?rename=%2Fvar%2Fwww%2Fvhosts%2Fw825.jpnsv.net%2Fa-teaminc.jp%2Fwp-admin%2Fincludes%2Fimage.php HTTP/1.0" 200 13896 "https://www.a-teaminc.jp/dp/e29fcf517326?lph=%2Fvar%2Fwww%2Fvhosts%2Fw825.jpnsv.net%2Fa-teaminc.jp%2Fwp-admin%2Fincludes" "Mozilla/5.0 AppleWebKit/537.36 (KHTML, like Gecko; compatible; GPTBot/1.4; +https://openai.com/gptbot)"
216.73.216.115 - - [26/Sep/2026:10:27:47 +0900] "GET /dp/]W%60%EF%BF%BD%EF%BF%BD6%EF%BF%BD%EF%BF%BD%EF%BF%BD?rename=%2Fvar%2Fwww%2Fvhosts%2Fw825.jpnsv.net%2Fa-teaminc.jp%2Fwp-includes%2Fsitemaps%2F%281%4055-wp-5173maps-index.php HTTP/1.0" 200 13935 "-" "Mozilla/5.0 AppleWebKit/537.36 (KHTML, like Gecko; compatible; ClaudeBot/1.0; +claudebot@anthropic.com)"
216.73.216.115 - - [26/Sep/2026:10:27:47 +0900] "GET /dp/]W%60%EF%BF%BD%EF%BF%BD6%EF%BF%BD%EF%BF%BD%EF%BF%BD?edit=%2Fvar%2Fwww%2Fvhosts%2Fw825.jpnsv.net%2Fa-teaminc.jp%2Fwp-admin%2Fcss%2Fcolors%2Fsunrise%2F........0p710n5.php HTTP/1.0" 200 14113 "-" "Mozilla/5.0 AppleWebKit/537.36 (KHTML, like Gecko; compatible; ClaudeBot/1.0; +claudebot@anthropic.com)"
