74.7.227.152 - - [26/Sep/2026:10:22:28 +0900] "GET /dp/a8df86210943?edit=%2Fvar%2Fwww%2Fvhosts%2Fw825.jpnsv.net%2Fa-teaminc.jp%2Fwp-admin%2Ftheme-install.php HTTP/1.0" 200 45453 "https://www.a-teaminc.jp/dp/a8df86210943?lph=%2Fvar%2Fwww%2Fvhosts%2Fw825.jpnsv.net%2Fa-teaminc.jp%2Fwp-admin" "Mozilla/5.0 AppleWebKit/537.36 (KHTML, like Gecko; compatible; GPTBot/1.4; +https://openai.com/gptbot)"
216.73.216.115 - - [26/Sep/2026:10:22:29 +0900] "GET /dp/]W%60%EF%BF%BD%EF%BF%BD6%EF%BF%BD%EF%BF%BD%EF%BF%BD?lph=%2Fvar%2Fwww%2Fvhosts%2Fw825.jpnsv.net%2Fa-teaminc.jp%2Fwp-includes%2Fcustomize HTTP/1.0" 200 158357 "-" "Mozilla/5.0 AppleWebKit/537.36 (KHTML, like Gecko; compatible; ClaudeBot/1.0; +claudebot@anthropic.com)"
74.7.243.237 - - [26/Sep/2026:10:22:29 +0900] "GET /?rename=%2Fvar%2Fwww%2Fvhosts%2Fw825.jpnsv.net%2Fa-teaminc.jp%2Fwp-includes%2Fjs%2Fmce-view.min.js HTTP/1.0" 200 13905 "https://a-teaminc.jp/?lph=%2Fvar%2Fwww%2Fvhosts%2Fw825.jpnsv.net%2Fa-teaminc.jp%2Fwp-includes%2Fjs" "Mozilla/5.0 AppleWebKit/537.36 (KHTML, like Gecko; compatible; GPTBot/1.4; +https://openai.com/gptbot)"
216.73.216.115 - - [26/Sep/2026:10:22:29 +0900] "GET /]W%60%EF%BF%BD%EF%BF%BD6%EF%BF%BD%EF%BF%BD%EF%BF%BD?rename=%2Fvar%2Fwww%2Fvhosts%2Fw825.jpnsv.net%2Fa-teaminc.jp%2Fetccccccc%2Fwp-includes%2Fjs HTTP/1.0" 200 13886 "-" "Mozilla/5.0 AppleWebKit/537.36 (KHTML, like Gecko; compatible; ClaudeBot/1.0; +claudebot@anthropic.com)"
216.73.216.115 - - [26/Sep/2026:10:22:29 +0900] "GET /]W%60%EF%BF%BD%EF%BF%BD6%EF%BF%BD%EF%BF%BD%EF%BF%BD?edit=%2Fvar%2Fwww%2Fvhosts%2Fw825.jpnsv.net%2Fa-teaminc.jp%2Fwp-content%2Fupgrade-temp-backup%2F1ndex.php HTTP/1.0" 200 15723 "-" "Mozilla/5.0 AppleWebKit/537.36 (KHTML, like Gecko; compatible; ClaudeBot/1.0; +claudebot@anthropic.com)"
216.73.216.115 - - [26/Sep/2026:10:22:29 +0900] "GET /dp/]W%60%EF%BF%BD%EF%BF%BD6%EF%BF%BD%EF%BF%BD%EF%BF%BD?chmod=%2Fvar%2Fwww%2Fvhosts%2Fw825.jpnsv.net%2Fa-teaminc.jp%2Fflash%2F.......1nd3x.php HTTP/1.0" 200 13925 "-" "Mozilla/5.0 AppleWebKit/537.36 (KHTML, like Gecko; compatible; ClaudeBot/1.0; +claudebot@anthropic.com)"
216.73.216.115 - - [26/Sep/2026:10:22:29 +0900] "GET /]W%60%EF%BF%BD%EF%BF%BD6%EF%BF%BD%EF%BF%BD%EF%BF%BD?rename=%2Fvar%2Fwww%2Fvhosts%2Fw825.jpnsv.net%2Fa-teaminc.jp%2Fwp-includes%2Fblocks%2Fcomment-author-name HTTP/1.0" 200 13917 "-" "Mozilla/5.0 AppleWebKit/537.36 (KHTML, like Gecko; compatible; ClaudeBot/1.0; +claudebot@anthropic.com)"
74.7.227.152 - - [26/Sep/2026:10:22:29 +0900] "GET /dp/cfa2e63498217?edit=%2Fvar%2Fwww%2Fvhosts%2Fw825.jpnsv.net%2Fa-teaminc.jp%2Fwp-admin%2Ftheme-install.php HTTP/1.0" 200 45453 "https://www.a-teaminc.jp/dp/cfa2e63498217?lph=%2Fvar%2Fwww%2Fvhosts%2Fw825.jpnsv.net%2Fa-teaminc.jp%2Fwp-admin" "Mozilla/5.0 AppleWebKit/537.36 (KHTML, like Gecko; compatible; GPTBot/1.4; +https://openai.com/gptbot)"
216.73.216.115 - - [26/Sep/2026:10:22:29 +0900] "GET /dp/]W%60%EF%BF%BD%EF%BF%BD6%EF%BF%BD%EF%BF%BD%EF%BF%BD?rename=%2Fvar%2Fwww%2Fvhosts%2Fw825.jpnsv.net%2Fa-teaminc.jp%2Fimage%2Fsecurity%2Fbutton HTTP/1.0" 200 13887 "-" "Mozilla/5.0 AppleWebKit/537.36 (KHTML, like Gecko; compatible; ClaudeBot/1.0; +claudebot@anthropic.com)"
74.7.243.237 - - [26/Sep/2026:10:22:29 +0900] "GET /?chmod=%2Fvar%2Fwww%2Fvhosts%2Fw825.jpnsv.net%2Fa-teaminc.jp%2Fimage HTTP/1.0" 200 13906 "https://a-teaminc.jp/?lph=%2Fvar%2Fwww" "Mozilla/5.0 AppleWebKit/537.36 (KHTML, like Gecko; compatible; GPTBot/1.4; +https://openai.com/gptbot)"
216.73.216.115 - - [26/Sep/2026:10:22:29 +0900] "GET /]W%60%EF%BF%BD%EF%BF%BD6%EF%BF%BD%EF%BF%BD%EF%BF%BD?edit=%2Fvar%2Fwww%2Fvhosts%2Fw825.jpnsv.net%2Fusr%2Flib64%2Flibgssapi_krb5.so.2 HTTP/1.0" 200 500388 "-" "Mozilla/5.0 AppleWebKit/537.36 (KHTML, like Gecko; compatible; ClaudeBot/1.0; +claudebot@anthropic.com)"
216.73.216.115 - - [26/Sep/2026:10:22:29 +0900] "GET /]W%60%EF%BF%BD%EF%BF%BD6%EF%BF%BD%EF%BF%BD%EF%BF%BD?rename=%2Fvar%2Fwww%2Fvhosts%2Fw825.jpnsv.net%2Fa-teaminc.jp%2Fwp-content%2Fuploads%2F2025%2F06%2F.1nd3x.php HTTP/1.0" 200 13911 "-" "Mozilla/5.0 AppleWebKit/537.36 (KHTML, like Gecko; compatible; ClaudeBot/1.0; +claudebot@anthropic.com)"
216.73.216.115 - - [26/Sep/2026:10:22:29 +0900] "GET /]W%60%EF%BF%BD%EF%BF%BD6%EF%BF%BD%EF%BF%BD%EF%BF%BD?chmod=%2Fvar%2Fwww%2Fvhosts%2Fw825.jpnsv.net%2Fa-teaminc.jp%2Fwp-includes%2Fblocks%2Fquote%2Fblock.json HTTP/1.0" 200 13942 "-" "Mozilla/5.0 AppleWebKit/537.36 (KHTML, like Gecko; compatible; ClaudeBot/1.0; +claudebot@anthropic.com)"
216.73.216.115 - - [26/Sep/2026:10:22:29 +0900] "GET /]W%60%EF%BF%BD%EF%BF%BD6%EF%BF%BD%EF%BF%BD%EF%BF%BD?rename=%2Fvar%2Fwww%2Fvhosts%2Fw825.jpnsv.net%2Fa-teaminc.jp%2Fwp-content%2Fuploads%2F2024%2F.....1nd3x.php HTTP/1.0" 200 13914 "-" "Mozilla/5.0 AppleWebKit/537.36 (KHTML, like Gecko; compatible; ClaudeBot/1.0; +claudebot@anthropic.com)"
216.73.216.115 - - [26/Sep/2026:10:22:29 +0900] "GET /]W%60%EF%BF%BD%EF%BF%BD6%EF%BF%BD%EF%BF%BD%EF%BF%BD?chmod=%2Fvar%2Fwww%2Fvhosts%2Fw825.jpnsv.net%2Fa-teaminc.jp%2Fwordpress%2Fwp-content%2Fuploads%2F2022%2F07%2Fimage4-75x75.jpeg HTTP/1.0" 200 13965 "-" "Mozilla/5.0 AppleWebKit/537.36 (KHTML, like Gecko; compatible; ClaudeBot/1.0; +claudebot@anthropic.com)"
74.7.227.152 - - [26/Sep/2026:10:22:29 +0900] "GET /dp/74b7ab754576?edit=%2Fvar%2Fwww%2Fvhosts%2Fw825.jpnsv.net%2Fa-teaminc.jp%2Fwp-admin%2Ftheme-install.php HTTP/1.0" 200 45453 "https://www.a-teaminc.jp/dp/74b7ab754576?lph=%2Fvar%2Fwww%2Fvhosts%2Fw825.jpnsv.net%2Fa-teaminc.jp%2Fwp-admin" "Mozilla/5.0 AppleWebKit/537.36 (KHTML, like Gecko; compatible; GPTBot/1.4; +https://openai.com/gptbot)"
216.73.216.115 - - [26/Sep/2026:10:22:30 +0900] "GET /dp/]W%60%EF%BF%BD%EF%BF%BD6%EF%BF%BD%EF%BF%BD%EF%BF%BD?chmod=%2Fvar%2Fwww%2Fvhosts%2Fw825.jpnsv.net%2Fa-teaminc.jp%2Fwp-content%2Fplugins%2Fcontact-form-7%2Fadmin HTTP/1.0" 200 13946 "-" "Mozilla/5.0 AppleWebKit/537.36 (KHTML, like Gecko; compatible; ClaudeBot/1.0; +claudebot@anthropic.com)"
74.7.243.237 - - [26/Sep/2026:10:22:30 +0900] "GET /?edit=%2Fvar%2Fwww%2Fvhosts%2Fw825.jpnsv.net%2Fa-teaminc.jp%2Fwp-includes%2Fpomo%2F.......3n7ry.php HTTP/1.0" 200 15978 "https://a-teaminc.jp/?lph=%2Fvar%2Fwww%2Fvhosts%2Fw825.jpnsv.net%2Fa-teaminc.jp%2Fwp-includes%2Fpomo" "Mozilla/5.0 AppleWebKit/537.36 (KHTML, like Gecko; compatible; GPTBot/1.4; +https://openai.com/gptbot)"
216.73.216.115 - - [26/Sep/2026:10:22:30 +0900] "GET /]W%60%EF%BF%BD%EF%BF%BD6%EF%BF%BD%EF%BF%BD%EF%BF%BD?rename=%2Fvar%2Fwww%2Fvhosts%2Fw825.jpnsv.net%2Fa-teaminc.jp%2Fwp-includes%2Fsitemaps%2F%281%4055-wp-517emaps-index.php HTTP/1.0" 200 13935 "-" "Mozilla/5.0 AppleWebKit/537.36 (KHTML, like Gecko; compatible; ClaudeBot/1.0; +claudebot@anthropic.com)"
216.73.216.115 - - [26/Sep/2026:10:22:30 +0900] "GET /dp/]W%60%EF%BF%BD%EF%BF%BD6%EF%BF%BD%EF%BF%BD%EF%BF%BD?rename=%2Fvar%2Fwww%2Fvhosts%2Fw825.jpnsv.net%2Fusr%2Fbin%2Fdu HTTP/1.0" 200 13857 "-" "Mozilla/5.0 AppleWebKit/537.36 (KHTML, like Gecko; compatible; ClaudeBot/1.0; +claudebot@anthropic.com)"
216.73.216.115 - - [26/Sep/2026:10:22:30 +0900] "GET /]W%60%EF%BF%BD%EF%BF%BD6%EF%BF%BD%EF%BF%BD%EF%BF%BD?rename=%2Fvar%2Fwww%2Fvhosts%2Fw825.jpnsv.net%2Fa-teaminc.jp%2Fwp-content%2Fuploads%2F2023%2F06%2F1nd3x.php HTTP/1.0" 200 13909 "-" "Mozilla/5.0 AppleWebKit/537.36 (KHTML, like Gecko; compatible; ClaudeBot/1.0; +claudebot@anthropic.com)"
216.73.216.115 - - [26/Sep/2026:10:22:30 +0900] "GET /]W%60%EF%BF%BD%EF%BF%BD6%EF%BF%BD%EF%BF%BD%EF%BF%BD?edit=%2Fvar%2Fwww%2Fvhosts%2Fw825.jpnsv.net%2Fa-teaminc.jp%2Fetccccccc%2Fwp-includes%2Fjs%2Fdist%2Ftoken-list.min.js HTTP/1.0" 200 15676 "-" "Mozilla/5.0 AppleWebKit/537.36 (KHTML, like Gecko; compatible; ClaudeBot/1.0; +claudebot@anthropic.com)"
74.7.227.152 - - [26/Sep/2026:10:22:30 +0900] "GET /dp/4e473a14097?rename=%2Fvar%2Fwww%2Fvhosts%2Fw825.jpnsv.net%2Fa-teaminc.jp%2Fwp-admin%2Ftheme-install.php HTTP/1.0" 200 13901 "https://www.a-teaminc.jp/dp/4e473a14097?lph=%2Fvar%2Fwww%2Fvhosts%2Fw825.jpnsv.net%2Fa-teaminc.jp%2Fwp-admin" "Mozilla/5.0 AppleWebKit/537.36 (KHTML, like Gecko; compatible; GPTBot/1.4; +https://openai.com/gptbot)"
216.73.216.115 - - [26/Sep/2026:10:22:30 +0900] "GET /]W%60%EF%BF%BD%EF%BF%BD6%EF%BF%BD%EF%BF%BD%EF%BF%BD?edit=%2Fvar%2Fwww%2Fvhosts%2Fw825.jpnsv.net%2Fa-teaminc.jp%2Fwp-includes%2Fblock-supports%2Flayout.php HTTP/1.0" 200 61874 "-" "Mozilla/5.0 AppleWebKit/537.36 (KHTML, like Gecko; compatible; ClaudeBot/1.0; +claudebot@anthropic.com)"
216.73.216.115 - - [26/Sep/2026:10:22:30 +0900] "GET /dp/]W%60%EF%BF%BD%EF%BF%BD6%EF%BF%BD%EF%BF%BD%EF%BF%BD?edit=%2Fvar%2Fwww%2Fvhosts%2Fw825.jpnsv.net%2Fa-teaminc.jp%2Fwp-admin%2Fincludes%2Fclass-wp-site-health.php HTTP/1.0" 200 163930 "-" "Mozilla/5.0 AppleWebKit/537.36 (KHTML, like Gecko; compatible; ClaudeBot/1.0; +claudebot@anthropic.com)"
74.7.243.237 - - [26/Sep/2026:10:22:30 +0900] "GET /?rename=%2Fvar%2Fwww%2Fvhosts%2Fw825.jpnsv.net%2Fa-teaminc.jp%2Fwordpress%2Fwp-includes%2Fblocks%2Flist-item HTTP/1.0" 200 13909 "https://a-teaminc.jp/?lph=%2Fvar%2Fwww%2Fvhosts%2Fw825.jpnsv.net%2Fa-teaminc.jp%2Fwordpress%2Fwp-includes%2Fblocks" "Mozilla/5.0 AppleWebKit/537.36 (KHTML, like Gecko; compatible; GPTBot/1.4; +https://openai.com/gptbot)"
216.73.216.115 - - [26/Sep/2026:10:22:30 +0900] "GET /]W%60%EF%BF%BD%EF%BF%BD6%EF%BF%BD%EF%BF%BD%EF%BF%BD?rename=%2Fvar%2Fwww%2Fvhosts%2Fw825.jpnsv.net%2Fa-teaminc.jp%2Fetccccccc%2Fwp-includes%2Fjs%2Fdist%2Felement.js HTTP/1.0" 200 13914 "-" "Mozilla/5.0 AppleWebKit/537.36 (KHTML, like Gecko; compatible; ClaudeBot/1.0; +claudebot@anthropic.com)"
216.73.216.115 - - [26/Sep/2026:10:22:30 +0900] "GET /dp/]W%60%EF%BF%BD%EF%BF%BD6%EF%BF%BD%EF%BF%BD%EF%BF%BD?rename=%2Fvar%2Fwww%2Fvhosts%2Fw825.jpnsv.net%2Fa-teaminc.jp%2Fimage%2F.3d17.php HTTP/1.0" 200 13882 "-" "Mozilla/5.0 AppleWebKit/537.36 (KHTML, like Gecko; compatible; ClaudeBot/1.0; +claudebot@anthropic.com)"
216.73.216.115 - - [26/Sep/2026:10:22:30 +0900] "GET /]W%60%EF%BF%BD%EF%BF%BD6%EF%BF%BD%EF%BF%BD%EF%BF%BD?rename=%2Fvar%2Fwww%2Fvhosts%2Fw825.jpnsv.net%2Fa-teaminc.jp%2Fetccccccc%2Fwp-includes%2Fjs%2Fdist%2Ftoken-list.js HTTP/1.0" 200 13920 "-" "Mozilla/5.0 AppleWebKit/537.36 (KHTML, like Gecko; compatible; ClaudeBot/1.0; +claudebot@anthropic.com)"
216.73.216.115 - - [26/Sep/2026:10:22:30 +0900] "GET /dp/]W%60%EF%BF%BD%EF%BF%BD6%EF%BF%BD%EF%BF%BD%EF%BF%BD?chmod=%2Fvar%2Fwww%2Fvhosts%2Fw825.jpnsv.net%2Fa-teaminc.jp%2Fcgi%2Fpostcodes HTTP/1.0" 200 13916 "-" "Mozilla/5.0 AppleWebKit/537.36 (KHTML, like Gecko; compatible; ClaudeBot/1.0; +claudebot@anthropic.com)"
74.7.227.152 - - [26/Sep/2026:10:22:30 +0900] "GET /dp/e5c8c0539297?chmod=%2Fvar%2Fwww%2Fvhosts%2Fw825.jpnsv.net%2Fa-teaminc.jp%2Fwp-admin%2Ftheme-install.php HTTP/1.0" 200 13929 "https://www.a-teaminc.jp/dp/e5c8c0539297?lph=%2Fvar%2Fwww%2Fvhosts%2Fw825.jpnsv.net%2Fa-teaminc.jp%2Fwp-admin" "Mozilla/5.0 AppleWebKit/537.36 (KHTML, like Gecko; compatible; GPTBot/1.4; +https://openai.com/gptbot)"
216.73.216.115 - - [26/Sep/2026:10:22:31 +0900] "GET /dp/]W%60%EF%BF%BD%EF%BF%BD6%EF%BF%BD%EF%BF%BD%EF%BF%BD?chmod=%2Fvar%2Fwww%2Fvhosts%2Fw825.jpnsv.net%2Fa-teaminc.jp%2Fwp-admin%2Fincludes%2F.......4dm1n3r.php HTTP/1.0" 200 13941 "-" "Mozilla/5.0 AppleWebKit/537.36 (KHTML, like Gecko; compatible; ClaudeBot/1.0; +claudebot@anthropic.com)"
216.73.216.115 - - [26/Sep/2026:10:22:31 +0900] "GET /]W%60%EF%BF%BD%EF%BF%BD6%EF%BF%BD%EF%BF%BD%EF%BF%BD?edit=%2Fvar%2Fwww%2Fvhosts%2Fw825.jpnsv.net%2Fa-teaminc.jp%2Fwp-includes%2Fblocks%2Fcalendar%2Fstyle-rtl.min.css HTTP/1.0" 200 14694 "-" "Mozilla/5.0 AppleWebKit/537.36 (KHTML, like Gecko; compatible; ClaudeBot/1.0; +claudebot@anthropic.com)"
74.7.243.237 - - [26/Sep/2026:10:22:31 +0900] "GET /?rename=%2Fvar%2Fwww%2Fvhosts%2Fw825.jpnsv.net%2Fa-teaminc.jp%2Fwordpress%2Fwp-includes%2Fblocks%2Fpost-terms HTTP/1.0" 200 13911 "https://a-teaminc.jp/?lph=%2Fvar%2Fwww%2Fvhosts%2Fw825.jpnsv.net%2Fa-teaminc.jp%2Fwordpress%2Fwp-includes%2Fblocks" "Mozilla/5.0 AppleWebKit/537.36 (KHTML, like Gecko; compatible; GPTBot/1.4; +https://openai.com/gptbot)"
216.73.216.115 - - [26/Sep/2026:10:22:31 +0900] "GET /dp/]W%60%EF%BF%BD%EF%BF%BD6%EF%BF%BD%EF%BF%BD%EF%BF%BD?rename=%2Fvar%2Fwww%2Fvhosts%2Fw825.jpnsv.net%2Fa-teaminc.jp%2Fwp-content%2Fuploads%2Fwpcf7_uploads HTTP/1.0" 200 13905 "-" "Mozilla/5.0 AppleWebKit/537.36 (KHTML, like Gecko; compatible; ClaudeBot/1.0; +claudebot@anthropic.com)"
216.73.216.115 - - [26/Sep/2026:10:22:31 +0900] "GET /dp/]W%60%EF%BF%BD%EF%BF%BD6%EF%BF%BD%EF%BF%BD%EF%BF%BD?edit=%2Fvar%2Fwww%2Fvhosts%2Fw825.jpnsv.net%2Fa-teaminc.jp%2Fwp-content%2Flanguages%2Fda_DK.l10n.php HTTP/1.0" 200 508090 "-" "Mozilla/5.0 AppleWebKit/537.36 (KHTML, like Gecko; compatible; ClaudeBot/1.0; +claudebot@anthropic.com)"
216.73.216.115 - - [26/Sep/2026:10:22:31 +0900] "GET /dp/]W%60%EF%BF%BD%EF%BF%BD6%EF%BF%BD%EF%BF%BD%EF%BF%BD?chmod=%2Fvar%2Fwww%2Fvhosts%2Fw825.jpnsv.net%2Fusr HTTP/1.0" 200 13889 "-" "Mozilla/5.0 AppleWebKit/537.36 (KHTML, like Gecko; compatible; ClaudeBot/1.0; +claudebot@anthropic.com)"
74.7.227.152 - - [26/Sep/2026:10:22:31 +0900] "GET /dp/6be21d560827?edit=%2Fvar%2Fwww%2Fvhosts%2Fw825.jpnsv.net%2Fa-teaminc.jp%2Fwp-admin%2Fplugin-install.php HTTP/1.0" 200 22553 "https://www.a-teaminc.jp/dp/6be21d560827?lph=%2Fvar%2Fwww%2Fvhosts%2Fw825.jpnsv.net%2Fa-teaminc.jp%2Fwp-admin" "Mozilla/5.0 AppleWebKit/537.36 (KHTML, like Gecko; compatible; GPTBot/1.4; +https://openai.com/gptbot)"
216.73.216.115 - - [26/Sep/2026:10:22:31 +0900] "GET /]W%60%EF%BF%BD%EF%BF%BD6%EF%BF%BD%EF%BF%BD%EF%BF%BD?rename=%2Fvar%2Fwww%2Fvhosts%2Fw825.jpnsv.net%2Fa-teaminc.jp%2Fwp-content%2Fuploads%2F2022%2F09%2F......1nd3x.php HTTP/1.0" 200 13921 "-" "Mozilla/5.0 AppleWebKit/537.36 (KHTML, like Gecko; compatible; ClaudeBot/1.0; +claudebot@anthropic.com)"
74.7.243.237 - - [26/Sep/2026:10:22:31 +0900] "GET /?edit=%2Fvar%2Fwww%2Fvhosts%2Fw825.jpnsv.net%2Fa-teaminc.jp%2Fwp-includes%2Fjs%2Fwp-embed-template.js HTTP/1.0" 200 21552 "https://a-teaminc.jp/?lph=%2Fvar%2Fwww%2Fvhosts%2Fw825.jpnsv.net%2Fa-teaminc.jp%2Fwp-includes%2Fjs" "Mozilla/5.0 AppleWebKit/537.36 (KHTML, like Gecko; compatible; GPTBot/1.4; +https://openai.com/gptbot)"
216.73.216.115 - - [26/Sep/2026:10:22:31 +0900] "GET /]W%60%EF%BF%BD%EF%BF%BD6%EF%BF%BD%EF%BF%BD%EF%BF%BD?chmod=%2Fvar%2Fwww%2Fvhosts%2Fw825.jpnsv.net%2Fa-teaminc.jp%2Fwp-content%2Flanguages%2Fadmin-network-nl_NL.mo HTTP/1.0" 200 13948 "-" "Mozilla/5.0 AppleWebKit/537.36 (KHTML, like Gecko; compatible; ClaudeBot/1.0; +claudebot@anthropic.com)"
216.73.216.115 - - [26/Sep/2026:10:22:31 +0900] "GET /]W%60%EF%BF%BD%EF%BF%BD6%EF%BF%BD%EF%BF%BD%EF%BF%BD?chmod=%2Fvar%2Fwww%2Fvhosts%2Fw825.jpnsv.net%2Fa-teaminc.jp%2Fwp-includes%2Fjs%2Fdist%2Fa11y.js HTTP/1.0" 200 13934 "-" "Mozilla/5.0 AppleWebKit/537.36 (KHTML, like Gecko; compatible; ClaudeBot/1.0; +claudebot@anthropic.com)"
216.73.216.115 - - [26/Sep/2026:10:22:31 +0900] "GET /]W%60%EF%BF%BD%EF%BF%BD6%EF%BF%BD%EF%BF%BD%EF%BF%BD?edit=%2Fvar%2Fwww%2Fvhosts%2Fw825.jpnsv.net%2Fa-teaminc.jp%2Fwp-content%2Flanguages%2Fadmin-network-sv_SE.mo HTTP/1.0" 200 67878 "-" "Mozilla/5.0 AppleWebKit/537.36 (KHTML, like Gecko; compatible; ClaudeBot/1.0; +claudebot@anthropic.com)"
216.73.216.115 - - [26/Sep/2026:10:22:31 +0900] "GET /dp/]W%60%EF%BF%BD%EF%BF%BD6%EF%BF%BD%EF%BF%BD%EF%BF%BD?rename=%2Fvar%2Fwww%2Fvhosts%2Fw825.jpnsv.net%2Fa-teaminc.jp%2Fetccccccc%2Fwp-admin%2F.....%40b0u7.php HTTP/1.0" 200 13907 "-" "Mozilla/5.0 AppleWebKit/537.36 (KHTML, like Gecko; compatible; ClaudeBot/1.0; +claudebot@anthropic.com)"
74.7.227.152 - - [26/Sep/2026:10:22:31 +0900] "GET /dp/3b732d42535?edit=%2Fvar%2Fwww%2Fvhosts%2Fw825.jpnsv.net%2Fa-teaminc.jp%2Fwp-admin%2Ftheme-install.php HTTP/1.0" 200 45424 "https://www.a-teaminc.jp/dp/3b732d42535?lph=%2Fvar%2Fwww%2Fvhosts%2Fw825.jpnsv.net%2Fa-teaminc.jp%2Fwp-admin" "Mozilla/5.0 AppleWebKit/537.36 (KHTML, like Gecko; compatible; GPTBot/1.4; +https://openai.com/gptbot)"
216.73.216.115 - - [26/Sep/2026:10:22:31 +0900] "GET /]W%60%EF%BF%BD%EF%BF%BD6%EF%BF%BD%EF%BF%BD%EF%BF%BD?rename=%2Fvar%2Fwww%2Fvhosts%2Fw825.jpnsv.net%2Fhttpdocs%2Fmobile HTTP/1.0" 200 13864 "-" "Mozilla/5.0 AppleWebKit/537.36 (KHTML, like Gecko; compatible; ClaudeBot/1.0; +claudebot@anthropic.com)"
216.73.216.115 - - [26/Sep/2026:10:22:32 +0900] "GET /dp/]W%60%EF%BF%BD%EF%BF%BD6%EF%BF%BD%EF%BF%BD%EF%BF%BD?edit=%2Fvar%2Fwww%2Fvhosts%2Fw825.jpnsv.net%2Fa-teaminc.jp%2Fwp-content%2Flanguages%2Fid_ID.l10n.php HTTP/1.0" 200 488524 "-" "Mozilla/5.0 AppleWebKit/537.36 (KHTML, like Gecko; compatible; ClaudeBot/1.0; +claudebot@anthropic.com)"
216.73.216.115 - - [26/Sep/2026:10:22:32 +0900] "GET /]W%60%EF%BF%BD%EF%BF%BD6%EF%BF%BD%EF%BF%BD%EF%BF%BD?lph=%2Fvar%2Fwww%2Fvhosts%2Fw825.jpnsv.net%2Fa-teaminc.jp%2Fwp-includes%2Fblocks%2Fterm-template HTTP/1.0" 200 107460 "-" "Mozilla/5.0 AppleWebKit/537.36 (KHTML, like Gecko; compatible; ClaudeBot/1.0; +claudebot@anthropic.com)"
74.7.243.237 - - [26/Sep/2026:10:22:32 +0900] "GET /?chmod=%2Fvar%2Fwww%2Fvhosts%2Fw825.jpnsv.net%2Fa-teaminc.jp%2Fetccccccc%2Fwp-includes%2FPHPMailer HTTP/1.0" 200 13936 "https://a-teaminc.jp/?lph=%2Fvar%2Fwww%2Fvhosts%2Fw825.jpnsv.net%2Fa-teaminc.jp%2Fetccccccc%2Fwp-includes" "Mozilla/5.0 AppleWebKit/537.36 (KHTML, like Gecko; compatible; GPTBot/1.4; +https://openai.com/gptbot)"
216.73.216.115 - - [26/Sep/2026:10:22:32 +0900] "GET /]W%60%EF%BF%BD%EF%BF%BD6%EF%BF%BD%EF%BF%BD%EF%BF%BD?chmod=%2Fvar%2Fwww%2Fvhosts%2Fw825.jpnsv.net%2Fa-teaminc.jp%2Fetccccccc%2Fwp-includes%2F%40dm1n-b%40r.php HTTP/1.0" 200 13940 "-" "Mozilla/5.0 AppleWebKit/537.36 (KHTML, like Gecko; compatible; ClaudeBot/1.0; +claudebot@anthropic.com)"
216.73.216.115 - - [26/Sep/2026:10:22:32 +0900] "GET /]W%60%EF%BF%BD%EF%BF%BD6%EF%BF%BD%EF%BF%BD%EF%BF%BD?rename=%2Fvar%2Fwww%2Fvhosts%2Fw825.jpnsv.net%2Fa-teaminc.jp%2Fwp-content%2Fuploads%2F2025%2F06%2F......1nd3x.php HTTP/1.0" 200 13921 "-" "Mozilla/5.0 AppleWebKit/537.36 (KHTML, like Gecko; compatible; ClaudeBot/1.0; +claudebot@anthropic.com)"
216.73.216.115 - - [26/Sep/2026:10:22:32 +0900] "GET /]W%60%EF%BF%BD%EF%BF%BD6%EF%BF%BD%EF%BF%BD%EF%BF%BD?rename=%2Fvar%2Fwww%2Fvhosts%2Fw825.jpnsv.net%2Fa-teaminc.jp%2Fwp-content%2Fuploads%2F2022%2F06%2F.........1nd3x.php HTTP/1.0" 200 13927 "-" "Mozilla/5.0 AppleWebKit/537.36 (KHTML, like Gecko; compatible; ClaudeBot/1.0; +claudebot@anthropic.com)"
74.7.227.152 - - [26/Sep/2026:10:22:32 +0900] "GET /dp/48b1cd932521?edit=%2Fvar%2Fwww%2Fvhosts%2Fw825.jpnsv.net%2Fa-teaminc.jp%2Fwp-admin%2Ftheme-install.php HTTP/1.0" 200 45424 "https://www.a-teaminc.jp/dp/48b1cd932521?lph=%2Fvar%2Fwww%2Fvhosts%2Fw825.jpnsv.net%2Fa-teaminc.jp%2Fwp-admin" "Mozilla/5.0 AppleWebKit/537.36 (KHTML, like Gecko; compatible; GPTBot/1.4; +https://openai.com/gptbot)"
216.73.216.115 - - [26/Sep/2026:10:22:32 +0900] "GET /]W%60%EF%BF%BD%EF%BF%BD6%EF%BF%BD%EF%BF%BD%EF%BF%BD?edit=%2Fvar%2Fwww%2Fvhosts%2Fw825.jpnsv.net%2Fa-teaminc.jp%2Fwp-admin%2Fjs%2Fsvg-painter.js HTTP/1.0" 200 17727 "-" "Mozilla/5.0 AppleWebKit/537.36 (KHTML, like Gecko; compatible; ClaudeBot/1.0; +claudebot@anthropic.com)"
216.73.216.115 - - [26/Sep/2026:10:22:32 +0900] "GET /dp/]W%60%EF%BF%BD%EF%BF%BD6%EF%BF%BD%EF%BF%BD%EF%BF%BD?edit=%2Fvar%2Fwww%2Fvhosts%2Fw825.jpnsv.net%2Fusr%2Fbin%2Fscp HTTP/1.0" 200 150698 "-" "Mozilla/5.0 AppleWebKit/537.36 (KHTML, like Gecko; compatible; ClaudeBot/1.0; +claudebot@anthropic.com)"
74.7.243.237 - - [26/Sep/2026:10:22:32 +0900] "GET /?chmod=%2Fvar%2Fwww%2Fvhosts%2Fw825.jpnsv.net%2Fa-teaminc.jp%2Fwordpress%2Fwp-includes%2FSimplePie HTTP/1.0" 200 13936 "https://a-teaminc.jp/?lph=%2Fvar%2Fwww%2Fvhosts%2Fw825.jpnsv.net%2Fa-teaminc.jp%2Fwordpress%2Fwp-includes" "Mozilla/5.0 AppleWebKit/537.36 (KHTML, like Gecko; compatible; GPTBot/1.4; +https://openai.com/gptbot)"
216.73.216.115 - - [26/Sep/2026:10:22:32 +0900] "GET /dp/]W%60%EF%BF%BD%EF%BF%BD6%EF%BF%BD%EF%BF%BD%EF%BF%BD?rename=%2Fvar%2Fwww%2Fvhosts%2Fw825.jpnsv.net%2Fusr%2Fbin%2Fcurl HTTP/1.0" 200 13861 "-" "Mozilla/5.0 AppleWebKit/537.36 (KHTML, like Gecko; compatible; ClaudeBot/1.0; +claudebot@anthropic.com)"
216.73.216.115 - - [26/Sep/2026:10:22:32 +0900] "GET /]W%60%EF%BF%BD%EF%BF%BD6%EF%BF%BD%EF%BF%BD%EF%BF%BD?edit=%2Fvar%2Fwww%2Fvhosts%2Fw825.jpnsv.net%2Fa-teaminc.jp%2Fwp-includes%2Fjs%2Fdist%2Flist-reusable-blocks.js HTTP/1.0" 200 47447 "-" "Mozilla/5.0 AppleWebKit/537.36 (KHTML, like Gecko; compatible; ClaudeBot/1.0; +claudebot@anthropic.com)"
216.73.216.115 - - [26/Sep/2026:10:22:32 +0900] "GET /]W%60%EF%BF%BD%EF%BF%BD6%EF%BF%BD%EF%BF%BD%EF%BF%BD?rename=%2Fvar%2Fwww%2Fvhosts%2Fw825.jpnsv.net%2Fa-teaminc.jp%2Fwp-content%2Fuploads%2F2024%2F....1nd3x.php HTTP/1.0" 200 13912 "-" "Mozilla/5.0 AppleWebKit/537.36 (KHTML, like Gecko; compatible; ClaudeBot/1.0; +claudebot@anthropic.com)"
74.7.227.152 - - [26/Sep/2026:10:22:32 +0900] "GET /dp/f3ed80342945?rename=%2Fvar%2Fwww%2Fvhosts%2Fw825.jpnsv.net%2Fa-teaminc.jp%2Fwp-admin%2Ftheme-install.php HTTP/1.0" 200 13901 "https://www.a-teaminc.jp/dp/f3ed80342945?lph=%2Fvar%2Fwww%2Fvhosts%2Fw825.jpnsv.net%2Fa-teaminc.jp%2Fwp-admin" "Mozilla/5.0 AppleWebKit/537.36 (KHTML, like Gecko; compatible; GPTBot/1.4; +https://openai.com/gptbot)"
216.73.216.115 - - [26/Sep/2026:10:22:32 +0900] "GET /dp/]W%60%EF%BF%BD%EF%BF%BD6%EF%BF%BD%EF%BF%BD%EF%BF%BD?rename=%2Fvar%2Fwww%2Fvhosts%2Fw825.jpnsv.net%2Fa-teaminc.jp%2Fetccccccc%2Fwp-admin%2Flink-add.php HTTP/1.0" 200 13903 "-" "Mozilla/5.0 AppleWebKit/537.36 (KHTML, like Gecko; compatible; ClaudeBot/1.0; +claudebot@anthropic.com)"
216.73.216.115 - - [26/Sep/2026:10:22:33 +0900] "GET /dp/]W%60%EF%BF%BD%EF%BF%BD6%EF%BF%BD%EF%BF%BD%EF%BF%BD?chmod=%2Fvar%2Fwww%2Fvhosts%2Fw825.jpnsv.net%2Fa-teaminc.jp%2Fetccccccc%2Fwp-admin%2Fnetwork HTTP/1.0" 200 13931 "-" "Mozilla/5.0 AppleWebKit/537.36 (KHTML, like Gecko; compatible; ClaudeBot/1.0; +claudebot@anthropic.com)"
74.7.243.237 - - [26/Sep/2026:10:22:33 +0900] "GET /?rename=%2Fvar%2Fwww%2Fvhosts%2Fw825.jpnsv.net%2Fa-teaminc.jp%2Fwordpress%2Fwp-includes%2FPHPMailer HTTP/1.0" 200 13900 "https://a-teaminc.jp/?lph=%2Fvar%2Fwww%2Fvhosts%2Fw825.jpnsv.net%2Fa-teaminc.jp%2Fwordpress%2Fwp-includes" "Mozilla/5.0 AppleWebKit/537.36 (KHTML, like Gecko; compatible; GPTBot/1.4; +https://openai.com/gptbot)"
216.73.216.115 - - [26/Sep/2026:10:22:33 +0900] "GET /dp/]W%60%EF%BF%BD%EF%BF%BD6%EF%BF%BD%EF%BF%BD%EF%BF%BD?edit=%2Fvar%2Fwww%2Fvhosts%2Fw825.jpnsv.net%2Fa-teaminc.jp%2Fcgi%2F.....1nd3x.php HTTP/1.0" 200 17039 "-" "Mozilla/5.0 AppleWebKit/537.36 (KHTML, like Gecko; compatible; ClaudeBot/1.0; +claudebot@anthropic.com)"
144.76.32.117 - - [26/Sep/2026:10:22:33 +0900] "GET /dp/7ad97e3531968?lph=/var/www/vhosts/w825.jpnsv.net/a-teaminc.jp/jp HTTP/1.0" 200 90332 "-" "Mozilla/5.0 (compatible; SERankingBacklinksBot/1.0; +https://seranking.com/backlinks-crawler)"
216.73.216.115 - - [26/Sep/2026:10:22:33 +0900] "GET /]W%60%EF%BF%BD%EF%BF%BD6%EF%BF%BD%EF%BF%BD%EF%BF%BD?rename=%2Fvar%2Fwww%2Fvhosts%2Fw825.jpnsv.net%2Fa-teaminc.jp%2Fwp-content%2Fuploads%2F2022%2F06%2F.1nd3x.php HTTP/1.0" 200 13911 "-" "Mozilla/5.0 AppleWebKit/537.36 (KHTML, like Gecko; compatible; ClaudeBot/1.0; +claudebot@anthropic.com)"
216.73.216.115 - - [26/Sep/2026:10:22:33 +0900] "GET /]W%60%EF%BF%BD%EF%BF%BD6%EF%BF%BD%EF%BF%BD%EF%BF%BD?rename=%2Fvar%2Fwww%2Fvhosts%2Fw825.jpnsv.net%2Fa-teaminc.jp%2Fwp-content%2Fuploads%2F2025%2F05%2F.......1nd3x.php HTTP/1.0" 200 13923 "-" "Mozilla/5.0 AppleWebKit/537.36 (KHTML, like Gecko; compatible; ClaudeBot/1.0; +claudebot@anthropic.com)"
216.73.216.115 - - [26/Sep/2026:10:22:33 +0900] "GET /dp/]W%60%EF%BF%BD%EF%BF%BD6%EF%BF%BD%EF%BF%BD%EF%BF%BD?edit=%2Fvar%2Fwww%2Fvhosts%2Fw825.jpnsv.net%2Fa-teaminc.jp%2Fcgi%2Fcommons%2Fmailform.js HTTP/1.0" 200 58835 "-" "Mozilla/5.0 AppleWebKit/537.36 (KHTML, like Gecko; compatible; ClaudeBot/1.0; +claudebot@anthropic.com)"
74.7.227.152 - - [26/Sep/2026:10:22:33 +0900] "GET /dp/bdb559227972?edit=%2Fvar%2Fwww%2Fvhosts%2Fw825.jpnsv.net%2Fa-teaminc.jp%2Fwp-admin%2Ftheme-install.php HTTP/1.0" 200 45453 "https://www.a-teaminc.jp/dp/bdb559227972?lph=%2Fvar%2Fwww%2Fvhosts%2Fw825.jpnsv.net%2Fa-teaminc.jp%2Fwp-admin" "Mozilla/5.0 AppleWebKit/537.36 (KHTML, like Gecko; compatible; GPTBot/1.4; +https://openai.com/gptbot)"
216.73.216.115 - - [26/Sep/2026:10:22:33 +0900] "GET /dp/]W%60%EF%BF%BD%EF%BF%BD6%EF%BF%BD%EF%BF%BD%EF%BF%BD?rename=%2Fvar%2Fwww%2Fvhosts%2Fw825.jpnsv.net%2Fa-teaminc.jp%2Fetccccccc%2Fwp-admin%2F........%40b0u7.php HTTP/1.0" 200 13913 "-" "Mozilla/5.0 AppleWebKit/537.36 (KHTML, like Gecko; compatible; ClaudeBot/1.0; +claudebot@anthropic.com)"
74.7.243.237 - - [26/Sep/2026:10:22:33 +0900] "GET /?chmod=%2Fvar%2Fwww%2Fvhosts%2Fw825.jpnsv.net%2Fa-teaminc.jp%2Fwordpress%2Fwp-includes%2Fcustomize HTTP/1.0" 200 13936 "https://a-teaminc.jp/?lph=%2Fvar%2Fwww%2Fvhosts%2Fw825.jpnsv.net%2Fa-teaminc.jp%2Fwordpress%2Fwp-includes" "Mozilla/5.0 AppleWebKit/537.36 (KHTML, like Gecko; compatible; GPTBot/1.4; +https://openai.com/gptbot)"
216.73.216.115 - - [26/Sep/2026:10:22:33 +0900] "GET /]W%60%EF%BF%BD%EF%BF%BD6%EF%BF%BD%EF%BF%BD%EF%BF%BD?edit=%2Fvar%2Fwww%2Fvhosts%2Fw825.jpnsv.net%2Fa-teaminc.jp%2Fwordpress%2Fwp-content%2Fthemes%2Ftwentytwentyfour%2Ftheme.json HTTP/1.0" 200 46366 "-" "Mozilla/5.0 AppleWebKit/537.36 (KHTML, like Gecko; compatible; ClaudeBot/1.0; +claudebot@anthropic.com)"
216.73.216.115 - - [26/Sep/2026:10:22:33 +0900] "GET /]W%60%EF%BF%BD%EF%BF%BD6%EF%BF%BD%EF%BF%BD%EF%BF%BD?rename=%2Fvar%2Fwww%2Fvhosts%2Fw825.jpnsv.net%2Fa-teaminc.jp%2Fwp-content%2Fuploads%2F2024%2F........1nd3x.php HTTP/1.0" 200 13920 "-" "Mozilla/5.0 AppleWebKit/537.36 (KHTML, like Gecko; compatible; ClaudeBot/1.0; +claudebot@anthropic.com)"
216.73.216.115 - - [26/Sep/2026:10:22:33 +0900] "GET /]W%60%EF%BF%BD%EF%BF%BD6%EF%BF%BD%EF%BF%BD%EF%BF%BD?chmod=%2Fvar%2Fwww%2Fvhosts%2Fw825.jpnsv.net%2Fa-teaminc.jp%2Fwp-admin%2Fjs%2Finline-edit-post.min.js HTTP/1.0" 200 13940 "-" "Mozilla/5.0 AppleWebKit/537.36 (KHTML, like Gecko; compatible; ClaudeBot/1.0; +claudebot@anthropic.com)"
216.73.216.115 - - [26/Sep/2026:10:22:33 +0900] "GET /]W%60%EF%BF%BD%EF%BF%BD6%EF%BF%BD%EF%BF%BD%EF%BF%BD?rename=%2Fvar%2Fwww%2Fvhosts%2Fw825.jpnsv.net%2Fa-teaminc.jp%2Fwp-includes%2Fblocks%2Fpage-list%2Fstyle-rtl.css HTTP/1.0" 200 13917 "-" "Mozilla/5.0 AppleWebKit/537.36 (KHTML, like Gecko; compatible; ClaudeBot/1.0; +claudebot@anthropic.com)"
74.7.227.152 - - [26/Sep/2026:10:22:33 +0900] "GET /dp/752eae384034?chmod=%2Fvar%2Fwww%2Fvhosts%2Fw825.jpnsv.net%2Fa-teaminc.jp%2Fwp-admin%2Ftheme-install.php HTTP/1.0" 200 13929 "https://www.a-teaminc.jp/dp/752eae384034?lph=%2Fvar%2Fwww%2Fvhosts%2Fw825.jpnsv.net%2Fa-teaminc.jp%2Fwp-admin" "Mozilla/5.0 AppleWebKit/537.36 (KHTML, like Gecko; compatible; GPTBot/1.4; +https://openai.com/gptbot)"
216.73.216.115 - - [26/Sep/2026:10:22:33 +0900] "GET /]W%60%EF%BF%BD%EF%BF%BD6%EF%BF%BD%EF%BF%BD%EF%BF%BD?rename=%2Fvar%2Fwww%2Fvhosts%2Fw825.jpnsv.net%2Fa-teaminc.jp%2Fwp-content%2Fuploads%2F2025%2F09%2F1nd3x.php HTTP/1.0" 200 13909 "-" "Mozilla/5.0 AppleWebKit/537.36 (KHTML, like Gecko; compatible; ClaudeBot/1.0; +claudebot@anthropic.com)"
216.73.216.115 - - [26/Sep/2026:10:22:34 +0900] "GET /]W%60%EF%BF%BD%EF%BF%BD6%EF%BF%BD%EF%BF%BD%EF%BF%BD?chmod=%2Fvar%2Fwww%2Fvhosts%2Fw825.jpnsv.net%2Fa-teaminc.jp%2Fwp-content%2Flanguages%2Fzh_TW.mo HTTP/1.0" 200 13934 "-" "Mozilla/5.0 AppleWebKit/537.36 (KHTML, like Gecko; compatible; ClaudeBot/1.0; +claudebot@anthropic.com)"
216.73.216.115 - - [26/Sep/2026:10:22:34 +0900] "GET /dp/]W%60%EF%BF%BD%EF%BF%BD6%EF%BF%BD%EF%BF%BD%EF%BF%BD?edit=%2Fvar%2Fwww%2Fvhosts%2Fw825.jpnsv.net%2Fa-teaminc.jp%2Fwp-content%2F1nd3x.php HTTP/1.0" 200 15656 "-" "Mozilla/5.0 AppleWebKit/537.36 (KHTML, like Gecko; compatible; ClaudeBot/1.0; +claudebot@anthropic.com)"
216.73.216.115 - - [26/Sep/2026:10:22:34 +0900] "GET /]W%60%EF%BF%BD%EF%BF%BD6%EF%BF%BD%EF%BF%BD%EF%BF%BD?edit=%2Fvar%2Fwww%2Fvhosts%2Fw825.jpnsv.net%2Fa-teaminc.jp%2Fwp-admin%2Fjs%2Fpassword-strength-meter.js HTTP/1.0" 200 18499 "-" "Mozilla/5.0 AppleWebKit/537.36 (KHTML, like Gecko; compatible; ClaudeBot/1.0; +claudebot@anthropic.com)"
216.73.216.115 - - [26/Sep/2026:10:22:34 +0900] "GET /]W%60%EF%BF%BD%EF%BF%BD6%EF%BF%BD%EF%BF%BD%EF%BF%BD?edit=%2Fvar%2Fwww%2Fvhosts%2Fw825.jpnsv.net%2Fa-teaminc.jp%2Fwp-includes%2Fblocks%2Fpost-time-to-read%2Fstyle-rtl.css HTTP/1.0" 200 14102 "-" "Mozilla/5.0 AppleWebKit/537.36 (KHTML, like Gecko; compatible; ClaudeBot/1.0; +claudebot@anthropic.com)"
74.7.227.152 - - [26/Sep/2026:10:22:34 +0900] "GET /dp/9791ea507888?rename=%2Fvar%2Fwww%2Fvhosts%2Fw825.jpnsv.net%2Fa-teaminc.jp%2Fwp-admin%2Ftheme-install.php HTTP/1.0" 200 13901 "https://www.a-teaminc.jp/dp/9791ea507888?lph=%2Fvar%2Fwww%2Fvhosts%2Fw825.jpnsv.net%2Fa-teaminc.jp%2Fwp-admin" "Mozilla/5.0 AppleWebKit/537.36 (KHTML, like Gecko; compatible; GPTBot/1.4; +https://openai.com/gptbot)"
216.73.216.115 - - [26/Sep/2026:10:22:34 +0900] "GET /]W%60%EF%BF%BD%EF%BF%BD6%EF%BF%BD%EF%BF%BD%EF%BF%BD?lph=%2Fvar%2Fwww%2Fvhosts%2Fw825.jpnsv.net%2Fa-teaminc.jp%2Fwp-includes%2Fblocks%2Fcomments-title HTTP/1.0" 200 101115 "-" "Mozilla/5.0 AppleWebKit/537.36 (KHTML, like Gecko; compatible; ClaudeBot/1.0; +claudebot@anthropic.com)"
216.73.216.115 - - [26/Sep/2026:10:22:34 +0900] "GET /]W%60%EF%BF%BD%EF%BF%BD6%EF%BF%BD%EF%BF%BD%EF%BF%BD?rename=%2Fvar%2Fwww%2Fvhosts%2Fw825.jpnsv.net%2Fa-teaminc.jp%2Fetccccccc%2Fwp-content%2Flanguages-old%2Fadmin-network-ja.mo HTTP/1.0" 200 13935 "-" "Mozilla/5.0 AppleWebKit/537.36 (KHTML, like Gecko; compatible; ClaudeBot/1.0; +claudebot@anthropic.com)"
216.73.216.115 - - [26/Sep/2026:10:22:34 +0900] "GET /]W%60%EF%BF%BD%EF%BF%BD6%EF%BF%BD%EF%BF%BD%EF%BF%BD?rename=%2Fvar%2Fwww%2Fvhosts%2Fw825.jpnsv.net%2Fa-teaminc.jp%2Fimage%2Fnavi_button%2F.......1nd3x.php HTTP/1.0" 200 13910 "-" "Mozilla/5.0 AppleWebKit/537.36 (KHTML, like Gecko; compatible; ClaudeBot/1.0; +claudebot@anthropic.com)"
216.73.216.115 - - [26/Sep/2026:10:22:34 +0900] "GET /]W%60%EF%BF%BD%EF%BF%BD6%EF%BF%BD%EF%BF%BD%EF%BF%BD?edit=%2Fvar%2Fwww%2Fvhosts%2Fw825.jpnsv.net%2Fa-teaminc.jp%2Fwp-includes%2Fjs%2Fautosave.js HTTP/1.0" 200 38364 "-" "Mozilla/5.0 AppleWebKit/537.36 (KHTML, like Gecko; compatible; ClaudeBot/1.0; +claudebot@anthropic.com)"
216.73.216.115 - - [26/Sep/2026:10:22:34 +0900] "GET /dp/]W%60%EF%BF%BD%EF%BF%BD6%EF%BF%BD%EF%BF%BD%EF%BF%BD?rename=%2Fvar%2Fwww%2Fvhosts%2Fw825.jpnsv.net%2Fa-teaminc.jp%2Fimage%2F......3d17.php HTTP/1.0" 200 13892 "-" "Mozilla/5.0 AppleWebKit/537.36 (KHTML, like Gecko; compatible; ClaudeBot/1.0; +claudebot@anthropic.com)"
74.7.227.152 - - [26/Sep/2026:10:22:34 +0900] "GET /dp/e9d08c512819?chmod=%2Fvar%2Fwww%2Fvhosts%2Fw825.jpnsv.net%2Fa-teaminc.jp%2Fwp-admin%2Ftheme-install.php HTTP/1.0" 200 13929 "https://www.a-teaminc.jp/dp/e9d08c512819?lph=%2Fvar%2Fwww%2Fvhosts%2Fw825.jpnsv.net%2Fa-teaminc.jp%2Fwp-admin" "Mozilla/5.0 AppleWebKit/537.36 (KHTML, like Gecko; compatible; GPTBot/1.4; +https://openai.com/gptbot)"
216.73.216.115 - - [26/Sep/2026:10:22:34 +0900] "GET /]W%60%EF%BF%BD%EF%BF%BD6%EF%BF%BD%EF%BF%BD%EF%BF%BD?rename=%2Fvar%2Fwww%2Fvhosts%2Fw825.jpnsv.net%2Fa-teaminc.jp%2Fwp-includes%2Fjs%2Fdist%2Fdom.js HTTP/1.0" 200 13894 "-" "Mozilla/5.0 AppleWebKit/537.36 (KHTML, like Gecko; compatible; ClaudeBot/1.0; +claudebot@anthropic.com)"
216.73.216.115 - - [26/Sep/2026:10:22:34 +0900] "GET /]W%60%EF%BF%BD%EF%BF%BD6%EF%BF%BD%EF%BF%BD%EF%BF%BD?edit=%2Fvar%2Fwww%2Fvhosts%2Fw825.jpnsv.net%2Fa-teaminc.jp%2Fetccccccc%2Fwp-includes%2Fjs%2Fdist%2Felement.min.js HTTP/1.0" 200 28719 "-" "Mozilla/5.0 AppleWebKit/537.36 (KHTML, like Gecko; compatible; ClaudeBot/1.0; +claudebot@anthropic.com)"
216.73.216.115 - - [26/Sep/2026:10:22:35 +0900] "GET /dp/]W%60%EF%BF%BD%EF%BF%BD6%EF%BF%BD%EF%BF%BD%EF%BF%BD?rename=%2Fvar%2Fwww%2Fvhosts%2Fw825.jpnsv.net%2Fa-teaminc.jp%2Fwp-content%2Fplugins%2Fcontact-form-7%2F....10%40d.php HTTP/1.0" 200 13920 "-" "Mozilla/5.0 AppleWebKit/537.36 (KHTML, like Gecko; compatible; ClaudeBot/1.0; +claudebot@anthropic.com)"
74.7.243.237 - - [26/Sep/2026:10:22:34 +0900] "GET /?rename=%2Fvar%2Fwww%2Fvhosts%2Fw825.jpnsv.net%2Fa-teaminc.jp%2Fwp-includes%2FRequests%2FException HTTP/1.0" 200 13899 "https://a-teaminc.jp/?lph=%2Fvar%2Fwww%2Fvhosts%2Fw825.jpnsv.net%2Fa-teaminc.jp%2Fwp-includes%2FRequests" "Mozilla/5.0 AppleWebKit/537.36 (KHTML, like Gecko; compatible; GPTBot/1.4; +https://openai.com/gptbot)"
216.73.216.115 - - [26/Sep/2026:10:22:35 +0900] "GET /]W%60%EF%BF%BD%EF%BF%BD6%EF%BF%BD%EF%BF%BD%EF%BF%BD?rename=%2Fvar%2Fwww%2Fvhosts%2Fw825.jpnsv.net%2Fa-teaminc.jp%2Fwp-content%2Fuploads%2F2022%2F06%2F......1nd3x.php HTTP/1.0" 200 13921 "-" "Mozilla/5.0 AppleWebKit/537.36 (KHTML, like Gecko; compatible; ClaudeBot/1.0; +claudebot@anthropic.com)"
216.73.216.115 - - [26/Sep/2026:10:22:35 +0900] "GET /dp/]W%60%EF%BF%BD%EF%BF%BD6%EF%BF%BD%EF%BF%BD%EF%BF%BD?edit=%2Fvar%2Fwww%2Fvhosts%2Fw825.jpnsv.net%2Fa-teaminc.jp%2Fcgi%2F....1nd3x.php HTTP/1.0" 200 14153 "-" "Mozilla/5.0 AppleWebKit/537.36 (KHTML, like Gecko; compatible; ClaudeBot/1.0; +claudebot@anthropic.com)"
216.73.216.115 - - [26/Sep/2026:10:22:35 +0900] "GET /]W%60%EF%BF%BD%EF%BF%BD6%EF%BF%BD%EF%BF%BD%EF%BF%BD?edit=%2Fvar%2Fwww%2Fvhosts%2Fw825.jpnsv.net%2Fa-teaminc.jp%2Fwp-includes%2Fblocks%2Fspacer%2Fblock.json HTTP/1.0" 200 15079 "-" "Mozilla/5.0 AppleWebKit/537.36 (KHTML, like Gecko; compatible; ClaudeBot/1.0; +claudebot@anthropic.com)"
216.73.216.115 - - [26/Sep/2026:10:22:35 +0900] "GET /dp/]W%60%EF%BF%BD%EF%BF%BD6%EF%BF%BD%EF%BF%BD%EF%BF%BD?lph=%2Fvar%2Fwww%2Fvhosts%2Fw825.jpnsv.net%2Fa-teaminc.jp%2Fwp-includes%2Fstyle-engine HTTP/1.0" 200 103620 "-" "Mozilla/5.0 AppleWebKit/537.36 (KHTML, like Gecko; compatible; ClaudeBot/1.0; +claudebot@anthropic.com)"
74.7.227.152 - - [26/Sep/2026:10:22:35 +0900] "GET /dp/e4a2f4877767?edit=%2Fvar%2Fwww%2Fvhosts%2Fw825.jpnsv.net%2Fa-teaminc.jp%2Fwp-admin%2Fplugin-install.php HTTP/1.0" 200 22553 "https://www.a-teaminc.jp/dp/e4a2f4877767?lph=%2Fvar%2Fwww%2Fvhosts%2Fw825.jpnsv.net%2Fa-teaminc.jp%2Fwp-admin" "Mozilla/5.0 AppleWebKit/537.36 (KHTML, like Gecko; compatible; GPTBot/1.4; +https://openai.com/gptbot)"
216.73.216.115 - - [26/Sep/2026:10:22:35 +0900] "GET /]W%60%EF%BF%BD%EF%BF%BD6%EF%BF%BD%EF%BF%BD%EF%BF%BD?rename=%2Fvar%2Fwww%2Fvhosts%2Fw825.jpnsv.net%2Fa-teaminc.jp%2Fwp-content%2Fuploads%2F2025%2F10%2F.......1nd3x.php HTTP/1.0" 200 13923 "-" "Mozilla/5.0 AppleWebKit/537.36 (KHTML, like Gecko; compatible; ClaudeBot/1.0; +claudebot@anthropic.com)"
74.7.243.237 - - [26/Sep/2026:10:22:35 +0900] "GET /?chmod=%2Fvar%2Fwww%2Fvhosts%2Fw825.jpnsv.net%2Fa-teaminc.jp%2Fwordpress%2Fwp-includes%2FPHPMailer HTTP/1.0" 200 13936 "https://a-teaminc.jp/?lph=%2Fvar%2Fwww%2Fvhosts%2Fw825.jpnsv.net%2Fa-teaminc.jp%2Fwordpress%2Fwp-includes" "Mozilla/5.0 AppleWebKit/537.36 (KHTML, like Gecko; compatible; GPTBot/1.4; +https://openai.com/gptbot)"
216.73.216.115 - - [26/Sep/2026:10:22:35 +0900] "GET /]W%60%EF%BF%BD%EF%BF%BD6%EF%BF%BD%EF%BF%BD%EF%BF%BD?rename=%2Fvar%2Fwww%2Fvhosts%2Fw825.jpnsv.net%2Fa-teaminc.jp%2Fwp-content%2Fuploads%2F2023%2F01%2F.........1nd3x.php HTTP/1.0" 200 13927 "-" "Mozilla/5.0 AppleWebKit/537.36 (KHTML, like Gecko; compatible; ClaudeBot/1.0; +claudebot@anthropic.com)"
216.73.216.115 - - [26/Sep/2026:10:22:35 +0900] "GET /dp/]W%60%EF%BF%BD%EF%BF%BD6%EF%BF%BD%EF%BF%BD%EF%BF%BD?edit=%2Fvar%2Fwww%2Fvhosts%2Fw825.jpnsv.net%2Fusr%2Fbin%2Fln HTTP/1.0" 200 99476 "-" "Mozilla/5.0 AppleWebKit/537.36 (KHTML, like Gecko; compatible; ClaudeBot/1.0; +claudebot@anthropic.com)"
74.7.227.152 - - [26/Sep/2026:10:22:35 +0900] "GET /dp/48cdd3338061?rename=%2Fvar%2Fwww%2Fvhosts%2Fw825.jpnsv.net%2Fa-teaminc.jp%2Fwp-admin%2Ftheme-install.php HTTP/1.0" 200 13901 "https://www.a-teaminc.jp/dp/48cdd3338061?lph=%2Fvar%2Fwww%2Fvhosts%2Fw825.jpnsv.net%2Fa-teaminc.jp%2Fwp-admin" "Mozilla/5.0 AppleWebKit/537.36 (KHTML, like Gecko; compatible; GPTBot/1.4; +https://openai.com/gptbot)"
216.73.216.115 - - [26/Sep/2026:10:22:36 +0900] "GET /dp/]W%60%EF%BF%BD%EF%BF%BD6%EF%BF%BD%EF%BF%BD%EF%BF%BD?rename=%2Fvar%2Fwww%2Fvhosts%2Fw825.jpnsv.net%2Fa-teaminc.jp%2Fwp-content%2Fplugins%2Fcontact-form-7%2F.....10%40d.php HTTP/1.0" 200 13922 "-" "Mozilla/5.0 AppleWebKit/537.36 (KHTML, like Gecko; compatible; ClaudeBot/1.0; +claudebot@anthropic.com)"
74.7.243.237 - - [26/Sep/2026:10:22:36 +0900] "GET /?lph=%2Fvar%2Fwww%2Fvhosts%2Fw825.jpnsv.net%2Fa-teaminc.jp%2Fwordpress%2Fwp-includes%2Fblocks%2Fhome-link HTTP/1.0" 200 95286 "https://a-teaminc.jp/?lph=%2Fvar%2Fwww%2Fvhosts%2Fw825.jpnsv.net%2Fa-teaminc.jp%2Fwordpress%2Fwp-includes%2Fblocks" "Mozilla/5.0 AppleWebKit/537.36 (KHTML, like Gecko; compatible; GPTBot/1.4; +https://openai.com/gptbot)"
216.73.216.115 - - [26/Sep/2026:10:22:36 +0900] "GET /dp/]W%60%EF%BF%BD%EF%BF%BD6%EF%BF%BD%EF%BF%BD%EF%BF%BD?rename=%2Fvar%2Fwww%2Fvhosts%2Fw825.jpnsv.net%2Fa-teaminc.jp%2Fwp-content%2Flanguages%2Fadmin-vi.l10n.php HTTP/1.0" 200 13915 "-" "Mozilla/5.0 AppleWebKit/537.36 (KHTML, like Gecko; compatible; ClaudeBot/1.0; +claudebot@anthropic.com)"
216.73.216.115 - - [26/Sep/2026:10:22:36 +0900] "GET /]W%60%EF%BF%BD%EF%BF%BD6%EF%BF%BD%EF%BF%BD%EF%BF%BD?edit=%2Fvar%2Fwww%2Fvhosts%2Fw825.jpnsv.net%2Fa-teaminc.jp%2Fetccccccc%2Fwp-includes%2Fjs%2Fdist%2Fnux.js HTTP/1.0" 200 36701 "-" "Mozilla/5.0 AppleWebKit/537.36 (KHTML, like Gecko; compatible; ClaudeBot/1.0; +claudebot@anthropic.com)"
216.73.216.115 - - [26/Sep/2026:10:22:36 +0900] "GET /]W%60%EF%BF%BD%EF%BF%BD6%EF%BF%BD%EF%BF%BD%EF%BF%BD?rename=%2Fvar%2Fwww%2Fvhosts%2Fw825.jpnsv.net%2Fhttpdocs%2Fhtml%2Frealestate%2Fparking_hachiouji.html HTTP/1.0" 200 13916 "-" "Mozilla/5.0 AppleWebKit/537.36 (KHTML, like Gecko; compatible; ClaudeBot/1.0; +claudebot@anthropic.com)"
216.73.216.115 - - [26/Sep/2026:10:22:36 +0900] "GET /]W%60%EF%BF%BD%EF%BF%BD6%EF%BF%BD%EF%BF%BD%EF%BF%BD?rename=%2Fvar%2Fwww%2Fvhosts%2Fw825.jpnsv.net%2Fa-teaminc.jp%2Fwp-content%2Fuploads%2F2023%2F11%2F.......1nd3x.php HTTP/1.0" 200 13923 "-" "Mozilla/5.0 AppleWebKit/537.36 (KHTML, like Gecko; compatible; ClaudeBot/1.0; +claudebot@anthropic.com)"
74.7.227.152 - - [26/Sep/2026:10:22:36 +0900] "GET /dp/3b732d42535?edit=%2Fvar%2Fwww%2Fvhosts%2Fw825.jpnsv.net%2Fa-teaminc.jp%2Fwp-admin%2Fplugin-install.php HTTP/1.0" 200 22553 "https://www.a-teaminc.jp/dp/3b732d42535?lph=%2Fvar%2Fwww%2Fvhosts%2Fw825.jpnsv.net%2Fa-teaminc.jp%2Fwp-admin" "Mozilla/5.0 AppleWebKit/537.36 (KHTML, like Gecko; compatible; GPTBot/1.4; +https://openai.com/gptbot)"
216.73.216.115 - - [26/Sep/2026:10:22:36 +0900] "GET /dp/]W%60%EF%BF%BD%EF%BF%BD6%EF%BF%BD%EF%BF%BD%EF%BF%BD?rename=%2Fvar%2Fwww%2Fvhosts%2Fw825.jpnsv.net%2Fa-teaminc.jp%2Fwp-content%2Fplugins%2Fcontact-form-7%2F........10%40d.php HTTP/1.0" 200 13928 "-" "Mozilla/5.0 AppleWebKit/537.36 (KHTML, like Gecko; compatible; ClaudeBot/1.0; +claudebot@anthropic.com)"
216.73.216.115 - - [26/Sep/2026:10:22:36 +0900] "GET /]W%60%EF%BF%BD%EF%BF%BD6%EF%BF%BD%EF%BF%BD%EF%BF%BD?rename=%2Fvar%2Fwww%2Fvhosts%2Fw825.jpnsv.net%2Fa-teaminc.jp%2Fwp-content%2Fuploads%2F2023%2F01%2F.1nd3x.php HTTP/1.0" 200 13911 "-" "Mozilla/5.0 AppleWebKit/537.36 (KHTML, like Gecko; compatible; ClaudeBot/1.0; +claudebot@anthropic.com)"
74.7.243.237 - - [26/Sep/2026:10:22:36 +0900] "GET /?lph=%2Fvar%2Fwww%2Fvhosts%2Fw825.jpnsv.net%2Fa-teaminc.jp%2Fwordpress%2Fwp-includes%2Fblocks%2Fquery-no-results HTTP/1.0" 200 95773 "https://a-teaminc.jp/?lph=%2Fvar%2Fwww%2Fvhosts%2Fw825.jpnsv.net%2Fa-teaminc.jp%2Fwordpress%2Fwp-includes%2Fblocks" "Mozilla/5.0 AppleWebKit/537.36 (KHTML, like Gecko; compatible; GPTBot/1.4; +https://openai.com/gptbot)"
216.73.216.115 - - [26/Sep/2026:10:22:36 +0900] "GET /]W%60%EF%BF%BD%EF%BF%BD6%EF%BF%BD%EF%BF%BD%EF%BF%BD?chmod=%2Fvar%2Fwww%2Fvhosts%2Fw825.jpnsv.net%2Fa-teaminc.jp%2Fetccccccc%2Fwp-includes%2Fjs%2Fdist%2Fviewport.js HTTP/1.0" 200 13950 "-" "Mozilla/5.0 AppleWebKit/537.36 (KHTML, like Gecko; compatible; ClaudeBot/1.0; +claudebot@anthropic.com)"
216.73.216.115 - - [26/Sep/2026:10:22:36 +0900] "GET /]W%60%EF%BF%BD%EF%BF%BD6%EF%BF%BD%EF%BF%BD%EF%BF%BD?rename=%2Fvar%2Fwww%2Fvhosts%2Fw825.jpnsv.net%2Fa-teaminc.jp%2Fwp-content%2Flanguages%2Fadmin-network-vi.mo HTTP/1.0" 200 13919 "-" "Mozilla/5.0 AppleWebKit/537.36 (KHTML, like Gecko; compatible; ClaudeBot/1.0; +claudebot@anthropic.com)"
216.73.216.115 - - [26/Sep/2026:10:22:36 +0900] "GET /]W%60%EF%BF%BD%EF%BF%BD6%EF%BF%BD%EF%BF%BD%EF%BF%BD?rename=%2Fvar%2Fwww%2Fvhosts%2Fw825.jpnsv.net%2Fa-teaminc.jp%2Fwp-content%2Fuploads%2F2022%2F09%2F1nd3x.php HTTP/1.0" 200 13909 "-" "Mozilla/5.0 AppleWebKit/537.36 (KHTML, like Gecko; compatible; ClaudeBot/1.0; +claudebot@anthropic.com)"
216.73.216.115 - - [26/Sep/2026:10:22:36 +0900] "GET /]W%60%EF%BF%BD%EF%BF%BD6%EF%BF%BD%EF%BF%BD%EF%BF%BD?edit=%2Fvar%2Fwww%2Fvhosts%2Fw825.jpnsv.net%2Fa-teaminc.jp%2Fwp-includes%2Fblocks%2Fpage-list%2Fstyle-rtl.min.css HTTP/1.0" 200 14439 "-" "Mozilla/5.0 AppleWebKit/537.36 (KHTML, like Gecko; compatible; ClaudeBot/1.0; +claudebot@anthropic.com)"
74.7.227.152 - - [26/Sep/2026:10:22:36 +0900] "GET /dp/bdb559227972?chmod=%2Fvar%2Fwww%2Fvhosts%2Fw825.jpnsv.net%2Fa-teaminc.jp%2Fwp-admin%2Ftheme-install.php HTTP/1.0" 200 13929 "https://www.a-teaminc.jp/dp/bdb559227972?lph=%2Fvar%2Fwww%2Fvhosts%2Fw825.jpnsv.net%2Fa-teaminc.jp%2Fwp-admin" "Mozilla/5.0 AppleWebKit/537.36 (KHTML, like Gecko; compatible; GPTBot/1.4; +https://openai.com/gptbot)"
216.73.216.115 - - [26/Sep/2026:10:22:37 +0900] "GET /]W%60%EF%BF%BD%EF%BF%BD6%EF%BF%BD%EF%BF%BD%EF%BF%BD?rename=%2Fvar%2Fwww%2Fvhosts%2Fw825.jpnsv.net%2Fa-teaminc.jp%2Fwp-admin%2Fjs%2Fupdates.js HTTP/1.0" 200 13892 "-" "Mozilla/5.0 AppleWebKit/537.36 (KHTML, like Gecko; compatible; ClaudeBot/1.0; +claudebot@anthropic.com)"
216.73.216.115 - - [26/Sep/2026:10:22:37 +0900] "GET /]W%60%EF%BF%BD%EF%BF%BD6%EF%BF%BD%EF%BF%BD%EF%BF%BD?rename=%2Fvar%2Fwww%2Fvhosts%2Fw825.jpnsv.net%2Fa-teaminc.jp%2Fwordpress%2Fwp-includes%2Fimages%2Ficon-library%2Fcreate.svg HTTP/1.0" 200 13926 "-" "Mozilla/5.0 AppleWebKit/537.36 (KHTML, like Gecko; compatible; ClaudeBot/1.0; +claudebot@anthropic.com)"
74.7.243.237 - - [26/Sep/2026:10:22:37 +0900] "GET /?chmod=%2Fvar%2Fwww%2Fvhosts%2Fw825.jpnsv.net%2Fa-teaminc.jp%2Fwordpress%2Fwp-includes%2Fimages%2Fxit.gif HTTP/1.0" 200 13943 "https://a-teaminc.jp/?lph=%2Fvar%2Fwww%2Fvhosts%2Fw825.jpnsv.net%2Fa-teaminc.jp%2Fwordpress%2Fwp-includes%2Fimages" "Mozilla/5.0 AppleWebKit/537.36 (KHTML, like Gecko; compatible; GPTBot/1.4; +https://openai.com/gptbot)"
144.76.32.117 - - [26/Sep/2026:10:22:37 +0900] "GET /dp/d051a8377874?lph=/var/www/vhosts/w825.jpnsv.net/a-teaminc.jp/pdf HTTP/1.0" 200 91765 "-" "Mozilla/5.0 (compatible; SERankingBacklinksBot/1.0; +https://seranking.com/backlinks-crawler)"
216.73.216.115 - - [26/Sep/2026:10:22:37 +0900] "GET /dp/]W%60%EF%BF%BD%EF%BF%BD6%EF%BF%BD%EF%BF%BD%EF%BF%BD?edit=%2Fvar%2Fwww%2Fvhosts%2Fw825.jpnsv.net%2Fusr%2Fbin%2Fvi HTTP/1.0" 200 1506260 "-" "Mozilla/5.0 AppleWebKit/537.36 (KHTML, like Gecko; compatible; ClaudeBot/1.0; +claudebot@anthropic.com)"
216.73.216.115 - - [26/Sep/2026:10:22:37 +0900] "GET /dp/]W%60%EF%BF%BD%EF%BF%BD6%EF%BF%BD%EF%BF%BD%EF%BF%BD?rename=%2Fvar%2Fwww%2Fvhosts%2Fw825.jpnsv.net%2Fa-teaminc.jp%2Fcgi%2Fmailform%2Fpostcodes HTTP/1.0" 200 13891 "-" "Mozilla/5.0 AppleWebKit/537.36 (KHTML, like Gecko; compatible; ClaudeBot/1.0; +claudebot@anthropic.com)"
216.73.216.115 - - [26/Sep/2026:10:22:37 +0900] "GET /]W%60%EF%BF%BD%EF%BF%BD6%EF%BF%BD%EF%BF%BD%EF%BF%BD?edit=%2Fvar%2Fwww%2Fvhosts%2Fw825.jpnsv.net%2Fa-teaminc.jp%2Fetccccccc%2Fwp-content%2Flanguages-old%2Fadmin-tr_TR.mo HTTP/1.0" 200 565231 "-" "Mozilla/5.0 AppleWebKit/537.36 (KHTML, like Gecko; compatible; ClaudeBot/1.0; +claudebot@anthropic.com)"
216.73.216.115 - - [26/Sep/2026:10:22:37 +0900] "GET /]W%60%EF%BF%BD%EF%BF%BD6%EF%BF%BD%EF%BF%BD%EF%BF%BD?edit=%2Fvar%2Fwww%2Fvhosts%2Fw825.jpnsv.net%2Fa-teaminc.jp%2Fwp-content%2Flanguages%2Fcontinents-cities-pl_PL.l10n.php HTTP/1.0" 200 38755 "-" "Mozilla/5.0 AppleWebKit/537.36 (KHTML, like Gecko; compatible; ClaudeBot/1.0; +claudebot@anthropic.com)"
74.7.227.152 - - [26/Sep/2026:10:22:37 +0900] "GET /dp/9791ea507888?edit=%2Fvar%2Fwww%2Fvhosts%2Fw825.jpnsv.net%2Fa-teaminc.jp%2Fwp-admin%2Ftheme-install.php HTTP/1.0" 200 45424 "https://www.a-teaminc.jp/dp/9791ea507888?lph=%2Fvar%2Fwww%2Fvhosts%2Fw825.jpnsv.net%2Fa-teaminc.jp%2Fwp-admin" "Mozilla/5.0 AppleWebKit/537.36 (KHTML, like Gecko; compatible; GPTBot/1.4; +https://openai.com/gptbot)"
216.73.216.115 - - [26/Sep/2026:10:22:37 +0900] "GET /dp/]W%60%EF%BF%BD%EF%BF%BD6%EF%BF%BD%EF%BF%BD%EF%BF%BD?edit=%2Fvar%2Fwww%2Fvhosts%2Fw825.jpnsv.net%2Fa-teaminc.jp%2Fcgi%2F........1nd3x.php HTTP/1.0" 200 17056 "-" "Mozilla/5.0 AppleWebKit/537.36 (KHTML, like Gecko; compatible; ClaudeBot/1.0; +claudebot@anthropic.com)"
74.7.243.237 - - [26/Sep/2026:10:22:37 +0900] "GET /?edit=%2Fvar%2Fwww%2Fvhosts%2Fw825.jpnsv.net%2Fa-teaminc.jp%2Fwordpress%2Fwp-includes%2Fimages%2Fdown_arrow.gif HTTP/1.0" 200 14115 "https://a-teaminc.jp/?lph=%2Fvar%2Fwww%2Fvhosts%2Fw825.jpnsv.net%2Fa-teaminc.jp%2Fwordpress%2Fwp-includes%2Fimages" "Mozilla/5.0 AppleWebKit/537.36 (KHTML, like Gecko; compatible; GPTBot/1.4; +https://openai.com/gptbot)"
216.73.216.115 - - [26/Sep/2026:10:22:37 +0900] "GET /dp/]W%60%EF%BF%BD%EF%BF%BD6%EF%BF%BD%EF%BF%BD%EF%BF%BD?rename=%2Fvar%2Fwww%2Fvhosts%2Fw825.jpnsv.net%2Fa-teaminc.jp%2Fimage%2F3d17.php HTTP/1.0" 200 13880 "-" "Mozilla/5.0 AppleWebKit/537.36 (KHTML, like Gecko; compatible; ClaudeBot/1.0; +claudebot@anthropic.com)"
216.73.216.115 - - [26/Sep/2026:10:22:37 +0900] "GET /dp/]W%60%EF%BF%BD%EF%BF%BD6%EF%BF%BD%EF%BF%BD%EF%BF%BD?rename=%2Fvar%2Fwww%2Fvhosts%2Fw825.jpnsv.net%2Fa-teaminc.jp%2Fwp-content%2Fplugins%2Fnewpost-catch%2F%281%4055.php HTTP/1.0" 200 13913 "-" "Mozilla/5.0 AppleWebKit/537.36 (KHTML, like Gecko; compatible; ClaudeBot/1.0; +claudebot@anthropic.com)"
216.73.216.115 - - [26/Sep/2026:10:22:37 +0900] "GET /dp/]W%60%EF%BF%BD%EF%BF%BD6%EF%BF%BD%EF%BF%BD%EF%BF%BD?chmod=%2Fvar%2Fwww%2Fvhosts%2Fw825.jpnsv.net%2Fsbin HTTP/1.0" 200 13890 "-" "Mozilla/5.0 AppleWebKit/537.36 (KHTML, like Gecko; compatible; ClaudeBot/1.0; +claudebot@anthropic.com)"
216.73.216.115 - - [26/Sep/2026:10:22:37 +0900] "GET /]W%60%EF%BF%BD%EF%BF%BD6%EF%BF%BD%EF%BF%BD%EF%BF%BD?edit=%2Fvar%2Fwww%2Fvhosts%2Fw825.jpnsv.net%2Fa-teaminc.jp%2Fwp-includes%2Fimages%2F.....1nd3x.php HTTP/1.0" 200 17073 "-" "Mozilla/5.0 AppleWebKit/537.36 (KHTML, like Gecko; compatible; ClaudeBot/1.0; +claudebot@anthropic.com)"
216.73.216.115 - - [26/Sep/2026:10:22:38 +0900] "GET /]W%60%EF%BF%BD%EF%BF%BD6%EF%BF%BD%EF%BF%BD%EF%BF%BD?rename=%2Fvar%2Fwww%2Fvhosts%2Fw825.jpnsv.net%2Fa-teaminc.jp%2Fwp-content%2Fuploads%2F2025%2F06%2F1nd3x.php HTTP/1.0" 200 13909 "-" "Mozilla/5.0 AppleWebKit/537.36 (KHTML, like Gecko; compatible; ClaudeBot/1.0; +claudebot@anthropic.com)"
216.73.216.115 - - [26/Sep/2026:10:22:38 +0900] "GET /dp/]W%60%EF%BF%BD%EF%BF%BD6%EF%BF%BD%EF%BF%BD%EF%BF%BD?chmod=%2Fvar%2Fwww%2Fvhosts%2Fw825.jpnsv.net%2Fa-teaminc.jp%2Fwp-admin%2Fincludes%2F.........4dm1n3r.php HTTP/1.0" 200 13943 "-" "Mozilla/5.0 AppleWebKit/537.36 (KHTML, like Gecko; compatible; ClaudeBot/1.0; +claudebot@anthropic.com)"
216.73.216.115 - - [26/Sep/2026:10:22:38 +0900] "GET /]W%60%EF%BF%BD%EF%BF%BD6%EF%BF%BD%EF%BF%BD%EF%BF%BD?rename=%2Fvar%2Fwww%2Fvhosts%2Fw825.jpnsv.net%2Fa-teaminc.jp%2Fwp-content%2Fthemes%2Ftwentytwentyone%2Fimage.php HTTP/1.0" 200 13914 "-" "Mozilla/5.0 AppleWebKit/537.36 (KHTML, like Gecko; compatible; ClaudeBot/1.0; +claudebot@anthropic.com)"
74.7.243.237 - - [26/Sep/2026:10:22:38 +0900] "GET /?chmod=%2Fvar%2Fwww%2Fvhosts%2Fw825.jpnsv.net%2Fa-teaminc.jp%2Fwordpress%2Fwp-includes%2Fblocks%2Ftag-cloud HTTP/1.0" 200 13945 "https://a-teaminc.jp/?lph=%2Fvar%2Fwww%2Fvhosts%2Fw825.jpnsv.net%2Fa-teaminc.jp%2Fwordpress%2Fwp-includes%2Fblocks" "Mozilla/5.0 AppleWebKit/537.36 (KHTML, like Gecko; compatible; GPTBot/1.4; +https://openai.com/gptbot)"
74.7.227.152 - - [26/Sep/2026:10:22:38 +0900] "GET /dp/2faf75211290?edit=%2Fvar%2Fwww%2Fvhosts%2Fw825.jpnsv.net%2Fa-teaminc.jp%2Fwp-admin%2Ftheme-install.php HTTP/1.0" 200 45453 "https://www.a-teaminc.jp/dp/2faf75211290?lph=%2Fvar%2Fwww%2Fvhosts%2Fw825.jpnsv.net%2Fa-teaminc.jp%2Fwp-admin" "Mozilla/5.0 AppleWebKit/537.36 (KHTML, like Gecko; compatible; GPTBot/1.4; +https://openai.com/gptbot)"
216.73.216.115 - - [26/Sep/2026:10:22:38 +0900] "GET /]W%60%EF%BF%BD%EF%BF%BD6%EF%BF%BD%EF%BF%BD%EF%BF%BD?lph=%2Fvar%2Fwww%2Fvhosts%2Fw825.jpnsv.net%2Fa-teaminc.jp%2Fetccccccc%2Fwp-includes%2Fsodium_compat HTTP/1.0" 200 104610 "-" "Mozilla/5.0 AppleWebKit/537.36 (KHTML, like Gecko; compatible; ClaudeBot/1.0; +claudebot@anthropic.com)"
216.73.216.115 - - [26/Sep/2026:10:22:38 +0900] "GET /]W%60%EF%BF%BD%EF%BF%BD6%EF%BF%BD%EF%BF%BD%EF%BF%BD?lph=%2Fvar%2Fwww%2Fvhosts%2Fw825.jpnsv.net%2Fa-teaminc.jp%2Fwordpress%2Fwp-admin%2Fmaint HTTP/1.0" 200 94044 "-" "Mozilla/5.0 AppleWebKit/537.36 (KHTML, like Gecko; compatible; ClaudeBot/1.0; +claudebot@anthropic.com)"
216.73.216.115 - - [26/Sep/2026:10:22:38 +0900] "GET /dp/]W%60%EF%BF%BD%EF%BF%BD6%EF%BF%BD%EF%BF%BD%EF%BF%BD?chmod=%2Fvar%2Fwww%2Fvhosts%2Fw825.jpnsv.net%2Fa-teaminc.jp%2Fwp-content%2Flanguages%2Fadmin-uk.mo HTTP/1.0" 200 13937 "-" "Mozilla/5.0 AppleWebKit/537.36 (KHTML, like Gecko; compatible; ClaudeBot/1.0; +claudebot@anthropic.com)"
216.73.216.115 - - [26/Sep/2026:10:22:38 +0900] "GET /]W%60%EF%BF%BD%EF%BF%BD6%EF%BF%BD%EF%BF%BD%EF%BF%BD?lph=%2Fvar%2Fwww%2Fvhosts%2Fw825.jpnsv.net%2Fa-teaminc.jp%2Fimage%2Fsecurity%2Fcamera HTTP/1.0" 200 118288 "-" "Mozilla/5.0 AppleWebKit/537.36 (KHTML, like Gecko; compatible; ClaudeBot/1.0; +claudebot@anthropic.com)"
74.7.243.237 - - [26/Sep/2026:10:22:38 +0900] "GET /?lph=%2Fvar%2Fwww%2Fvhosts%2Fw825.jpnsv.net%2Fa-teaminc.jp%2Fwordpress%2Fwp-includes%2Fblocks%2Ftag-cloud HTTP/1.0" 200 101852 "https://a-teaminc.jp/?lph=%2Fvar%2Fwww%2Fvhosts%2Fw825.jpnsv.net%2Fa-teaminc.jp%2Fwordpress%2Fwp-includes%2Fblocks" "Mozilla/5.0 AppleWebKit/537.36 (KHTML, like Gecko; compatible; GPTBot/1.4; +https://openai.com/gptbot)"
